{"id":377,"date":"2023-04-05T15:35:50","date_gmt":"2023-04-05T08:35:50","guid":{"rendered":"https:\/\/mauweb.tamnguyen.vn\/thucphamchucnang6\/?post_type=product&#038;p=377"},"modified":"2023-04-05T16:12:38","modified_gmt":"2023-04-05T09:12:38","slug":"vien-uong-dinh-duong-yo-healthy","status":"publish","type":"product","link":"https:\/\/mauweb.tamnguyen.vn\/thucphamchucnang6\/vien-uong-dinh-duong-yo-healthy\/","title":{"rendered":"Vi\u00ean u\u1ed1ng dinh d\u01b0\u1ee1ng Yo Healthy"},"content":{"rendered":"<p>Ai c\u0169ng ngh\u0129 ch\u1ec9 c\u00f3 ng\u01b0\u1eddi th\u1eeba c\u00e2n m\u1edbi c\u1ea3m th\u1ea5y \u0111au kh\u1ed5, nh\u01b0ng th\u1ef1c ra, nh\u1eefng ng\u01b0\u1eddi g\u1ea7y g\u00f2, \u1ed1m y\u1ebfu, \u0103n m\u00e3i kh\u00f4ng th\u1ec3 l\u00ean c\u00e2n c\u0169ng ph\u1ea3i tr\u1ea3i qua c\u1ea3m gi\u00e1c \u0111au kh\u1ed5 kh\u00f4ng h\u1ec1 k\u00e9m g\u00ec. S\u1ef1 xanh xao, m\u1ec7t m\u1ecfi th\u01b0\u1eddng xuy\u00ean xu\u1ea5t hi\u1ec7n tr\u00ean g\u01b0\u01a1ng m\u1eb7t c\u1ee7a nh\u1eefng c\u00f2 h\u01b0\u01a1ng, d\u01b0\u1eddng nh\u01b0 \u0111ang h\u00fat c\u1ea1n \u0111i n\u0103ng l\u01b0\u1ee3ng v\u00e0 sinh l\u1ef1c s\u1ed1ng c\u1ee7a h\u1ecd.<\/p>\n<p>N\u1ebfu nh\u01b0, nh\u1eefng ng\u01b0\u1eddi th\u1eeba c\u00e2n mu\u1ed1n \u0103n nh\u01b0ng kh\u00f4ng th\u1ec3 \u0103n, th\u00ec v\u1edbi ng\u01b0\u1eddi g\u1ea7y l\u1ea1i ch\u1eb3ng c\u00f3 c\u1ea3m gi\u00e1c h\u1ee9ng th\u00fa g\u00ec v\u1edbi vi\u1ec7c \u0103n u\u1ed1ng. Nh\u01b0 m\u1ed9t h\u1ec7 qu\u1ea3 t\u1ea5t y\u1ebfu c\u1ee7a vi\u1ec7c n\u1ea1p thi\u1ebfu th\u1ee9c \u0103n h\u00e0ng ng\u00e0y, nh\u1eefng th\u00e2n h\u00ecnh v\u1ed1n \u0111\u00e3 xanh xao l\u1ea1i c\u00e0ng tr\u1edf l\u00ean xanh xao, c\u01a1 th\u1ec3 h\u00e9o \u00faa khi\u1ebfn h\u1ecd ch\u1eb3ng c\u00f2n h\u1ee9ng th\u00fa l\u00e0m vi\u1ec7c v\u00e0 t\u1eadn h\u01b0\u1edfng cu\u1ed9c s\u1ed1ng.<\/p>\n<p>Th\u1ea5u hi\u1ec3u n\u1ed7i th\u1ed1ng kh\u1ed5 c\u1ee7a m\u1ed9t c\u00f2 h\u01b0\u01a1ng kh\u00e1t khao c\u00f3 \u0111\u01b0\u1ee3c c\u01a1 th\u1ec3 \u0111\u1ea7y \u0111\u1eb7n, kho\u1ebb m\u1ea1nh \u0111\u1ec3 t\u1eadn h\u01b0\u1edfng cu\u1ed9c s\u1ed1ng. B.O.T \u0111\u00e3 d\u00e0y c\u00f4ng nghi\u00ean c\u1ee9u v\u00e0 cho ra \u0111\u1eddi d\u00f2ng s\u1ea3n ph\u1ea9m\u00a0<strong>vi\u00ean dinh d\u01b0\u1ee1ng Yo Heathy<\/strong>, 100% \u0111\u01b0\u1ee3c chi\u1ebft xu\u1ea5t t\u1eeb nh\u1eefng l\u1ecdai d\u01b0\u1ee1ng ch\u1ea5t qu\u00fd c\u00f3 trong t\u1ef1 nhi\u00ean. Nh\u1eb1m k\u00edch th\u00edch c\u01a1 \u0111\u1ecba c\u00f2 h\u01b0\u01a1ng \u0103n ngon ng\u1ee7 ngon v\u00e0 t\u0103ng c\u00e2n t\u1ef1 nhi\u00ean, c\u01a1 th\u1ec3 kho\u1ebb m\u1ea1nh b\u1ec1n v\u1eefng kh\u00f4ng h\u1ec1 s\u1ee5t c\u00e2n tr\u1edf l\u1ea1i.<\/p>\n<p><strong>Vi\u00ean dinh d\u01b0\u1ee1ng Yo Healthy \u2013 C\u0103ng tr\u00e0n nh\u1ef1a s\u1ed1ng<\/strong><\/p>\n<p>Khi b\u1ecb th\u1eddi gian l\u00e0m b\u00e0o m\u00f2n c\u00e1i s\u1ef1 t\u01b0\u01a1i tr\u1ebb v\u00e0 h\u00fat c\u1ea1n n\u0103ng l\u01b0\u1ee3ng s\u1ed1ng s\u1ebd hi\u1ec3n th\u1ecb th\u1eadt r\u00f5 r\u00e0ng \u1edf nh\u1eefng c\u01a1 \u0111\u1ecba g\u1ea7y gu\u1ed9c, xanh xao v\u00e0 thi\u1ebfu s\u1ee9c s\u1ed1ng. Ngo\u00e0i nh\u1eefng b\u1ec7nh l\u00fd k\u00e9m \u0103n, ti\u00eau ho\u00e1 kh\u00f4ng t\u1ed1t th\u00ec th\u1ec3 tr\u1ea1ng g\u1ea7y g\u00f2 g\u00e2y \u1ea3nh h\u01b0\u1edfng nhi\u1ec1u \u0111\u1ebfn s\u1ee9c kho\u1ebb tinh th\u1ea7n v\u00e0 s\u1ef1 t\u1eadp trung suy gi\u1ea3m.<\/p>\n<p>Vi\u00ean dinh d\u01b0\u1ee1ng Yo Healthy \u0111\u01b0\u1ee3c chi\u1ebft xu\u1ea5t t\u1eeb nh\u1eefng lo\u1ea1i d\u01b0\u1ee1ng ch\u1ea5t qu\u00fd c\u00f3 trong t\u1ef1 nhi\u00ean. H\u1ea7u h\u1ebft \u0111\u1ec1u l\u00e0 nh\u1eefng s\u1ea3n ph\u1ea9m c\u00f3 rung \u0111\u1ed9ng cao v\u1edbi m\u1eb9 \u0111\u1ea5t v\u00e0 thi\u00ean nhi\u00ean gi\u00fap c\u1ea3i thi\u1ec7n t\u00ecnh tr\u1ea1ng suy ki\u1ec7t, ph\u1ee5c h\u1ed3i kh\u1ea3 n\u0103ng v\u1eadn \u0111\u1ed9ng v\u00e0 h\u1ed7 tr\u1ee3 \u0111i\u1ec1u ch\u1ec9nh c\u00e2n n\u1eb7ng hi\u1ec7u qu\u1ea3.<\/p>\n<p><img loading=\"lazy\" decoding=\"async\" class=\"aligncenter wp-image-378 size-full\" src=\"https:\/\/mauweb.tamnguyen.vn\/thucphamchucnang6\/wp-content\/uploads\/2023\/04\/vien-dinh-duong-yo-healthy-1.jpeg\" alt=\"\" width=\"840\" height=\"611\" srcset=\"https:\/\/mauweb.tamnguyen.vn\/thucphamchucnang6\/wp-content\/uploads\/2023\/04\/vien-dinh-duong-yo-healthy-1.jpeg 840w, https:\/\/mauweb.tamnguyen.vn\/thucphamchucnang6\/wp-content\/uploads\/2023\/04\/vien-dinh-duong-yo-healthy-1-300x218.jpeg 300w, https:\/\/mauweb.tamnguyen.vn\/thucphamchucnang6\/wp-content\/uploads\/2023\/04\/vien-dinh-duong-yo-healthy-1-768x559.jpeg 768w, https:\/\/mauweb.tamnguyen.vn\/thucphamchucnang6\/wp-content\/uploads\/2023\/04\/vien-dinh-duong-yo-healthy-1-600x436.jpeg 600w\" sizes=\"auto, (max-width: 840px) 100vw, 840px\" \/><\/p>\n<h2 id=\"ftoc-heading-2\" class=\"ftwp-heading\">Th\u00e0nh ph\u1ea7n v\u00e0 l\u1ee3i \u00edch Yo Healthy mang l\u1ea1i<\/h2>\n<h4 id=\"ftoc-heading-3\" class=\"ftwp-heading\"><strong>1. \u0110\u00f4ng tr\u00f9ng h\u1ea1 th\u1ea3o<\/strong><\/h4>\n<p>Chi\u1ebft xu\u1ea5t \u0111\u00f4ng tr\u00f9ng h\u1ea1 th\u1ea3o c\u00f3 kh\u1ea3 n\u0103ng k\u00edch th\u00edch s\u1ea3n sinh t\u1ebf b\u00e0o b\u1ea1ch c\u1ea7u gi\u00fap t\u0103ng h\u1ec7 mi\u1ec5n d\u1ecbch, t\u0103ng \u0111\u1ec1 kh\u00e1ng ch\u1ed1ng l\u1ea1i c\u00e1c virus g\u00e2y b\u1ec7nh. B\u00ean c\u1ea1nh \u0111\u00f3, h\u1ee3p ch\u1ea5t polysaccharides v\u00e0 cordycepin c\u00f3 kh\u1ea3 n\u0103ng th\u00fac \u0111\u1ea9y qu\u00e1 tr\u00ecnh th\u1ea3i \u0111\u1ed9c gan, gi\u00fap cho c\u01a1 th\u1ec3 d\u1ec5 d\u00e0ng \u0111\u01b0\u1ee3c thanh l\u1ecdc v\u00e0 t\u0103ng kh\u1ea3 n\u0103ng h\u1ea5p th\u1ee5 dinh d\u01b0\u1ee1ng.<\/p>\n<h4 id=\"ftoc-heading-4\" class=\"ftwp-heading\"><strong>2. N\u1ea5m linh xanh<\/strong><\/h4>\n<p>D\u01b0\u1ee3c ch\u1ea5t Germanium c\u00f3 trong n\u1ea5m lim xanh gi\u00fap c\u1ee7ng c\u1ed1 h\u1ec7 mi\u1ec5n d\u1ecbch, t\u0103ng c\u01b0\u1eddng hi\u1ec7u qu\u1ea3 trao \u0111\u1ed5i ch\u1ea5t, t\u0103ng tu\u1ea7n ho\u00e0n v\u00e0 t\u0103ng oxy trong m\u00e1u gi\u00fap cho c\u01a1 th\u1ec3 ph\u1ee5c h\u1ed3i t\u1ed1t v\u00e0 ph\u00f2ng tr\u00e1nh c\u00e1c b\u1ec7nh li\u00ean quan t\u1edbi mi\u1ec5n d\u1ecbch, h\u1ec7 th\u1ea7n kinh, tr\u1ea7m c\u1ea3m.<\/p>\n<h4 id=\"ftoc-heading-5\" class=\"ftwp-heading\"><strong>3. T\u00e2m sen<\/strong><\/h4>\n<p>T\u00e2m sen c\u00f3 v\u1ecb \u0111\u1eafng, t\u00ednh l\u1ea1nh n\u00ean gi\u00fap h\u1ea1 h\u1ecfa, nh\u1edd \u0111\u00f3 l\u00e0m ti\u00eau tan c\u0103ng th\u1eb3ng, ch\u1eefa m\u1ea5t ng\u1ee7, gi\u00fap ng\u1ee7 s\u00e2u v\u00e0 ngon h\u01a1n. T\u00e2m sen gi\u00fap h\u1ed7 tr\u1ee3 gi\u1ea3m c\u0103ng th\u1eb3ng v\u00e0 h\u1ed7 tr\u1ee3 ch\u1ed1ng tr\u1ea7m c\u1ea3m k\u00e9o d\u00e0i.<\/p>\n<h4 id=\"ftoc-heading-6\" class=\"ftwp-heading\"><strong>4. L\u1ea1c ti\u00ean\u00a0<\/strong><\/h4>\n<p>Chi\u1ebft xu\u1ea5t alcaloid ch\u1ee9a trong th\u00e0nh ph\u1ea7n l\u1ea1c ti\u00ean c\u00f3 th\u1ec3 gi\u00fap k\u00ecm h\u00e3m s\u1ef1 ho\u1ea1t \u0111\u1ed9ng c\u1ee7a cafein gi\u00fap cho m\u1ecdi ng\u01b0\u1eddi c\u00f3 gi\u1ea5c ng\u1ee7 \u0111\u01b0\u1ee3c ngon h\u01a1n, \u0111\u1ed3ng th\u1eddi gi\u1ea3m \u0111\u01b0\u1ee3c stress c\u0169ng nh\u01b0 an th\u1ea7n hi\u1ec7u qu\u1ea3. Sau khi s\u1eed d\u1ee5ng l\u1ea1c ti\u00ean \u0111\u1ec3 ng\u01b0\u1eddi b\u1ec7nh c\u00f3 th\u1ec3 c\u1ea3i thi\u1ec7n \u0111\u01b0\u1ee3c ch\u1ea5t l\u01b0\u1ee3ng gi\u1ea5c ng\u1ee7, ng\u1ee7 s\u00e2u h\u01a1n v\u00e0 ng\u1ee7 s\u1ebd ngon h\u01a1n.<\/p>\n<h4 id=\"ftoc-heading-7\" class=\"ftwp-heading\"><strong>5. Vitamin<\/strong><\/h4>\n<p>Ngo\u00e0i ra, c\u00e1c nh\u00f3m vitamin nh\u00f3m B chi\u1ebft xu\u1ea5t t\u1ef1 nhi\u00ean s\u1ebd gi\u00fap th\u00fac \u0111\u1ea9y qu\u00e1 tr\u00ecnh h\u1ea5p thu dinh d\u01b0\u1ee1ng, c\u1ea3i thi\u1ec7n kh\u1ea3 n\u0103ng ti\u00eau ho\u00e1 v\u00e0 \u0111\u1ea1t hi\u1ec7u qu\u1ea3 cao trong vi\u1ec7c c\u1ea3i thi\u1ec7n c\u00e2n n\u1eb7ng.<\/p>\n<h4 id=\"ftoc-heading-8\" class=\"ftwp-heading\"><strong>6. Lysine<\/strong><\/h4>\n<p>Th\u00e0nh ph\u1ea7n lysine k\u00edch th\u00edch kh\u1ea9u v\u1ecb, gi\u00fap \u0103n ngon mi\u1ec7ng v\u00e0 \u0103n \u0111\u01b0\u1ee3c nhi\u1ec1u h\u01a1n khi\u1ebfn cho qu\u00e1 tr\u00ecnh c\u1ea3i thi\u1ec7n c\u00e2n n\u1eb7ng di\u1ec5n ra thu\u1eadn l\u1ee3i v\u00e0 \u0111\u1ea1t hi\u1ec7u qu\u1ea3 cao.<\/p>\n<p><img loading=\"lazy\" decoding=\"async\" class=\"aligncenter wp-image-379 size-full\" src=\"https:\/\/mauweb.tamnguyen.vn\/thucphamchucnang6\/wp-content\/uploads\/2023\/04\/yo-healthy-bot.jpeg\" alt=\"\" width=\"840\" height=\"512\" srcset=\"https:\/\/mauweb.tamnguyen.vn\/thucphamchucnang6\/wp-content\/uploads\/2023\/04\/yo-healthy-bot.jpeg 840w, https:\/\/mauweb.tamnguyen.vn\/thucphamchucnang6\/wp-content\/uploads\/2023\/04\/yo-healthy-bot-300x183.jpeg 300w, https:\/\/mauweb.tamnguyen.vn\/thucphamchucnang6\/wp-content\/uploads\/2023\/04\/yo-healthy-bot-768x468.jpeg 768w, https:\/\/mauweb.tamnguyen.vn\/thucphamchucnang6\/wp-content\/uploads\/2023\/04\/yo-healthy-bot-600x366.jpeg 600w\" sizes=\"auto, (max-width: 840px) 100vw, 840px\" \/><\/p>\n<p>V\u00ec v\u1eady, \u0111\u1ec3 t\u0103ng c\u01b0\u1eddng t\u0103ng c\u00e2n an to\u00e0n, b\u1ea1n n\u00ean t\u0103ng c\u00e2n b\u1eb1ng c\u00e1c lo\u1ea1i dinh d\u01b0\u1ee1ng t\u1eeb c\u00e1c lo\u1ea1i th\u1ef1c ph\u1ea9m kh\u00e1c nhau. Dung n\u1ea1p d\u01b0\u1ee1ng ch\u1ea5t v\u00e0o c\u01a1 th\u1ec3 t\u1eeb t\u1eeb \u0111\u1ec3 ch\u00fang k\u1ecbp h\u1ea5p th\u1ee5 v\u00e0 chuy\u1ec3n ho\u00e1 sang c\u01a1 b\u1eafp kho\u1ebb m\u1ea1nh nh\u00e9.<\/p>\n<h3 id=\"ftoc-heading-17\" class=\"ftwp-heading\">L\u1eddi khuy\u00ean h\u1eefu \u00edch<\/h3>\n<p>\u0110\u1ed1i v\u1edbi nh\u1eefng b\u1ea1n c\u00f3 nhu c\u1ea7u t\u0103ng c\u00e2n, c\u00f3 th\u1ec3 tham kh\u1ea3o 2 d\u00f2ng s\u1ea3n ph\u1ea9m h\u1ed7 tr\u1ee3 dinh d\u01b0\u1ee1ng, gi\u00fap t\u0103ng c\u00e2n l\u00e0 Yo Healthy v\u00e0 Yo Farm.<\/p>\n<p>S\u1ea3n ph\u1ea9m Yo Healthy \u0111\u01b0\u1ee3c chi\u1ebft xu\u1ea5t t\u1eeb \u0111\u00f4ng tr\u00f9ng h\u1ea1 th\u1ea3o, t\u00e2m sen v\u00e0 n\u1ea5m linh xanh gi\u00fap k\u00edch th\u00edch th\u1ea3i \u0111\u1ed9c, \u0103n ngon ng\u1ee7 ngon, t\u0103ng c\u01b0\u1eddng qu\u00e1 tr\u00ecnh ti\u00eau ho\u00e1 v\u00e0 h\u1ea5p th\u1ee5 dinh d\u01b0\u1ee1ng n\u1ea1p v\u00e0o c\u01a1 th\u1ec3.<\/p>\n<p>C\u00f2n v\u1edbi s\u1ea3n ph\u1ea9m\u00a0s\u1eefa si\u00eau h\u1ea1t Yo Farm, \u0111\u01b0\u1ee3c ch\u1ebf bi\u1ebfn t\u1eeb nh\u1eefng lo\u1ea1i h\u1ea1t si\u00eau dinh d\u01b0\u1ee1ng nh\u1ea5t nh\u01b0 h\u1ea1y macca, \u00f3c ch\u00f3, h\u1ea1nh nh\u00e2n, y\u1ebfn m\u1ea1nh s\u1ebd \u0111\u1ea3m b\u1ea3o ngu\u1ed3n cung d\u01b0\u1ee1ng ch\u1ea5t tuy\u1ec7t v\u1eddi cho c\u01a1 th\u1ec3, h\u1ed7 tr\u1ee3 cho qu\u00e1 tr\u00ecnh t\u0103ng c\u00e2n b\u1ec1n v\u1eefng, an to\u00e0n cho b\u1ea1n.<\/p>\n","protected":false},"excerpt":{"rendered":"<p>Vi\u00ean dinh d\u01b0\u1ee1ng Yo Healthy \u0111\u01b0\u1ee3c chi\u1ebft xu\u1ea5t t\u1eeb nh\u1eefng lo\u1ea1i d\u01b0\u1ee1ng ch\u1ea5t qu\u00fd c\u00f3 trong t\u1ef1 nhi\u00ean. H\u1ea7u h\u1ebft \u0111\u1ec1u l\u00e0 nh\u1eefng s\u1ea3n ph\u1ea9m c\u00f3 rung \u0111\u1ed9ng cao v\u1edbi m\u1eb9 \u0111\u1ea5t v\u00e0 thi\u00ean nhi\u00ean gi\u00fap c\u1ea3i thi\u1ec7n t\u00ecnh tr\u1ea1ng suy ki\u1ec7t, ph\u1ee5c h\u1ed3i kh\u1ea3 n\u0103ng v\u1eadn \u0111\u1ed9ng v\u00e0 h\u1ed7 tr\u1ee3 \u0111i\u1ec1u ch\u1ec9nh c\u00e2n n\u1eb7ng hi\u1ec7u qu\u1ea3.<\/p>\n","protected":false},"featured_media":340,"comment_status":"open","ping_status":"closed","template":"","meta":[],"product_brand":[],"product_cat":[18],"product_tag":[],"class_list":{"0":"post-377","1":"product","2":"type-product","3":"status-publish","4":"has-post-thumbnail","6":"product_cat-san-pham","8":"first","9":"instock","10":"sale","11":"shipping-taxable","12":"purchasable","13":"product-type-simple"},"_links":{"self":[{"href":"https:\/\/mauweb.tamnguyen.vn\/thucphamchucnang6\/wp-json\/wp\/v2\/product\/377","targetHints":{"allow":["GET"]}}],"collection":[{"href":"https:\/\/mauweb.tamnguyen.vn\/thucphamchucnang6\/wp-json\/wp\/v2\/product"}],"about":[{"href":"https:\/\/mauweb.tamnguyen.vn\/thucphamchucnang6\/wp-json\/wp\/v2\/types\/product"}],"replies":[{"embeddable":true,"href":"https:\/\/mauweb.tamnguyen.vn\/thucphamchucnang6\/wp-json\/wp\/v2\/comments?post=377"}],"wp:featuredmedia":[{"embeddable":true,"href":"https:\/\/mauweb.tamnguyen.vn\/thucphamchucnang6\/wp-json\/wp\/v2\/media\/340"}],"wp:attachment":[{"href":"https:\/\/mauweb.tamnguyen.vn\/thucphamchucnang6\/wp-json\/wp\/v2\/media?parent=377"}],"wp:term":[{"taxonomy":"product_brand","embeddable":true,"href":"https:\/\/mauweb.tamnguyen.vn\/thucphamchucnang6\/wp-json\/wp\/v2\/product_brand?post=377"},{"taxonomy":"product_cat","embeddable":true,"href":"https:\/\/mauweb.tamnguyen.vn\/thucphamchucnang6\/wp-json\/wp\/v2\/product_cat?post=377"},{"taxonomy":"product_tag","embeddable":true,"href":"https:\/\/mauweb.tamnguyen.vn\/thucphamchucnang6\/wp-json\/wp\/v2\/product_tag?post=377"}],"curies":[{"name":"wp","href":"https:\/\/api.w.org\/{rel}","templated":true}]}}