{"id":21,"date":"2023-04-04T18:34:35","date_gmt":"2023-04-04T11:34:35","guid":{"rendered":"https:\/\/mauweb.tamnguyen.vn\/thucphamchucnang6\/?page_id=21"},"modified":"2023-04-05T23:10:02","modified_gmt":"2023-04-05T16:10:02","slug":"lien-he","status":"publish","type":"page","link":"https:\/\/mauweb.tamnguyen.vn\/thucphamchucnang6\/lien-he\/","title":{"rendered":"Li\u00ean h\u1ec7"},"content":{"rendered":"<div class=\"row row-anh-1\"  id=\"row-1884469399\">\n\n\t<div id=\"col-2059669306\" class=\"col small-12 large-12\"  >\n\t\t\t\t<div class=\"col-inner\"  >\n\t\t\t\n\t\t\t\n\t<div class=\"img has-hover x md-x lg-x y md-y lg-y\" id=\"image_947231120\">\n\t\t\t\t\t\t\t\t<div class=\"img-inner dark\" >\n\t\t\t<img loading=\"lazy\" decoding=\"async\" width=\"2174\" height=\"750\" src=\"https:\/\/mauweb.tamnguyen.vn\/thucphamchucnang6\/wp-content\/uploads\/2023\/04\/slider02.webp\" class=\"attachment-original size-original\" alt=\"\" srcset=\"https:\/\/mauweb.tamnguyen.vn\/thucphamchucnang6\/wp-content\/uploads\/2023\/04\/slider02.webp 2174w, https:\/\/mauweb.tamnguyen.vn\/thucphamchucnang6\/wp-content\/uploads\/2023\/04\/slider02-300x103.webp 300w, https:\/\/mauweb.tamnguyen.vn\/thucphamchucnang6\/wp-content\/uploads\/2023\/04\/slider02-1024x353.webp 1024w, https:\/\/mauweb.tamnguyen.vn\/thucphamchucnang6\/wp-content\/uploads\/2023\/04\/slider02-768x265.webp 768w, https:\/\/mauweb.tamnguyen.vn\/thucphamchucnang6\/wp-content\/uploads\/2023\/04\/slider02-1536x530.webp 1536w, https:\/\/mauweb.tamnguyen.vn\/thucphamchucnang6\/wp-content\/uploads\/2023\/04\/slider02-2048x707.webp 2048w, https:\/\/mauweb.tamnguyen.vn\/thucphamchucnang6\/wp-content\/uploads\/2023\/04\/slider02-600x207.webp 600w\" sizes=\"auto, (max-width: 2174px) 100vw, 2174px\" \/>\t\t\t\t\t\t\n\t\t\t\t\t<\/div>\n\t\t\t\t\t\t\t\t\n<style>\n#image_947231120 {\n  width: 100%;\n}\n<\/style>\n\t<\/div>\n\t\n\t\t<\/div>\n\t\t\t\t\t<\/div>\n\n\t\n\n\t<div id=\"col-854994474\" class=\"col medium-6 small-12 large-6\"  >\n\t\t\t\t<div class=\"col-inner\"  >\n\t\t\t\n\t\t\t\n<div class=\"container section-title-container\" ><h2 class=\"section-title section-title-center\"><b><\/b><span class=\"section-title-main\" >Thi\u00ean Kim Group - Tr\u1ecdn v\u1eb9n t\u1eebng kho\u1ea3nh kh\u1eafc s\u1ed1ng<\/span><b><\/b><\/h2><\/div>\n<p style=\"text-align: center;\"><span style=\"font-size: 110%; color: #000080;\"><strong><em>\u201cThi\u00ean Kim Group lu\u00f4n n\u1ed7 l\u1ef1c mang \u0111\u1ebfn cho kh\u00e1ch h\u00e0ng nh\u1eefng s\u1ea3n ph\u1ea9m ch\u1ea5t l\u01b0\u1ee3ng v\u00e0 d\u1ecbch v\u1ee5 ch\u0103m s\u00f3c kh\u00e1ch h\u00e0ng t\u1eadn t\u00e2m nh\u1ea5t!\u201d<\/em><\/strong><\/span><\/p>\n<ul class=\"elementor-icon-list-items\">\n<li class=\"elementor-icon-list-item\"><span class=\"elementor-icon-list-text\" style=\"font-size: 105%;\"><strong>\u0110\u1ecba ch\u1ec9:<\/strong> L\u00f4 01 CTT04 &#8211; Luxury Ki\u1ebfn H\u01b0ng, P. Ki\u1ebfn H\u01b0ng, Q. H\u00e0 \u0110\u00f4ng, TP. H\u00e0 N\u1ed9i<\/span><\/li>\n<li><span class=\"elementor-icon-list-text\" style=\"font-size: 105%;\"><strong>Office:<\/strong> 278 B\u1ebfn V\u00e2n \u0110\u1ed3n, P.2, Q.4, TP.HCM<\/span><\/li>\n<li><span class=\"elementor-icon-list-text\" style=\"font-size: 105%;\"><strong>Store:<\/strong> 144 Nguy\u1ec5n Kho\u00e1i, P.2, Q.4, TP.HCM<\/span><\/li>\n<li><span class=\"elementor-icon-list-text\" style=\"font-size: 105%;\"><strong>Hotline:<\/strong> 0932.661.777 &#8211; 0902.365.777<\/span><\/li>\n<li><span class=\"elementor-icon-list-text\" style=\"font-size: 105%;\"><strong>Email:<\/strong> giamcanyoslim@gmail.com<\/span><\/li>\n<\/ul>\n\t\t<\/div>\n\t\t\t\t\t<\/div>\n\n\t\n\n\t<div id=\"col-572390757\" class=\"col medium-6 small-12 large-6\"  >\n\t\t\t\t<div class=\"col-inner\"  >\n\t\t\t\n\t\t\t\n<div class=\"container section-title-container\" ><h2 class=\"section-title section-title-center\"><b><\/b><span class=\"section-title-main\" >\u0110\u0103ng k\u00fd \u0111\u1ea1i l\u00fd B.O.T<\/span><b><\/b><\/h2><\/div>\n<p style=\"text-align: center;\">Vui l\u00f2ng nh\u1eadp th\u00f4ng tin, nh\u00e2n vi\u00ean c\u1ee7a ch\u00fang t\u00f4i s\u1ebd li\u00ean h\u1ec7 l\u1ea1i s\u1edbm nh\u1ea5t<\/p>\n\n<div class=\"wpcf7 no-js\" id=\"wpcf7-f548-o1\" lang=\"vi\" dir=\"ltr\">\n<div class=\"screen-reader-response\"><p role=\"status\" aria-live=\"polite\" aria-atomic=\"true\"><\/p> <ul><\/ul><\/div>\n<form action=\"\/thucphamchucnang6\/wp-json\/wp\/v2\/pages\/21#wpcf7-f548-o1\" method=\"post\" class=\"wpcf7-form init\" aria-label=\"Form li\u00ean h\u1ec7\" novalidate=\"novalidate\" data-status=\"init\">\n<div style=\"display: none;\">\n<input type=\"hidden\" name=\"_wpcf7\" value=\"548\" \/>\n<input type=\"hidden\" name=\"_wpcf7_version\" value=\"5.7.5.1\" \/>\n<input type=\"hidden\" name=\"_wpcf7_locale\" value=\"vi\" \/>\n<input type=\"hidden\" name=\"_wpcf7_unit_tag\" value=\"wpcf7-f548-o1\" \/>\n<input type=\"hidden\" name=\"_wpcf7_container_post\" value=\"0\" \/>\n<input type=\"hidden\" name=\"_wpcf7_posted_data_hash\" value=\"\" \/>\n<\/div>\n<div class=\"section6 form-mua-hang\">\n\t<div class=\"cot3\">\n\t\t<p><span class=\"wpcf7-form-control-wrap\" data-name=\"text-669\"><input size=\"40\" class=\"wpcf7-form-control wpcf7-text wpcf7-validates-as-required\" aria-required=\"true\" aria-invalid=\"false\" placeholder=\"H\u1ecd v\u00e0 t\u00ean\" value=\"\" type=\"text\" name=\"text-669\" \/><\/span><br \/>\n<span class=\"wpcf7-form-control-wrap\" data-name=\"tel-195\"><input size=\"40\" class=\"wpcf7-form-control wpcf7-text wpcf7-tel wpcf7-validates-as-required wpcf7-validates-as-tel\" aria-required=\"true\" aria-invalid=\"false\" placeholder=\"S\u1ed1 \u0111i\u1ec7n tho\u1ea1i...\" value=\"\" type=\"tel\" name=\"tel-195\" \/><\/span><br \/>\n<span class=\"wpcf7-form-control-wrap\" data-name=\"email-127\"><input size=\"40\" class=\"wpcf7-form-control wpcf7-text wpcf7-email wpcf7-validates-as-email\" aria-invalid=\"false\" placeholder=\"\u0110\u1ecba ch\u1ec9 email\" value=\"\" type=\"email\" name=\"email-127\" \/><\/span><br \/>\n<span class=\"wpcf7-form-control-wrap\" data-name=\"text-644\"><input size=\"40\" class=\"wpcf7-form-control wpcf7-text\" aria-invalid=\"false\" placeholder=\"\u0110\u1ecba ch\u1ec9 kinh doanh\" value=\"\" type=\"text\" name=\"text-644\" \/><\/span><br \/>\n<span class=\"wpcf7-form-control-wrap\" data-name=\"menu-210\"><select class=\"wpcf7-form-control wpcf7-select wpcf7-validates-as-required\" aria-required=\"true\" aria-invalid=\"false\" name=\"menu-210\"><option value=\"S\u1ea3n ph\u1ea9m c\u1ea7n mua\">S\u1ea3n ph\u1ea9m c\u1ea7n mua<\/option><option value=\"Gi\u1ea3m c\u00e2n Yo Slim\">Gi\u1ea3m c\u00e2n Yo Slim<\/option><option value=\"Th\u1ea3i \u0111\u1ed9c Yo Detox\">Th\u1ea3i \u0111\u1ed9c Yo Detox<\/option><option value=\"Vi\u00ean dinh d\u01b0\u1ee1ng Yo Healthy\">Vi\u00ean dinh d\u01b0\u1ee1ng Yo Healthy<\/option><option value=\"Ng\u0169 c\u1ed1c Yo Fan\">Ng\u0169 c\u1ed1c Yo Fan<\/option><\/select><\/span><br \/>\n<span class=\"wpcf7-form-control-wrap\" data-name=\"textarea-516\"><textarea cols=\"40\" rows=\"10\" class=\"wpcf7-form-control wpcf7-textarea\" aria-invalid=\"false\" placeholder=\"Ghi ch\u00fa\" name=\"textarea-516\"><\/textarea><\/span><br \/>\n<input class=\"wpcf7-form-control has-spinner wpcf7-submit\" type=\"submit\" value=\"G\u1eedi th\u00f4ng tin\" \/>\n\t\t<\/p>\n\t<\/div>\n<\/div><div class=\"wpcf7-response-output\" aria-hidden=\"true\"><\/div>\n<\/form>\n<\/div>\n\n\t\t<\/div>\n\t\t\t\t\t<\/div>\n\n\t\n<\/div>\n","protected":false},"excerpt":{"rendered":"","protected":false},"author":1,"featured_media":0,"parent":0,"menu_order":0,"comment_status":"closed","ping_status":"closed","template":"","meta":{"footnotes":""},"class_list":["post-21","page","type-page","status-publish","hentry"],"_links":{"self":[{"href":"https:\/\/mauweb.tamnguyen.vn\/thucphamchucnang6\/wp-json\/wp\/v2\/pages\/21","targetHints":{"allow":["GET"]}}],"collection":[{"href":"https:\/\/mauweb.tamnguyen.vn\/thucphamchucnang6\/wp-json\/wp\/v2\/pages"}],"about":[{"href":"https:\/\/mauweb.tamnguyen.vn\/thucphamchucnang6\/wp-json\/wp\/v2\/types\/page"}],"author":[{"embeddable":true,"href":"https:\/\/mauweb.tamnguyen.vn\/thucphamchucnang6\/wp-json\/wp\/v2\/users\/1"}],"replies":[{"embeddable":true,"href":"https:\/\/mauweb.tamnguyen.vn\/thucphamchucnang6\/wp-json\/wp\/v2\/comments?post=21"}],"version-history":[{"count":9,"href":"https:\/\/mauweb.tamnguyen.vn\/thucphamchucnang6\/wp-json\/wp\/v2\/pages\/21\/revisions"}],"predecessor-version":[{"id":562,"href":"https:\/\/mauweb.tamnguyen.vn\/thucphamchucnang6\/wp-json\/wp\/v2\/pages\/21\/revisions\/562"}],"wp:attachment":[{"href":"https:\/\/mauweb.tamnguyen.vn\/thucphamchucnang6\/wp-json\/wp\/v2\/media?parent=21"}],"curies":[{"name":"wp","href":"https:\/\/api.w.org\/{rel}","templated":true}]}}