{"id":705,"date":"2021-12-26T10:59:08","date_gmt":"2021-12-26T03:59:08","guid":{"rendered":"http:\/\/noithat29.maugiaodien.com\/?post_type=product&#038;p=705"},"modified":"2021-12-28T15:37:15","modified_gmt":"2021-12-28T08:37:15","slug":"tu-bep-nhua-dai-loan-cao-cap-tb01","status":"publish","type":"product","link":"https:\/\/mauweb.tamnguyen.vn\/noithat29\/san-pham\/tu-bep-nhua-dai-loan-cao-cap-tb01\/","title":{"rendered":"T\u1ee7 b\u1ebfp nh\u1ef1a \u0111\u00e0i loan cao c\u1ea5p TB01"},"content":{"rendered":"<div id=\"input_line_0\"><span id=\"input_part_0\" class=\"\" data-mention=\"Quang nguy\u00ean l\u00e0 c\u00f4ng ty chuy\u00ean s\u00e2u v\u1ec1 t\u01b0 v\u1ea5n - thi\u1ebft k\u1ebf v\u00e0 thi c\u00f4ng n\u1ed9i th\u1ea5t. Bao g\u1ed3m \u0111\u1ed3 n\u1ed9i th\u1ea5t, \u0111\u1ed3 trang tr\u00ed, gia d\u1ee5ng v\u1edbi m\u1eabu m\u00e3 \u0111a d\u1ea1ng, gi\u00e1 c\u1ea3 h\u1ee3p l\u00fd, ph\u00f9 h\u1ee3p v\u1edbi nhi\u1ec1u phong c\u00e1ch n\u1ed9i th\u1ea5t v\u00e0 kinh t\u1ebf c\u1ee7a t\u1eebng gia \u0111\u00ecnh. \u0110\u1ebfn v\u1edbi ch\u00fang t\u00f4i b\u1ea1n ch\u1eafc ch\u1eafn s\u1ebd ho\u00e0n to\u00e0n h\u00e0i l\u00f2ng b\u1edfi nh\u1eefng g\u00ec b\u1ea1n c\u1ea7n cho t\u1ed5 \u1ea5m c\u1ee7a m\u00ecnh \u0111\u1ec1u c\u00f3 t\u1ea1i n\u1ed9i th\u1ea5t quang nguy\u00ean.\"><strong>T\u1eeb Gia Th\u1ecbnh<\/strong>\u00a0l\u00e0 c\u00f4ng ty chuy\u00ean s\u00e2u v\u1ec1 t\u01b0 v\u1ea5n \u2013 thi\u1ebft k\u1ebf v\u00e0 thi c\u00f4ng n\u1ed9i th\u1ea5t. Bao g\u1ed3m \u0111\u1ed3 n\u1ed9i th\u1ea5t, \u0111\u1ed3 trang tr\u00ed, gia d\u1ee5ng v\u1edbi m\u1eabu m\u00e3 \u0111a d\u1ea1ng, gi\u00e1 c\u1ea3 h\u1ee3p l\u00fd, ph\u00f9 h\u1ee3p v\u1edbi nhi\u1ec1u phong c\u00e1ch n\u1ed9i th\u1ea5t v\u00e0 kinh t\u1ebf c\u1ee7a t\u1eebng gia \u0111\u00ecnh. \u0110\u1ebfn v\u1edbi ch\u00fang t\u00f4i b\u1ea1n ch\u1eafc ch\u1eafn s\u1ebd ho\u00e0n to\u00e0n h\u00e0i l\u00f2ng b\u1edfi nh\u1eefng g\u00ec b\u1ea1n c\u1ea7n cho t\u1ed5 \u1ea5m c\u1ee7a m\u00ecnh \u0111\u1ec1u c\u00f3 t\u1ea1i n\u1ed9i th\u1ea5t T\u1eeb Gia Th\u1ecbnh.<\/span><\/div>\n<div><\/div>\n<div><strong><span id=\"input_part_0\" class=\"\" data-mention=\"L\u00e0 x\u01b0\u1edfng s\u1ea3n xu\u1ea5t tr\u1ef1c ti\u1ebfp \u0111\u1ea3m b\u1ea3o ch\u1ea5t l\u01b0\u1ee3ng s\u1ea3n ph\u1ea9m v\u00e0 gi\u00e1 h\u1ee3p l\u00fd nh\u1ea5t.\">L\u00e0 x\u01b0\u1edfng s\u1ea3n xu\u1ea5t tr\u1ef1c ti\u1ebfp \u0111\u1ea3m b\u1ea3o ch\u1ea5t l\u01b0\u1ee3ng s\u1ea3n ph\u1ea9m v\u00e0 gi\u00e1 h\u1ee3p l\u00fd nh\u1ea5t.<\/span><\/strong><\/div>\n<div><\/div>\n<div id=\"input_line_2\"><span id=\"input_part_0\" class=\"\" data-mention=\"\u2013 S\u1ea3n ph\u1ea9m ho\u00e0n thi\u1ec7n t\u1ec9 m\u1ec9 \u0111\u1ebfn t\u1eebng chi ti\u1ebft, mang \u0111\u1ebfn nh\u1eefng s\u1ea3n ph\u1ea9m ch\u1ea5t l\u01b0\u1ee3ng cao. L\u00e0m h\u00e0i l\u00f2ng nh\u1eefng kh\u00e1ch h\u00e0ng kh\u00f3 t\u00ednh nh\u1ea5t.\">\u2013 S\u1ea3n ph\u1ea9m ho\u00e0n thi\u1ec7n t\u1ec9 m\u1ec9 \u0111\u1ebfn t\u1eebng chi ti\u1ebft, mang \u0111\u1ebfn nh\u1eefng s\u1ea3n ph\u1ea9m ch\u1ea5t l\u01b0\u1ee3ng cao. L\u00e0m h\u00e0i l\u00f2ng nh\u1eefng kh\u00e1ch h\u00e0ng kh\u00f3 t\u00ednh nh\u1ea5t.<\/span><\/div>\n<div id=\"input_line_3\"><span id=\"input_part_0\" class=\"\" data-mention=\"\u2013 B\u1ea3o h\u00e0nh 5 n\u0103m t\u1ea1i nh\u00e0. Ch\u1ebf \u0111\u1ed9 b\u1ea3o h\u00e0nh uy t\u00edn.\">\u2013 B\u1ea3o h\u00e0nh 5 n\u0103m t\u1ea1i nh\u00e0. Ch\u1ebf \u0111\u1ed9 b\u1ea3o h\u00e0nh uy t\u00edn.<\/span><\/div>\n<div id=\"input_line_4\"><span id=\"input_part_0\" class=\"\" data-mention=\"\u2013 Phong c\u00e1ch ph\u1ee5c v\u1ee5 chu \u0111\u00e1o \u2013 t\u1eadn t\u00e2m.\">\u2013 Phong c\u00e1ch ph\u1ee5c v\u1ee5 chu \u0111\u00e1o \u2013 t\u1eadn t\u00e2m.<\/span><\/div>\n<div id=\"input_line_5\"><span id=\"input_part_0\" class=\"\" data-mention=\"\u2013 \u0110\u1ed9i ng\u0169 nh\u00e2n vi\u00ean gi\u00e0u kinh nghi\u1ec7m.\">\u2013 \u0110\u1ed9i ng\u0169 nh\u00e2n vi\u00ean gi\u00e0u kinh nghi\u1ec7m.<\/span><\/div>\n<div id=\"input_line_6\"><span id=\"input_part_0\" class=\"\" data-mention=\"\u2013 M\u1ee9c gi\u00e1 t\u1ed1t v\u1edbi nhi\u1ec1u \u01b0u \u0111\u00e3i h\u1ea5p d\u1eabn\">\u2013 M\u1ee9c gi\u00e1 t\u1ed1t v\u1edbi nhi\u1ec1u \u01b0u \u0111\u00e3i h\u1ea5p d\u1eabn<\/span><\/div>\n<div id=\"input_line_7\"><span id=\"input_part_0\" class=\"\" data-mention=\"\u0110\u1ebfn v\u1edbi Quang nguy\u00ean ch\u1eafc ch\u1eafn b\u1ea1n s\u1ebd h\u00e0i l\u00f2ng.\">\u0110\u1ebfn v\u1edbi T\u1eeb Gia Th\u1ecbnh ch\u1eafc ch\u1eafn b\u1ea1n s\u1ebd h\u00e0i l\u00f2ng.<\/span><\/div>\n<div id=\"input_line_8\"><span id=\"input_part_0\" class=\"\" data-mention=\"H\u00e3y li\u00ean h\u1ec7 ngay v\u1edbi Quang nguy\u00ean \u0111\u1ec3 \u0111\u01b0\u1ee3c t\u01b0 v\u1ea5n t\u1ed1t nh\u1ea5t 0939 711334 ho\u0103c 0962 055549\">H\u00e3y li\u00ean h\u1ec7 ngay v\u1edbi T\u1eeb Gia Th\u1ecbnh \u0111\u1ec3 \u0111\u01b0\u1ee3c t\u01b0 v\u1ea5n t\u1ed1t nh\u1ea5t <strong>096.487.xxxx<\/strong><\/span><\/div>\n<div><\/div>\n<div id=\"input_line_9\"><strong><span id=\"input_part_0\" class=\"\" data-mention=\"Quy tr\u00ecnh l\u00e0m vi\u1ec7c c\u1ee7a ch\u00fang t\u00f4i:\">Quy tr\u00ecnh l\u00e0m vi\u1ec7c c\u1ee7a ch\u00fang t\u00f4i:<\/span><\/strong><\/div>\n<div><\/div>\n<div id=\"input_line_10\"><span id=\"input_part_0\" class=\"\" data-mention=\"B\u01b0\u1edbc 1: G\u1eb7p g\u1ee1 kh\u00e1ch h\u00e0ng, l\u1eafng nghe, trao \u0111\u1ed5i v\u1ec1 \u00fd t\u01b0\u1edfng thi\u1ebft k\u1ebf, l\u1ea5y y\u00eau c\u1ea7u thi\u1ebft k\u1ebf t\u1eeb kh\u00e1ch h\u00e0ng v\u00e0 \u0111\u1ecbnh h\u00ecnh phong c\u00e1ch.\">+ B\u01b0\u1edbc 1: G\u1eb7p g\u1ee1 kh\u00e1ch h\u00e0ng, l\u1eafng nghe, trao \u0111\u1ed5i v\u1ec1 \u00fd t\u01b0\u1edfng thi\u1ebft k\u1ebf, l\u1ea5y y\u00eau c\u1ea7u thi\u1ebft k\u1ebf t\u1eeb kh\u00e1ch h\u00e0ng v\u00e0 \u0111\u1ecbnh h\u00ecnh phong c\u00e1ch.<\/span><\/div>\n<div id=\"input_line_11\"><span id=\"input_part_0\" class=\"\" data-mention=\"B\u01b0\u1edbc 2: Kh\u1ea3o s\u00e1t th\u1ef1c tr\u1ea1ng v\u00e0 quy ho\u1ea1ch kh\u00f4ng gian c\u00f4ng tr\u00ecnh c\u1ea7n thi c\u00f4ng t\u1ee7 b\u1ebfp.\">+ B\u01b0\u1edbc 2: Kh\u1ea3o s\u00e1t th\u1ef1c tr\u1ea1ng v\u00e0 quy ho\u1ea1ch kh\u00f4ng gian c\u00f4ng tr\u00ecnh c\u1ea7n thi c\u00f4ng t\u1ee7 b\u1ebfp.<\/span><\/div>\n<div id=\"input_line_12\"><span id=\"input_part_0\" class=\"\" data-mention=\"B\u01b0\u1edbc 3: L\u00ean b\u1ea3n v\u1ebd thi\u1ebft k\u1ebf, b\u00e1o gi\u00e1 thi c\u00f4ng.\">+ B\u01b0\u1edbc 3: L\u00ean b\u1ea3n v\u1ebd thi\u1ebft k\u1ebf, b\u00e1o gi\u00e1 thi c\u00f4ng.<\/span><\/div>\n<div id=\"input_line_13\"><span id=\"input_part_0\" class=\"\" data-mention=\"B\u01b0\u1edbc 4: Th\u00f4ng qua c\u00e1c th\u1ecfa thu\u1eadn, k\u00fd k\u1ebft h\u1ee3p \u0111\u1ed3ng gi\u1eefa kh\u00e1ch h\u00e0ng v\u00e0 c\u00f4ng ty.\">+ B\u01b0\u1edbc 4: Th\u00f4ng qua c\u00e1c th\u1ecfa thu\u1eadn, k\u00fd k\u1ebft h\u1ee3p \u0111\u1ed3ng gi\u1eefa kh\u00e1ch h\u00e0ng v\u00e0 c\u00f4ng ty.<\/span><\/div>\n<div id=\"input_line_14\"><span id=\"input_part_0\" class=\"\" data-mention=\"B\u01b0\u1edbc 5: Thi c\u00f4ng d\u1ef1 \u00e1n\">+ B\u01b0\u1edbc 5: Thi c\u00f4ng d\u1ef1 \u00e1n<\/span><\/div>\n<div id=\"input_line_15\"><span id=\"input_part_0\" class=\"\" data-mention=\"B\u01b0\u1edbc 6: B\u1ea3o h\u00e0nh c\u00f4ng tr\u00ecnh.\">+ B\u01b0\u1edbc 6: B\u1ea3o h\u00e0nh c\u00f4ng tr\u00ecnh.<\/span><\/div>\n<div><\/div>\n<div id=\"input_line_16\"><span id=\"input_part_0\" class=\"\" data-mention=\"Cam k\u1ebft 100% ch\u1ea5t li\u1ec7u nh\u01b0a cao c\u1ea5p ch\u00ednh h\u00e3ng \u0111\u01b0\u1ee3c b\u1ea3o h\u00e0nh ch\u1ea5t li\u1ec7u l\u00ean \u0111\u1ebfn 10 nam QUANG NGUY\u00caN cam k\u1ebft cung c\u1ea5p cho kh\u00e1ch h\u00e0ng s\u1ea3n ph\u1ea9m n\u1ed9i th\u1ea5t theo phong c\u00e1ch v\u00e0 ki\u1ec3u d\u00e1ng ri\u00eang. Ch\u00fang t\u00f4i thi\u1ebft k\u1ebf ri\u00eang cho kh\u00e1ch h\u00e0ng v\u1edbi nhi\u1ec1u s\u1ef1 l\u1ef1a ch\u1ecdn kh\u00e1c nhau t\u1eeb nhi\u1ec1u b\u1ed9 s\u01b0u t\u1eadp.\">Cam k\u1ebft 100% ch\u1ea5t li\u1ec7u nh\u01b0a cao c\u1ea5p ch\u00ednh h\u00e3ng \u0111\u01b0\u1ee3c b\u1ea3o h\u00e0nh ch\u1ea5t li\u1ec7u l\u00ean \u0111\u1ebfn 10 nam T\u1eeb Gia Th\u1ecbnh cam k\u1ebft cung c\u1ea5p cho kh\u00e1ch h\u00e0ng s\u1ea3n ph\u1ea9m n\u1ed9i th\u1ea5t theo phong c\u00e1ch v\u00e0 ki\u1ec3u d\u00e1ng ri\u00eang. Ch\u00fang t\u00f4i thi\u1ebft k\u1ebf ri\u00eang cho kh\u00e1ch h\u00e0ng v\u1edbi nhi\u1ec1u s\u1ef1 l\u1ef1a ch\u1ecdn kh\u00e1c nhau t\u1eeb nhi\u1ec1u b\u1ed9 s\u01b0u t\u1eadp.<\/span><\/div>\n","protected":false},"excerpt":{"rendered":"<div id=\"input_line_3\"><span id=\"input_part_0\" class=\"\" data-mention=\"K\u00edch th\u01b0\u1edbc ti\u00eau chu\u1ea9n:\">*\u00a0K\u00edch th\u01b0\u1edbc ti\u00eau chu\u1ea9n:<\/span><\/div>\n<div id=\"input_line_4\"><span id=\"input_part_0\" class=\"\" data-mention=\"T\u1ee7 b\u1ebfp tr\u00ean: cao 650 x s\u00e2u 350\">\u2013 T\u1ee7 b\u1ebfp tr\u00ean: cao 650 x s\u00e2u 350<\/span><\/div>\n<div id=\"input_line_5\"><span id=\"input_part_0\" class=\"\" data-mention=\"T\u1ee7 b\u1ebfp d\u01b0\u1edbi: cao 790 x s\u00e2u 550\">\u2013 T\u1ee7 b\u1ebfp d\u01b0\u1edbi: cao 790 x s\u00e2u 550<\/span><\/div>\n<div id=\"input_line_6\"><span id=\"input_part_0\" class=\"\" data-mention=\"\u0110\u01a1n gi\u00e1! T\u1ee7 b\u1ebfp tr\u00ean cho nh\u1ef1a vicoplast v\u00e0 ecoplast . 1 800 000 \/ md\">*\u00a0\u0110\u01a1n gi\u00e1! T\u1ee7 b\u1ebfp tr\u00ean cho nh\u1ef1a vicoplast v\u00e0 ecoplast . 1 .800 .000 \/ md<\/span><\/div>\n<div id=\"input_line_7\"><span id=\"input_part_0\" class=\"\" data-mention=\"T\u1ee7 b\u1ebfp d\u01b0\u1edbi c\u1ea3 th\u00f9ng : 2 300 000\/ md\">\u2013 T\u1ee7 b\u1ebfp d\u01b0\u1edbi c\u1ea3 th\u00f9ng : 2. 300. 000\/ md<\/span><\/div>\n<div id=\"input_line_8\"><span id=\"input_part_0\" class=\"\" data-mention=\"T\u1ee7 b\u1ebfp d\u01b0\u1edbi khung v\u00e0 c\u00e1nh 1 600 000 \/ md\">\u2013 T\u1ee7 b\u1ebfp d\u01b0\u1edbi khung v\u00e0 c\u00e1nh 1 .600 .000 \/ md<\/span><\/div>\n<div id=\"input_line_9\"><span id=\"input_part_0\" class=\"\" data-mention=\"\u0110\u01a1n gi\u00e1 cho t\u1ee7 nh\u1ef1a \u0111\u0103c picomat c\u00e1nh ph\u1ee7 acrylic : t\u1ee7 b\u1ebfp tr\u00ean. 3 700 000 \/ md\">*\u00a0\u0110\u01a1n gi\u00e1 cho t\u1ee7 nh\u1ef1a \u0111\u0103c picomat c\u00e1nh ph\u1ee7 acrylic : t\u1ee7 b\u1ebfp tr\u00ean. 3. 000 .000 \/ md<\/span><\/div>\n<div id=\"input_line_10\"><span id=\"input_part_0\" class=\"\" data-mention=\"\u1ee7 b\u00eap d\u01b0\u1edbi c\u1ea3 th\u00f9ng 4 300 000\/ md\">\u2013 T\u1ee7 b\u00eap d\u01b0\u1edbi c\u1ea3 th\u00f9ng 3.500. 000\/ md<\/span><\/div>\n","protected":false},"featured_media":708,"comment_status":"open","ping_status":"closed","template":"","meta":[],"product_cat":[15,85,87,89,88,90,91],"product_tag":[],"class_list":["post-705","product","type-product","status-publish","has-post-thumbnail","hentry","product_cat-tu-nhua-dai-loan","product_cat-tu-bep-nhua-dai-loan","product_cat-ban-nhua","product_cat-bo-noi-that-nhua","product_cat-ban-trang-diem-nhua","product_cat-tu-giay-nhua","product_cat-ke-tivi-nhua-dai-loan"],"yoast_head":"<!-- This site is optimized with the Yoast SEO plugin v17.8 - https:\/\/yoast.com\/wordpress\/plugins\/seo\/ -->\n<title>T\u1ee7 b\u1ebfp nh\u1ef1a \u0111\u00e0i loan cao c\u1ea5p TB01 - N\u1ed9i Th\u1ea5t T\u1eeb Gia Th\u1ecbnh<\/title>\n<meta name=\"robots\" content=\"noindex, follow, max-snippet:-1, max-image-preview:large, max-video-preview:-1\" \/>\n<meta property=\"og:locale\" content=\"vi_VN\" \/>\n<meta property=\"og:type\" content=\"article\" \/>\n<meta property=\"og:title\" content=\"T\u1ee7 b\u1ebfp nh\u1ef1a \u0111\u00e0i loan cao c\u1ea5p TB01 - N\u1ed9i Th\u1ea5t T\u1eeb Gia Th\u1ecbnh\" \/>\n<meta property=\"og:description\" content=\"*\u00a0K\u00edch th\u01b0\u1edbc ti\u00eau chu\u1ea9n: \u2013 T\u1ee7 b\u1ebfp tr\u00ean: cao 650 x s\u00e2u 350 \u2013 T\u1ee7 b\u1ebfp d\u01b0\u1edbi: cao 790 x s\u00e2u 550 *\u00a0\u0110\u01a1n gi\u00e1! T\u1ee7 b\u1ebfp tr\u00ean cho nh\u1ef1a vicoplast v\u00e0 ecoplast . 1 .800 .000 \/ md \u2013 T\u1ee7 b\u1ebfp d\u01b0\u1edbi c\u1ea3 th\u00f9ng : 2. 300. 000\/ md \u2013 T\u1ee7 b\u1ebfp d\u01b0\u1edbi khung v\u00e0 c\u00e1nh 1 .600 .000 \/ md *\u00a0\u0110\u01a1n gi\u00e1 cho t\u1ee7 nh\u1ef1a \u0111\u0103c picomat c\u00e1nh ph\u1ee7 acrylic : t\u1ee7 b\u1ebfp tr\u00ean. 3. 000 .000 \/ md \u2013 T\u1ee7 b\u00eap d\u01b0\u1edbi c\u1ea3 th\u00f9ng 3.500. 000\/ md\" \/>\n<meta property=\"og:url\" content=\"https:\/\/mauweb.tamnguyen.vn\/noithat29\/san-pham\/tu-bep-nhua-dai-loan-cao-cap-tb01\/\" \/>\n<meta property=\"og:site_name\" content=\"N\u1ed9i Th\u1ea5t T\u1eeb Gia Th\u1ecbnh\" \/>\n<meta property=\"article:modified_time\" content=\"2021-12-28T08:37:15+00:00\" \/>\n<meta property=\"og:image\" content=\"https:\/\/mauweb.tamnguyen.vn\/noithat29\/wp-content\/uploads\/2021\/12\/Tu-Bep-Nhua-Dai-Loan-Cao-Cap-TB01.jpg\" \/>\n\t<meta property=\"og:image:width\" content=\"1000\" \/>\n\t<meta property=\"og:image:height\" content=\"1000\" \/>\n<meta name=\"twitter:card\" content=\"summary_large_image\" \/>\n<meta name=\"twitter:label1\" content=\"\u01af\u1edbc t\u00ednh th\u1eddi gian \u0111\u1ecdc\" \/>\n\t<meta name=\"twitter:data1\" content=\"2 ph\u00fat\" \/>\n<script type=\"application\/ld+json\" class=\"yoast-schema-graph\">{\"@context\":\"https:\/\/schema.org\",\"@graph\":[{\"@type\":\"Organization\",\"@id\":\"https:\/\/mauweb.tamnguyen.vn\/noithat29\/#organization\",\"name\":\"\\u0110\\u1ea1i L\\u00fd Tr\\u1ea7n Kim Huy\\u1ec1n\",\"url\":\"https:\/\/mauweb.tamnguyen.vn\/noithat29\/\",\"sameAs\":[],\"logo\":{\"@type\":\"ImageObject\",\"@id\":\"https:\/\/mauweb.tamnguyen.vn\/noithat29\/#logo\",\"inLanguage\":\"vi\",\"url\":\"\",\"contentUrl\":\"\",\"caption\":\"\\u0110\\u1ea1i L\\u00fd Tr\\u1ea7n Kim Huy\\u1ec1n\"},\"image\":{\"@id\":\"https:\/\/mauweb.tamnguyen.vn\/noithat29\/#logo\"}},{\"@type\":\"WebSite\",\"@id\":\"https:\/\/mauweb.tamnguyen.vn\/noithat29\/#website\",\"url\":\"https:\/\/mauweb.tamnguyen.vn\/noithat29\/\",\"name\":\"N\\u1ed9i Th\\u1ea5t T\\u1eeb Gia Th\\u1ecbnh\",\"description\":\"\",\"publisher\":{\"@id\":\"https:\/\/mauweb.tamnguyen.vn\/noithat29\/#organization\"},\"potentialAction\":[{\"@type\":\"SearchAction\",\"target\":{\"@type\":\"EntryPoint\",\"urlTemplate\":\"https:\/\/mauweb.tamnguyen.vn\/noithat29\/?s={search_term_string}\"},\"query-input\":\"required name=search_term_string\"}],\"inLanguage\":\"vi\"},{\"@type\":\"ImageObject\",\"@id\":\"https:\/\/mauweb.tamnguyen.vn\/noithat29\/san-pham\/tu-bep-nhua-dai-loan-cao-cap-tb01\/#primaryimage\",\"inLanguage\":\"vi\",\"url\":\"https:\/\/mauweb.tamnguyen.vn\/noithat29\/wp-content\/uploads\/2021\/12\/Tu-Bep-Nhua-Dai-Loan-Cao-Cap-TB01.jpg\",\"contentUrl\":\"https:\/\/mauweb.tamnguyen.vn\/noithat29\/wp-content\/uploads\/2021\/12\/Tu-Bep-Nhua-Dai-Loan-Cao-Cap-TB01.jpg\",\"width\":1000,\"height\":1000,\"caption\":\"T\\u1ee7 B\\u1ebfp Nh\\u1ef1a \\u0110\\u00e0i Loan Cao C\\u1ea5p Tb01\"},{\"@type\":\"WebPage\",\"@id\":\"https:\/\/mauweb.tamnguyen.vn\/noithat29\/san-pham\/tu-bep-nhua-dai-loan-cao-cap-tb01\/#webpage\",\"url\":\"https:\/\/mauweb.tamnguyen.vn\/noithat29\/san-pham\/tu-bep-nhua-dai-loan-cao-cap-tb01\/\",\"name\":\"T\\u1ee7 b\\u1ebfp nh\\u1ef1a \\u0111\\u00e0i loan cao c\\u1ea5p TB01 - N\\u1ed9i Th\\u1ea5t T\\u1eeb Gia Th\\u1ecbnh\",\"isPartOf\":{\"@id\":\"https:\/\/mauweb.tamnguyen.vn\/noithat29\/#website\"},\"primaryImageOfPage\":{\"@id\":\"https:\/\/mauweb.tamnguyen.vn\/noithat29\/san-pham\/tu-bep-nhua-dai-loan-cao-cap-tb01\/#primaryimage\"},\"datePublished\":\"2021-12-26T03:59:08+00:00\",\"dateModified\":\"2021-12-28T08:37:15+00:00\",\"breadcrumb\":{\"@id\":\"https:\/\/mauweb.tamnguyen.vn\/noithat29\/san-pham\/tu-bep-nhua-dai-loan-cao-cap-tb01\/#breadcrumb\"},\"inLanguage\":\"vi\",\"potentialAction\":[{\"@type\":\"ReadAction\",\"target\":[\"https:\/\/mauweb.tamnguyen.vn\/noithat29\/san-pham\/tu-bep-nhua-dai-loan-cao-cap-tb01\/\"]}]},{\"@type\":\"BreadcrumbList\",\"@id\":\"https:\/\/mauweb.tamnguyen.vn\/noithat29\/san-pham\/tu-bep-nhua-dai-loan-cao-cap-tb01\/#breadcrumb\",\"itemListElement\":[{\"@type\":\"ListItem\",\"position\":1,\"name\":\"Trang ch\\u1ee7\",\"item\":\"https:\/\/mauweb.tamnguyen.vn\/noithat29\/\"},{\"@type\":\"ListItem\",\"position\":2,\"name\":\"S\\u1ea3n ph\\u1ea9m\",\"item\":\"https:\/\/mauweb.tamnguyen.vn\/noithat29\/san-pham\/\"},{\"@type\":\"ListItem\",\"position\":3,\"name\":\"T\\u1ee7 b\\u1ebfp nh\\u1ef1a \\u0111\\u00e0i loan cao c\\u1ea5p TB01\"}]}]}<\/script>\n<!-- \/ Yoast SEO plugin. -->","yoast_head_json":{"title":"T\u1ee7 b\u1ebfp nh\u1ef1a \u0111\u00e0i loan cao c\u1ea5p TB01 - N\u1ed9i Th\u1ea5t T\u1eeb Gia Th\u1ecbnh","robots":{"index":"noindex","follow":"follow","max-snippet":"max-snippet:-1","max-image-preview":"max-image-preview:large","max-video-preview":"max-video-preview:-1"},"og_locale":"vi_VN","og_type":"article","og_title":"T\u1ee7 b\u1ebfp nh\u1ef1a \u0111\u00e0i loan cao c\u1ea5p TB01 - N\u1ed9i Th\u1ea5t T\u1eeb Gia Th\u1ecbnh","og_description":"*\u00a0K\u00edch th\u01b0\u1edbc ti\u00eau chu\u1ea9n: \u2013 T\u1ee7 b\u1ebfp tr\u00ean: cao 650 x s\u00e2u 350 \u2013 T\u1ee7 b\u1ebfp d\u01b0\u1edbi: cao 790 x s\u00e2u 550 *\u00a0\u0110\u01a1n gi\u00e1! T\u1ee7 b\u1ebfp tr\u00ean cho nh\u1ef1a vicoplast v\u00e0 ecoplast . 1 .800 .000 \/ md \u2013 T\u1ee7 b\u1ebfp d\u01b0\u1edbi c\u1ea3 th\u00f9ng : 2. 300. 000\/ md \u2013 T\u1ee7 b\u1ebfp d\u01b0\u1edbi khung v\u00e0 c\u00e1nh 1 .600 .000 \/ md *\u00a0\u0110\u01a1n gi\u00e1 cho t\u1ee7 nh\u1ef1a \u0111\u0103c picomat c\u00e1nh ph\u1ee7 acrylic : t\u1ee7 b\u1ebfp tr\u00ean. 3. 000 .000 \/ md \u2013 T\u1ee7 b\u00eap d\u01b0\u1edbi c\u1ea3 th\u00f9ng 3.500. 000\/ md","og_url":"https:\/\/mauweb.tamnguyen.vn\/noithat29\/san-pham\/tu-bep-nhua-dai-loan-cao-cap-tb01\/","og_site_name":"N\u1ed9i Th\u1ea5t T\u1eeb Gia Th\u1ecbnh","article_modified_time":"2021-12-28T08:37:15+00:00","og_image":[{"width":1000,"height":1000,"url":"https:\/\/mauweb.tamnguyen.vn\/noithat29\/wp-content\/uploads\/2021\/12\/Tu-Bep-Nhua-Dai-Loan-Cao-Cap-TB01.jpg","type":"image\/jpeg"}],"twitter_card":"summary_large_image","twitter_misc":{"\u01af\u1edbc t\u00ednh th\u1eddi gian \u0111\u1ecdc":"2 ph\u00fat"},"schema":{"@context":"https:\/\/schema.org","@graph":[{"@type":"Organization","@id":"https:\/\/mauweb.tamnguyen.vn\/noithat29\/#organization","name":"\u0110\u1ea1i L\u00fd Tr\u1ea7n Kim Huy\u1ec1n","url":"https:\/\/mauweb.tamnguyen.vn\/noithat29\/","sameAs":[],"logo":{"@type":"ImageObject","@id":"https:\/\/mauweb.tamnguyen.vn\/noithat29\/#logo","inLanguage":"vi","url":"","contentUrl":"","caption":"\u0110\u1ea1i L\u00fd Tr\u1ea7n Kim Huy\u1ec1n"},"image":{"@id":"https:\/\/mauweb.tamnguyen.vn\/noithat29\/#logo"}},{"@type":"WebSite","@id":"https:\/\/mauweb.tamnguyen.vn\/noithat29\/#website","url":"https:\/\/mauweb.tamnguyen.vn\/noithat29\/","name":"N\u1ed9i Th\u1ea5t T\u1eeb Gia Th\u1ecbnh","description":"","publisher":{"@id":"https:\/\/mauweb.tamnguyen.vn\/noithat29\/#organization"},"potentialAction":[{"@type":"SearchAction","target":{"@type":"EntryPoint","urlTemplate":"https:\/\/mauweb.tamnguyen.vn\/noithat29\/?s={search_term_string}"},"query-input":"required name=search_term_string"}],"inLanguage":"vi"},{"@type":"ImageObject","@id":"https:\/\/mauweb.tamnguyen.vn\/noithat29\/san-pham\/tu-bep-nhua-dai-loan-cao-cap-tb01\/#primaryimage","inLanguage":"vi","url":"https:\/\/mauweb.tamnguyen.vn\/noithat29\/wp-content\/uploads\/2021\/12\/Tu-Bep-Nhua-Dai-Loan-Cao-Cap-TB01.jpg","contentUrl":"https:\/\/mauweb.tamnguyen.vn\/noithat29\/wp-content\/uploads\/2021\/12\/Tu-Bep-Nhua-Dai-Loan-Cao-Cap-TB01.jpg","width":1000,"height":1000,"caption":"T\u1ee7 B\u1ebfp Nh\u1ef1a \u0110\u00e0i Loan Cao C\u1ea5p Tb01"},{"@type":"WebPage","@id":"https:\/\/mauweb.tamnguyen.vn\/noithat29\/san-pham\/tu-bep-nhua-dai-loan-cao-cap-tb01\/#webpage","url":"https:\/\/mauweb.tamnguyen.vn\/noithat29\/san-pham\/tu-bep-nhua-dai-loan-cao-cap-tb01\/","name":"T\u1ee7 b\u1ebfp nh\u1ef1a \u0111\u00e0i loan cao c\u1ea5p TB01 - N\u1ed9i Th\u1ea5t T\u1eeb Gia Th\u1ecbnh","isPartOf":{"@id":"https:\/\/mauweb.tamnguyen.vn\/noithat29\/#website"},"primaryImageOfPage":{"@id":"https:\/\/mauweb.tamnguyen.vn\/noithat29\/san-pham\/tu-bep-nhua-dai-loan-cao-cap-tb01\/#primaryimage"},"datePublished":"2021-12-26T03:59:08+00:00","dateModified":"2021-12-28T08:37:15+00:00","breadcrumb":{"@id":"https:\/\/mauweb.tamnguyen.vn\/noithat29\/san-pham\/tu-bep-nhua-dai-loan-cao-cap-tb01\/#breadcrumb"},"inLanguage":"vi","potentialAction":[{"@type":"ReadAction","target":["https:\/\/mauweb.tamnguyen.vn\/noithat29\/san-pham\/tu-bep-nhua-dai-loan-cao-cap-tb01\/"]}]},{"@type":"BreadcrumbList","@id":"https:\/\/mauweb.tamnguyen.vn\/noithat29\/san-pham\/tu-bep-nhua-dai-loan-cao-cap-tb01\/#breadcrumb","itemListElement":[{"@type":"ListItem","position":1,"name":"Trang ch\u1ee7","item":"https:\/\/mauweb.tamnguyen.vn\/noithat29\/"},{"@type":"ListItem","position":2,"name":"S\u1ea3n ph\u1ea9m","item":"https:\/\/mauweb.tamnguyen.vn\/noithat29\/san-pham\/"},{"@type":"ListItem","position":3,"name":"T\u1ee7 b\u1ebfp nh\u1ef1a \u0111\u00e0i loan cao c\u1ea5p TB01"}]}]}},"_links":{"self":[{"href":"https:\/\/mauweb.tamnguyen.vn\/noithat29\/wp-json\/wp\/v2\/product\/705"}],"collection":[{"href":"https:\/\/mauweb.tamnguyen.vn\/noithat29\/wp-json\/wp\/v2\/product"}],"about":[{"href":"https:\/\/mauweb.tamnguyen.vn\/noithat29\/wp-json\/wp\/v2\/types\/product"}],"replies":[{"embeddable":true,"href":"https:\/\/mauweb.tamnguyen.vn\/noithat29\/wp-json\/wp\/v2\/comments?post=705"}],"wp:featuredmedia":[{"embeddable":true,"href":"https:\/\/mauweb.tamnguyen.vn\/noithat29\/wp-json\/wp\/v2\/media\/708"}],"wp:attachment":[{"href":"https:\/\/mauweb.tamnguyen.vn\/noithat29\/wp-json\/wp\/v2\/media?parent=705"}],"wp:term":[{"taxonomy":"product_cat","embeddable":true,"href":"https:\/\/mauweb.tamnguyen.vn\/noithat29\/wp-json\/wp\/v2\/product_cat?post=705"},{"taxonomy":"product_tag","embeddable":true,"href":"https:\/\/mauweb.tamnguyen.vn\/noithat29\/wp-json\/wp\/v2\/product_tag?post=705"}],"curies":[{"name":"wp","href":"https:\/\/api.w.org\/{rel}","templated":true}]}}