{"id":380,"date":"2022-05-24T16:28:14","date_gmt":"2022-05-24T09:28:14","guid":{"rendered":"http:\/\/noithat.themevivu.site\/?post_type=product&#038;p=380"},"modified":"2022-05-24T16:28:14","modified_gmt":"2022-05-24T09:28:14","slug":"giuong-ngu-da-that-ma-1693d","status":"publish","type":"product","link":"https:\/\/mauweb.tamnguyen.vn\/noithat16\/san-pham\/giuong-ngu-da-that-ma-1693d\/","title":{"rendered":"Gi\u01b0\u1eddng ng\u1ee7 da th\u1eadt m\u00e3 1693D"},"content":{"rendered":"<div class=\"ndr r\">\n<div><b>K\u00edch th\u01b0\u1edbc v\u00e0 gi\u00e1 b\u00e1n<\/b><\/div>\n<div>\n<ul>\n<li>K\u00edch th\u01b0\u1edbc gi\u01b0\u1eddng: R\u1ed9ng:1800mm x D\u00e0i:2000mm<\/li>\n<li>Gi\u00e1 c\u1ee7a gi\u01b0\u1eddng: 28.700.000\u0111<\/li>\n<li>\u0110\u0103ng k\u00fd mua Online gi\u1ea3m th\u00eam 2.000.000\u0111<\/li>\n<\/ul>\n<\/div>\n<div><strong>\u0110\u1eb7c \u0111i\u1ec3m n\u1ed5i b\u1eadt c\u1ee7a s\u1ea3n ph\u1ea9m<\/strong><\/div>\n<ul>\n<li>M\u1eabu gi\u01b0\u1eddng nh\u1eadp kh\u1ea9u \u0111\u01b0\u1ee3c l\u00ean thi\u1ebft k\u1ebf t\u1eeb \u00dd<\/li>\n<li>Ch\u1ea5t li\u1ec7u da b\u00f2 th\u1eadt 60%, ch\u1ecdn m\u00e0u theo y\u00eau c\u1ea7u<\/li>\n<li>Ki\u1ec3u d\u00e1ng v\u1eefng ch\u00e3i, \u0111\u1ea7u gi\u01b0\u1eddng t\u1ef1a tho\u1ea3i m\u00e1i<\/li>\n<li>M\u1eabu gi\u01b0\u1eddng l\u00ean ng\u00f4i, kh\u1edfi \u0111\u1ea7u m\u1ed9t xu h\u01b0\u1edbng m\u1edbi<\/li>\n<\/ul>\n<p><strong>B\u1ea3o h\u00e0nh tr\u00ean m\u1ee9c ti\u00eau chu\u1ea9n<\/strong><\/div>\n<div class=\"ndr l\">\n<div>\n<ul>\n<li>B\u1ec1 m\u1eb7t da th\u1eadt: 14 th\u00e1ng<\/li>\n<li>Khung v\u00e0 d\u00e1t gi\u01b0\u1eddng: 12 n\u0103m<\/li>\n<li>B\u1ea3o h\u00e0nh ch\u00ednh h\u00e3ng, b\u1ea3o tr\u00ec tr\u1ecdn \u0111\u1eddi<\/li>\n<\/ul>\n<\/div>\n<div><strong>Qu\u00e0 t\u1eb7ng c\u1ee7a s\u1ea3n ph\u1ea9m n\u00e0y<\/strong><\/div>\n<ul>\n<li>T\u1eb7ng b\u1ed9 l\u00e0m s\u1ea1ch da c\u1ee7a Singapore:\u00a0800.000\u0111<\/li>\n<li>T\u1eb7ng g\u1ed1i trang tr\u00ed nh\u1eadp kh\u1ea9u: 330.000\u0111<\/li>\n<\/ul>\n<div>\u0110\u1ed3ng h\u00e0nh v\u1edbi b\u1ed9 gi\u01b0\u1eddng ng\u1ee7 da th\u1eadt ERADO l\u1ea7n n\u00e0y l\u00e0 di\u1ec5n vi\u00ean \u0110\u00ecnh T\u00fa v\u1edbi t\u00e1c ph\u1ea9m ti\u00eau bi\u1ec3u l\u00e0 b\u1ed9 phim &#8220;Th\u01b0\u01a1ng ng\u00e0y n\u1eafng v\u1ec1&#8221; \u0111ang \u0111\u01b0\u1ee3c r\u1ea5t nhi\u1ec1u kh\u00e1n gi\u1ea3 y\u00eau th\u00edch trong th\u1eddi gian g\u1ea7n \u0111\u00e2y.\u00a0V\u1edbi m\u00e0u s\u1eafc th\u1eddi th\u01b0\u1ee3ng, thi\u1ebft k\u1ebf t\u1ed1i gi\u1ea3n l\u00e0m n\u1ed5i b\u1eadt v\u1ebb \u0111\u1eb9p sang tr\u1ecdng c\u1ee7a ch\u1ea5t li\u1ec7u da b\u00f2 th\u1eadt, ERADO cho ra m\u1eaft chi\u1ebfc gi\u01b0\u1eddng da \u0111\u01b0\u1ee3c l\u00e0m t\u1eeb da b\u00f2 th\u1eadt l\u00ean \u0111\u1ebfn 60%. S\u1ea3n ph\u1ea9m h\u1ee9a h\u1eb9n s\u1ebd d\u1eabn \u0111\u1ea7u doanh s\u1ed1 trong th\u1eddi gian s\u1eafp t\u1edbi.<\/div>\n<div><\/div>\n<div>V\u1edbi t\u00f4ng m\u00e0u ch\u1ee7 \u0111\u1ea1o l\u00e0 m\u00e0u ghi s\u00e1ng tr\u1ea7m \u1ed5n, hi\u1ec7n \u0111\u1ea1i v\u00e0 quy\u1ec1n l\u1ef1c \u0111i\u1ec3m xuy\u1ebft gam m\u00e0u xanh \u0111en \u0111em l\u1ea1i c\u1ea3m gi\u00e1c qu\u00fd ph\u00e1i, sang tr\u1ecdng.<\/p>\n<p>Thi\u1ebft k\u1ebf theo xu h\u01b0\u1edbng t\u1ed1i gi\u1ea3n \u0111ang d\u1eabn \u0111\u1ea7u th\u1ecb tr\u01b0\u1eddng trong nh\u1eefng n\u0103m g\u1ea7n \u0111\u00e2y, gi\u01b0\u1eddng da ERADO n\u1ed5i tr\u1ed9i nh\u1edd v\u1ebb \u0111\u1eb9p c\u1ee7a s\u1ef1 t\u1ec9 m\u1ec9, ho\u00e0n m\u1ef9 trong t\u1eebng \u0111\u01b0\u1eddng kim m\u0169i ch\u1ec9, chi\u1ec1u l\u00f2ng c\u1ea3 nh\u1eefng kh\u00e1ch h\u00e0ng kh\u00f3 t\u00ednh nh\u1ea5t.<\/p>\n<p>\u0110i\u1ec3m nh\u1ea5n ch\u00ednh c\u1ee7a s\u1ea3n ph\u1ea9m l\u1ea7n n\u00e0y l\u00e0 ph\u1ea7n t\u1ef1a \u0111\u1ea7u \u0111\u01b0\u1ee3c l\u1ea5y c\u1ea3m h\u1ee9ng t\u1eeb gh\u1ebf ng\u1ed3i \u00f4 t\u00f4 v\u1edbi ph\u1ea7n t\u1ef1a \u0111\u1ea7u v\u00e0 t\u1ef1a l\u01b0ng ri\u00eang bi\u1ec7t gi\u00fap ph\u1ea7n \u0111\u1ec7m lu\u00f4n \u00f4m s\u00e1t c\u01a1 th\u1ec3, mang \u0111\u1ebfn c\u1ea3m gi\u00e1c th\u01b0 gi\u00e3n, \u00eam \u00e1i \u1edf m\u1ecdi t\u01b0 th\u1ebf.<\/p><\/div>\n<\/div>\n","protected":false},"excerpt":{"rendered":"<ul class=\"pc\">\n<li class=\"t\">Ch\u1ea5t li\u1ec7u: Da th\u1eadt nh\u1eadp kh\u1ea9u<\/li>\n<li class=\"c\">B\u1ea3o h\u00e0nh: 14 th\u00e1ng<\/li>\n<li class=\"c\">T\u00ecnh tr\u1ea1ng: C\u00f2n h\u00e0ng<\/li>\n<\/ul>\n","protected":false},"featured_media":382,"comment_status":"open","ping_status":"closed","template":"","meta":[],"product_cat":[53,48],"product_tag":[],"class_list":["post-380","product","type-product","status-publish","has-post-thumbnail","hentry","product_cat-giuong-boc-vai-ni","product_cat-giuong-ngu"],"yoast_head":"<!-- This site is optimized with the Yoast SEO plugin v19.9 - https:\/\/yoast.com\/wordpress\/plugins\/seo\/ -->\n<title>Gi\u01b0\u1eddng ng\u1ee7 da th\u1eadt m\u00e3 1693D - M\u1eabu web n\u1ed9i th\u1ea5t<\/title>\n<meta name=\"robots\" content=\"index, follow, max-snippet:-1, max-image-preview:large, max-video-preview:-1\" \/>\n<link rel=\"canonical\" href=\"https:\/\/mauweb.tamnguyen.vn\/noithat16\/san-pham\/giuong-ngu-da-that-ma-1693d\/\" \/>\n<meta property=\"og:locale\" content=\"vi_VN\" \/>\n<meta property=\"og:type\" content=\"article\" \/>\n<meta property=\"og:title\" content=\"Gi\u01b0\u1eddng ng\u1ee7 da th\u1eadt m\u00e3 1693D - M\u1eabu web n\u1ed9i th\u1ea5t\" \/>\n<meta property=\"og:description\" content=\"Ch\u1ea5t li\u1ec7u: Da th\u1eadt nh\u1eadp kh\u1ea9u  B\u1ea3o h\u00e0nh: 14 th\u00e1ng  T\u00ecnh tr\u1ea1ng: C\u00f2n h\u00e0ng\" \/>\n<meta property=\"og:url\" content=\"https:\/\/mauweb.tamnguyen.vn\/noithat16\/san-pham\/giuong-ngu-da-that-ma-1693d\/\" \/>\n<meta property=\"og:site_name\" content=\"M\u1eabu web n\u1ed9i th\u1ea5t\" \/>\n<meta property=\"og:image\" content=\"https:\/\/mauweb.tamnguyen.vn\/noithat16\/wp-content\/uploads\/2022\/05\/4.jpg\" \/>\n\t<meta property=\"og:image:width\" content=\"800\" \/>\n\t<meta property=\"og:image:height\" content=\"533\" \/>\n\t<meta property=\"og:image:type\" content=\"image\/jpeg\" \/>\n<meta name=\"twitter:card\" content=\"summary_large_image\" \/>\n<meta name=\"twitter:label1\" content=\"\u01af\u1edbc t\u00ednh th\u1eddi gian \u0111\u1ecdc\" \/>\n\t<meta name=\"twitter:data1\" content=\"3 ph\u00fat\" \/>\n<script type=\"application\/ld+json\" class=\"yoast-schema-graph\">{\"@context\":\"https:\/\/schema.org\",\"@graph\":[{\"@type\":\"WebPage\",\"@id\":\"https:\/\/mauweb.tamnguyen.vn\/noithat16\/san-pham\/giuong-ngu-da-that-ma-1693d\/\",\"url\":\"https:\/\/mauweb.tamnguyen.vn\/noithat16\/san-pham\/giuong-ngu-da-that-ma-1693d\/\",\"name\":\"Gi\u01b0\u1eddng ng\u1ee7 da th\u1eadt m\u00e3 1693D - M\u1eabu web n\u1ed9i th\u1ea5t\",\"isPartOf\":{\"@id\":\"https:\/\/mauweb.tamnguyen.vn\/noithat16\/#website\"},\"datePublished\":\"2022-05-24T09:28:14+00:00\",\"dateModified\":\"2022-05-24T09:28:14+00:00\",\"breadcrumb\":{\"@id\":\"https:\/\/mauweb.tamnguyen.vn\/noithat16\/san-pham\/giuong-ngu-da-that-ma-1693d\/#breadcrumb\"},\"inLanguage\":\"vi\",\"potentialAction\":[{\"@type\":\"ReadAction\",\"target\":[\"https:\/\/mauweb.tamnguyen.vn\/noithat16\/san-pham\/giuong-ngu-da-that-ma-1693d\/\"]}]},{\"@type\":\"BreadcrumbList\",\"@id\":\"https:\/\/mauweb.tamnguyen.vn\/noithat16\/san-pham\/giuong-ngu-da-that-ma-1693d\/#breadcrumb\",\"itemListElement\":[{\"@type\":\"ListItem\",\"position\":1,\"name\":\"Trang ch\u1ee7\",\"item\":\"https:\/\/mauweb.tamnguyen.vn\/noithat16\/\"},{\"@type\":\"ListItem\",\"position\":2,\"name\":\"Shop\",\"item\":\"https:\/\/mauweb.tamnguyen.vn\/noithat16\/shop\/\"},{\"@type\":\"ListItem\",\"position\":3,\"name\":\"Gi\u01b0\u1eddng ng\u1ee7 da th\u1eadt m\u00e3 1693D\"}]},{\"@type\":\"WebSite\",\"@id\":\"https:\/\/mauweb.tamnguyen.vn\/noithat16\/#website\",\"url\":\"https:\/\/mauweb.tamnguyen.vn\/noithat16\/\",\"name\":\"M\u1eabu web n\u1ed9i th\u1ea5t\",\"description\":\"D\u1ecbch v\u1ee5 thi\u1ebft k\u1ebf web uy t\u00edn\",\"potentialAction\":[{\"@type\":\"SearchAction\",\"target\":{\"@type\":\"EntryPoint\",\"urlTemplate\":\"https:\/\/mauweb.tamnguyen.vn\/noithat16\/?s={search_term_string}\"},\"query-input\":\"required name=search_term_string\"}],\"inLanguage\":\"vi\"}]}<\/script>\n<!-- \/ Yoast SEO plugin. -->","yoast_head_json":{"title":"Gi\u01b0\u1eddng ng\u1ee7 da th\u1eadt m\u00e3 1693D - M\u1eabu web n\u1ed9i th\u1ea5t","robots":{"index":"index","follow":"follow","max-snippet":"max-snippet:-1","max-image-preview":"max-image-preview:large","max-video-preview":"max-video-preview:-1"},"canonical":"https:\/\/mauweb.tamnguyen.vn\/noithat16\/san-pham\/giuong-ngu-da-that-ma-1693d\/","og_locale":"vi_VN","og_type":"article","og_title":"Gi\u01b0\u1eddng ng\u1ee7 da th\u1eadt m\u00e3 1693D - M\u1eabu web n\u1ed9i th\u1ea5t","og_description":"Ch\u1ea5t li\u1ec7u: Da th\u1eadt nh\u1eadp kh\u1ea9u  B\u1ea3o h\u00e0nh: 14 th\u00e1ng  T\u00ecnh tr\u1ea1ng: C\u00f2n h\u00e0ng","og_url":"https:\/\/mauweb.tamnguyen.vn\/noithat16\/san-pham\/giuong-ngu-da-that-ma-1693d\/","og_site_name":"M\u1eabu web n\u1ed9i th\u1ea5t","og_image":[{"width":800,"height":533,"url":"https:\/\/mauweb.tamnguyen.vn\/noithat16\/wp-content\/uploads\/2022\/05\/4.jpg","type":"image\/jpeg"}],"twitter_card":"summary_large_image","twitter_misc":{"\u01af\u1edbc t\u00ednh th\u1eddi gian \u0111\u1ecdc":"3 ph\u00fat"},"schema":{"@context":"https:\/\/schema.org","@graph":[{"@type":"WebPage","@id":"https:\/\/mauweb.tamnguyen.vn\/noithat16\/san-pham\/giuong-ngu-da-that-ma-1693d\/","url":"https:\/\/mauweb.tamnguyen.vn\/noithat16\/san-pham\/giuong-ngu-da-that-ma-1693d\/","name":"Gi\u01b0\u1eddng ng\u1ee7 da th\u1eadt m\u00e3 1693D - M\u1eabu web n\u1ed9i th\u1ea5t","isPartOf":{"@id":"https:\/\/mauweb.tamnguyen.vn\/noithat16\/#website"},"datePublished":"2022-05-24T09:28:14+00:00","dateModified":"2022-05-24T09:28:14+00:00","breadcrumb":{"@id":"https:\/\/mauweb.tamnguyen.vn\/noithat16\/san-pham\/giuong-ngu-da-that-ma-1693d\/#breadcrumb"},"inLanguage":"vi","potentialAction":[{"@type":"ReadAction","target":["https:\/\/mauweb.tamnguyen.vn\/noithat16\/san-pham\/giuong-ngu-da-that-ma-1693d\/"]}]},{"@type":"BreadcrumbList","@id":"https:\/\/mauweb.tamnguyen.vn\/noithat16\/san-pham\/giuong-ngu-da-that-ma-1693d\/#breadcrumb","itemListElement":[{"@type":"ListItem","position":1,"name":"Trang ch\u1ee7","item":"https:\/\/mauweb.tamnguyen.vn\/noithat16\/"},{"@type":"ListItem","position":2,"name":"Shop","item":"https:\/\/mauweb.tamnguyen.vn\/noithat16\/shop\/"},{"@type":"ListItem","position":3,"name":"Gi\u01b0\u1eddng ng\u1ee7 da th\u1eadt m\u00e3 1693D"}]},{"@type":"WebSite","@id":"https:\/\/mauweb.tamnguyen.vn\/noithat16\/#website","url":"https:\/\/mauweb.tamnguyen.vn\/noithat16\/","name":"M\u1eabu web n\u1ed9i th\u1ea5t","description":"D\u1ecbch v\u1ee5 thi\u1ebft k\u1ebf web uy t\u00edn","potentialAction":[{"@type":"SearchAction","target":{"@type":"EntryPoint","urlTemplate":"https:\/\/mauweb.tamnguyen.vn\/noithat16\/?s={search_term_string}"},"query-input":"required name=search_term_string"}],"inLanguage":"vi"}]}},"_links":{"self":[{"href":"https:\/\/mauweb.tamnguyen.vn\/noithat16\/wp-json\/wp\/v2\/product\/380","targetHints":{"allow":["GET"]}}],"collection":[{"href":"https:\/\/mauweb.tamnguyen.vn\/noithat16\/wp-json\/wp\/v2\/product"}],"about":[{"href":"https:\/\/mauweb.tamnguyen.vn\/noithat16\/wp-json\/wp\/v2\/types\/product"}],"replies":[{"embeddable":true,"href":"https:\/\/mauweb.tamnguyen.vn\/noithat16\/wp-json\/wp\/v2\/comments?post=380"}],"wp:featuredmedia":[{"embeddable":true,"href":"https:\/\/mauweb.tamnguyen.vn\/noithat16\/wp-json\/wp\/v2\/media\/382"}],"wp:attachment":[{"href":"https:\/\/mauweb.tamnguyen.vn\/noithat16\/wp-json\/wp\/v2\/media?parent=380"}],"wp:term":[{"taxonomy":"product_cat","embeddable":true,"href":"https:\/\/mauweb.tamnguyen.vn\/noithat16\/wp-json\/wp\/v2\/product_cat?post=380"},{"taxonomy":"product_tag","embeddable":true,"href":"https:\/\/mauweb.tamnguyen.vn\/noithat16\/wp-json\/wp\/v2\/product_tag?post=380"}],"curies":[{"name":"wp","href":"https:\/\/api.w.org\/{rel}","templated":true}]}}