{"id":27,"date":"2022-05-18T23:06:43","date_gmt":"2022-05-18T16:06:43","guid":{"rendered":"http:\/\/mypham.themevivu.site\/?page_id=27"},"modified":"2022-05-26T17:04:41","modified_gmt":"2022-05-26T10:04:41","slug":"lien-he","status":"publish","type":"page","link":"https:\/\/mauweb.tamnguyen.vn\/mypham05\/lien-he\/","title":{"rendered":"Li\u00ean h\u1ec7"},"content":{"rendered":"\t<section class=\"section lien-he-1 dark\" id=\"section_512545783\">\n\t\t<div class=\"bg section-bg fill bg-fill  bg-loaded\" >\n\n\t\t\t\n\t\t\t\n\t\t\t\n\n\t\t<\/div>\n\n\t\t\n\n\t\t<div class=\"section-content relative\">\n\t\t\t\n<div class=\"row\"  id=\"row-682737467\">\n\n\t<div id=\"col-1407080685\" class=\"col small-12 large-12\"  >\n\t\t\t\t<div class=\"col-inner\"  >\n\t\t\t\n\t\t\t\n<span><span><a href=\"https:\/\/mauweb.tamnguyen.vn\/mypham05\/\">Trang ch\u1ee7<\/a><\/span><\/span>\n<h2><span style=\"font-size: 150%;\">LI\u00caN H\u1ec6<\/span><\/h2>\n<p><span style=\"color: #ffffff;\">Ch\u00fang t\u00f4i r\u1ea5t mong nh\u1eadn \u0111\u01b0\u1ee3c ph\u1ea3n h\u1ed3i c\u1ee7a t\u1ea5t c\u1ea3 kh\u00e1ch h\u00e0ng. <\/span><br \/>\n<span style=\"color: #ffffff;\">M\u1ecdi th\u00f4ng tin, th\u1eafc m\u1eafc \u0111\u1ec1u \u0111\u01b0\u1ee3c YHL gi\u1ea3i \u0111\u00e1p. H\u00e3y \u0111\u1ec3 l\u1ea1i th\u00f4ng tin ngay nh\u00e9!<\/span><\/p>\n\t\t<\/div>\n\t\t\t\t\t<\/div>\n\n\t\n<\/div>\n\t\t<\/div>\n\n\t\t\n<style>\n#section_512545783 {\n  padding-top: 30px;\n  padding-bottom: 30px;\n  background-color: rgb(255, 255, 255);\n}\n#section_512545783 .ux-shape-divider--top svg {\n  height: 150px;\n  --divider-top-width: 100%;\n}\n#section_512545783 .ux-shape-divider--bottom svg {\n  height: 150px;\n  --divider-width: 100%;\n}\n<\/style>\n\t<\/section>\n\t\n\t<section class=\"section lien-he-2\" id=\"section_1241217909\">\n\t\t<div class=\"bg section-bg fill bg-fill  bg-loaded\" >\n\n\t\t\t\n\t\t\t\n\t\t\t\n\n\t\t<\/div>\n\n\t\t\n\n\t\t<div class=\"section-content relative\">\n\t\t\t\n<div class=\"row\" style=\"max-width:1100px\" id=\"row-1423560009\">\n\n\t<div id=\"col-1695612407\" class=\"col medium-6 small-12 large-6\"  >\n\t\t\t\t<div class=\"col-inner\"  >\n\t\t\t\n\t\t\t\n<h2><span style=\"font-size: 110%;\">\u0110\u1ecaA CH\u1ec8 LI\u00caN H\u1ec6<\/span><\/h2>\n<p><span style=\"font-size: 120%;\">M\u1ecdi th\u00f4ng tin vui l\u00f2ng li\u00ean h\u1ec7 v\u1edbi ch\u00fang t\u00f4i qua:<\/span><\/p>\n\n\t\t<div class=\"icon-box featured-box icon-box-left text-left\"  >\n\t\t\t\t\t<div class=\"icon-box-img\" style=\"width: 50px\">\n\t\t\t\t<div class=\"icon\">\n\t\t\t\t\t<div class=\"icon-inner\" >\n\t\t\t\t\t\t<?xml version=\"1.0\" encoding=\"utf-8\"?>\n<!-- Generator: Adobe Illustrator 22.0.1, SVG Export Plug-In . SVG Version: 6.00 Build 0)  -->\n<svg version=\"1.2\" baseProfile=\"tiny\" id=\"Layer_1\" xmlns=\"http:\/\/www.w3.org\/2000\/svg\" xmlns:xlink=\"http:\/\/www.w3.org\/1999\/xlink\" viewBox=\"0 0 28 28\" width=\"28\" height=\"28\" xml:space=\"preserve\">\n<g id=\"Page-1\">\n\t<g id=\"_x30_03---Call\" transform=\"translate(-1)\">\n\t\t<path id=\"Shape\" fill=\"#E3A24A\" d=\"M13.1,15.9c-2.1-2.1-2.6-4.2-2.7-5c0-0.2,0.1-0.5,0.2-0.6l1.7-1.7c0.3-0.2,0.3-0.6,0.1-0.9\n\t\t\tL9.7,3.4C9.5,3,9.1,2.9,8.7,3.1l-4.3,2C4.1,5.3,4,5.6,4,5.9c0.2,2.2,1.2,7.5,6.4,12.7s10.5,6.2,12.7,6.4c0.3,0,0.6-0.1,0.8-0.4\n\t\t\tl2-4.3c0.2-0.3,0.1-0.8-0.3-1l-4.2-2.7c-0.3-0.2-0.7-0.1-0.9,0.1l-1.7,1.7c-0.2,0.2-0.4,0.2-0.6,0.2C17.3,18.5,15.2,18,13.1,15.9\n\t\t\tL13.1,15.9z\"\/>\n\t\t<path id=\"Shape_1_\" fill=\"#E3A24A\" d=\"M21.4,14.8c-0.4,0-0.8-0.3-0.8-0.8c0-3.1-2.5-5.7-5.7-5.7c-0.4,0-0.8-0.3-0.8-0.8\n\t\t\ts0.3-0.8,0.8-0.8c4,0,7.2,3.2,7.2,7.2C22.2,14.4,21.9,14.8,21.4,14.8z\"\/>\n\t\t<path id=\"Shape_2_\" fill=\"#E3A24A\" d=\"M25.2,14.8c-0.4,0-0.8-0.3-0.8-0.8c0-5.2-4.2-9.5-9.5-9.5c-0.4,0-0.8-0.3-0.8-0.8\n\t\t\tS14.6,3,15,3c6.1,0,11,4.9,11,11c0,0.2-0.1,0.4-0.2,0.5C25.6,14.7,25.4,14.8,25.2,14.8z\"\/>\n\t<\/g>\n<\/g>\n<\/svg>\n\t\t\t\t\t<\/div>\n\t\t\t\t<\/div>\n\t\t\t<\/div>\n\t\t\t\t<div class=\"icon-box-text last-reset\">\n\t\t\t\t\t\t\t\t\t\n<h3>19001333<\/h3>\n\t\t<\/div>\n\t<\/div>\n\t\n\t\n\n\t\t<div class=\"icon-box featured-box icon-box-left text-left\"  >\n\t\t\t\t\t<div class=\"icon-box-img\" style=\"width: 50px\">\n\t\t\t\t<div class=\"icon\">\n\t\t\t\t\t<div class=\"icon-inner\" >\n\t\t\t\t\t\t<?xml version=\"1.0\" encoding=\"utf-8\"?>\n<!-- Generator: Adobe Illustrator 22.0.1, SVG Export Plug-In . SVG Version: 6.00 Build 0)  -->\n<svg xmlns=\"http:\/\/www.w3.org\/2000\/svg\" xmlns:xlink=\"http:\/\/www.w3.org\/1999\/xlink\" version=\"1.2\" baseProfile=\"tiny-ps\" id=\"Layer_1\" viewBox=\"0 0 28 28\" width=\"28\" height=\"28\" xml:space=\"preserve\">\n<g>\n\t<g>\n\t\t<path fill=\"#E3A24A\" d=\"M24.8,7.4L18.2,14l6.6,6.6c0.1-0.3,0.2-0.5,0.2-0.8V8.2C25,7.9,24.9,7.6,24.8,7.4z\"\/>\n\t<\/g>\n<\/g>\n<g>\n\t<g>\n\t\t<path fill=\"#E3A24A\" d=\"M23.1,6.3H5c-0.3,0-0.6,0.1-0.8,0.2l8.5,8.4c0.8,0.8,2,0.8,2.7,0l8.5-8.4C23.6,6.3,23.4,6.3,23.1,6.3z\"\/>\n\t<\/g>\n<\/g>\n<g>\n\t<g>\n\t\t<path fill=\"#E3A24A\" d=\"M3.3,7.4C3.2,7.6,3.1,7.9,3.1,8.2v11.5c0,0.3,0.1,0.6,0.2,0.8L9.9,14L3.3,7.4z\"\/>\n\t<\/g>\n<\/g>\n<g>\n\t<g>\n\t\t<path fill=\"#E3A24A\" d=\"M17.3,14.9l-0.9,0.9c-1.3,1.3-3.3,1.3-4.5,0l-0.9-0.9l-6.6,6.6c0.3,0.1,0.5,0.2,0.8,0.2h18.1    c0.3,0,0.6-0.1,0.8-0.2L17.3,14.9z\"\/>\n\t<\/g>\n<\/g>\n<\/svg>\n\t\t\t\t\t<\/div>\n\t\t\t\t<\/div>\n\t\t\t<\/div>\n\t\t\t\t<div class=\"icon-box-text last-reset\">\n\t\t\t\t\t\t\t\t\t\n<h3>dvkh@abc.vn<\/h3>\n\t\t<\/div>\n\t<\/div>\n\t\n\t\n\t<div id=\"gap-1529760859\" class=\"gap-element clearfix hide-for-small\" style=\"display:block; height:auto;\">\n\t\t\n<style>\n#gap-1529760859 {\n  padding-top: 30px;\n}\n<\/style>\n\t<\/div>\n\t\n<p><span style=\"font-size: 120%;\">H\u1ee3p t\u00e1c truy\u1ec1n th\u00f4ng:<\/span><\/p>\n\n\t\t<div class=\"icon-box featured-box icon-box-left text-left\"  >\n\t\t\t\t\t<div class=\"icon-box-img\" style=\"width: 50px\">\n\t\t\t\t<div class=\"icon\">\n\t\t\t\t\t<div class=\"icon-inner\" >\n\t\t\t\t\t\t<?xml version=\"1.0\" encoding=\"utf-8\"?>\n<!-- Generator: Adobe Illustrator 22.0.1, SVG Export Plug-In . SVG Version: 6.00 Build 0)  -->\n<svg xmlns=\"http:\/\/www.w3.org\/2000\/svg\" xmlns:xlink=\"http:\/\/www.w3.org\/1999\/xlink\" version=\"1.2\" baseProfile=\"tiny-ps\" id=\"Layer_1\" viewBox=\"0 0 28 28\" width=\"28\" height=\"28\" xml:space=\"preserve\">\n<g>\n\t<g>\n\t\t<path fill=\"#E3A24A\" d=\"M24.8,7.4L18.2,14l6.6,6.6c0.1-0.3,0.2-0.5,0.2-0.8V8.2C25,7.9,24.9,7.6,24.8,7.4z\"\/>\n\t<\/g>\n<\/g>\n<g>\n\t<g>\n\t\t<path fill=\"#E3A24A\" d=\"M23.1,6.3H5c-0.3,0-0.6,0.1-0.8,0.2l8.5,8.4c0.8,0.8,2,0.8,2.7,0l8.5-8.4C23.6,6.3,23.4,6.3,23.1,6.3z\"\/>\n\t<\/g>\n<\/g>\n<g>\n\t<g>\n\t\t<path fill=\"#E3A24A\" d=\"M3.3,7.4C3.2,7.6,3.1,7.9,3.1,8.2v11.5c0,0.3,0.1,0.6,0.2,0.8L9.9,14L3.3,7.4z\"\/>\n\t<\/g>\n<\/g>\n<g>\n\t<g>\n\t\t<path fill=\"#E3A24A\" d=\"M17.3,14.9l-0.9,0.9c-1.3,1.3-3.3,1.3-4.5,0l-0.9-0.9l-6.6,6.6c0.3,0.1,0.5,0.2,0.8,0.2h18.1    c0.3,0,0.6-0.1,0.8-0.2L17.3,14.9z\"\/>\n\t<\/g>\n<\/g>\n<\/svg>\n\t\t\t\t\t<\/div>\n\t\t\t\t<\/div>\n\t\t\t<\/div>\n\t\t\t\t<div class=\"icon-box-text last-reset\">\n\t\t\t\t\t\t\t\t\t\n<h3>truyenthong@abc.vn<\/h3>\n\t\t<\/div>\n\t<\/div>\n\t\n\t\n\t\t<\/div>\n\t\t\t\t\t<\/div>\n\n\t\n\n\t<div id=\"col-213242662\" class=\"col medium-6 small-12 large-6\"  >\n\t\t\t\t<div class=\"col-inner\"  >\n\t\t\t\n\t\t\t\n\n<div class=\"wpcf7 no-js\" id=\"wpcf7-f1246-o1\" lang=\"vi\" dir=\"ltr\" data-wpcf7-id=\"1246\">\n<div class=\"screen-reader-response\"><p role=\"status\" aria-live=\"polite\" aria-atomic=\"true\"><\/p> <ul><\/ul><\/div>\n<form action=\"\/mypham05\/wp-json\/wp\/v2\/pages\/27#wpcf7-f1246-o1\" method=\"post\" class=\"wpcf7-form init\" aria-label=\"Form li\u00ean h\u1ec7\" novalidate=\"novalidate\" data-status=\"init\">\n<fieldset class=\"hidden-fields-container\"><input type=\"hidden\" name=\"_wpcf7\" value=\"1246\" \/><input type=\"hidden\" name=\"_wpcf7_version\" value=\"6.1.5\" \/><input type=\"hidden\" name=\"_wpcf7_locale\" value=\"vi\" \/><input type=\"hidden\" name=\"_wpcf7_unit_tag\" value=\"wpcf7-f1246-o1\" \/><input type=\"hidden\" name=\"_wpcf7_container_post\" value=\"0\" \/><input type=\"hidden\" name=\"_wpcf7_posted_data_hash\" value=\"\" \/>\n<\/fieldset>\n<div class=\"gui-lien-he\">\n\t<h3>G\u1eedi li\u00ean h\u1ec7\n\t<\/h3>\n\t<div class=\"box-form\">\n\t\t<p><label>H\u1ecd t\u00ean<\/label><br \/>\n<span class=\"wpcf7-form-control-wrap\" data-name=\"text-110\"><input size=\"40\" maxlength=\"400\" class=\"wpcf7-form-control wpcf7-text wpcf7-validates-as-required\" aria-required=\"true\" aria-invalid=\"false\" placeholder=\"Nh\u1eadp h\u1ecd v\u00e0 t\u00ean\" value=\"\" type=\"text\" name=\"text-110\" \/><\/span><br \/>\n<label>\u0110i\u1ec7n tho\u1ea1i<\/label><br \/>\n<span class=\"wpcf7-form-control-wrap\" data-name=\"tel-227\"><input size=\"40\" maxlength=\"400\" class=\"wpcf7-form-control wpcf7-tel wpcf7-validates-as-required wpcf7-text wpcf7-validates-as-tel\" aria-required=\"true\" aria-invalid=\"false\" placeholder=\"Nh\u1eadp s\u1ed1 \u0111i\u1ec7n tho\u1ea1i\" value=\"\" type=\"tel\" name=\"tel-227\" \/><\/span><br \/>\n<label>Email<\/label><br \/>\n<span class=\"wpcf7-form-control-wrap\" data-name=\"email-207\"><input size=\"40\" maxlength=\"400\" class=\"wpcf7-form-control wpcf7-email wpcf7-text wpcf7-validates-as-email\" aria-invalid=\"false\" placeholder=\"Nh\u1eadp \u0111\u1ecba ch\u1ec9 email\" value=\"\" type=\"email\" name=\"email-207\" \/><\/span><br \/>\n<label>G\u1eedi th\u00f4ng tin cho ch\u00fang t\u00f4i<\/label><br \/>\n<span class=\"wpcf7-form-control-wrap\" data-name=\"textarea-73\"><textarea cols=\"40\" rows=\"10\" maxlength=\"2000\" class=\"wpcf7-form-control wpcf7-textarea\" aria-invalid=\"false\" name=\"textarea-73\"><\/textarea><\/span><br \/>\n<input class=\"wpcf7-form-control wpcf7-submit has-spinner\" type=\"submit\" value=\"G\u1eedi th\u00f4ng tin\" \/>\n\t\t<\/p>\n\t<\/div>\n<\/div>\n<div class=\"wpcf7-response-output\" aria-hidden=\"true\"><\/div>\n<\/form>\n<\/div>\n\n\t\t<\/div>\n\t\t\t\t\t<\/div>\n\n\t\n<\/div>\n\t\t<\/div>\n\n\t\t\n<style>\n#section_1241217909 {\n  padding-top: 50px;\n  padding-bottom: 50px;\n}\n#section_1241217909 .ux-shape-divider--top svg {\n  height: 150px;\n  --divider-top-width: 100%;\n}\n#section_1241217909 .ux-shape-divider--bottom svg {\n  height: 150px;\n  --divider-width: 100%;\n}\n<\/style>\n\t<\/section>\n\t\n","protected":false},"excerpt":{"rendered":"","protected":false},"author":1,"featured_media":0,"parent":0,"menu_order":0,"comment_status":"closed","ping_status":"closed","template":"page-blank.php","meta":{"footnotes":""},"class_list":["post-27","page","type-page","status-publish","hentry"],"yoast_head":"<!-- This site is optimized with the Yoast SEO plugin v27.5 - https:\/\/yoast.com\/product\/yoast-seo-wordpress\/ -->\n<title>Li\u00ean h\u1ec7 - M\u1eabu web m\u1ef9 ph\u1ea9m<\/title>\n<meta name=\"robots\" content=\"noindex, follow, max-snippet:-1, max-image-preview:large, max-video-preview:-1\" \/>\n<meta property=\"og:locale\" content=\"vi_VN\" \/>\n<meta property=\"og:type\" content=\"article\" \/>\n<meta property=\"og:title\" content=\"Li\u00ean h\u1ec7 - M\u1eabu web m\u1ef9 ph\u1ea9m\" \/>\n<meta property=\"og:url\" content=\"https:\/\/mauweb.tamnguyen.vn\/mypham05\/lien-he\/\" \/>\n<meta property=\"og:site_name\" content=\"M\u1eabu web m\u1ef9 ph\u1ea9m\" \/>\n<meta property=\"article:modified_time\" content=\"2022-05-26T10:04:41+00:00\" \/>\n<meta name=\"twitter:card\" content=\"summary_large_image\" \/>\n<meta name=\"twitter:label1\" content=\"\u01af\u1edbc t\u00ednh th\u1eddi gian \u0111\u1ecdc\" \/>\n\t<meta name=\"twitter:data1\" content=\"1 ph\u00fat\" \/>\n<script type=\"application\/ld+json\" class=\"yoast-schema-graph\">{\"@context\":\"https:\\\/\\\/schema.org\",\"@graph\":[{\"@type\":\"WebPage\",\"@id\":\"https:\\\/\\\/mauweb.tamnguyen.vn\\\/mypham05\\\/lien-he\\\/\",\"url\":\"https:\\\/\\\/mauweb.tamnguyen.vn\\\/mypham05\\\/lien-he\\\/\",\"name\":\"Li\u00ean h\u1ec7 - M\u1eabu web m\u1ef9 ph\u1ea9m\",\"isPartOf\":{\"@id\":\"https:\\\/\\\/mauweb.tamnguyen.vn\\\/mypham05\\\/#website\"},\"datePublished\":\"2022-05-18T16:06:43+00:00\",\"dateModified\":\"2022-05-26T10:04:41+00:00\",\"breadcrumb\":{\"@id\":\"https:\\\/\\\/mauweb.tamnguyen.vn\\\/mypham05\\\/lien-he\\\/#breadcrumb\"},\"inLanguage\":\"vi\",\"potentialAction\":[{\"@type\":\"ReadAction\",\"target\":[\"https:\\\/\\\/mauweb.tamnguyen.vn\\\/mypham05\\\/lien-he\\\/\"]}]},{\"@type\":\"BreadcrumbList\",\"@id\":\"https:\\\/\\\/mauweb.tamnguyen.vn\\\/mypham05\\\/lien-he\\\/#breadcrumb\",\"itemListElement\":[{\"@type\":\"ListItem\",\"position\":1,\"name\":\"Trang ch\u1ee7\",\"item\":\"https:\\\/\\\/mauweb.tamnguyen.vn\\\/mypham05\\\/\"},{\"@type\":\"ListItem\",\"position\":2,\"name\":\"Li\u00ean h\u1ec7\"}]},{\"@type\":\"WebSite\",\"@id\":\"https:\\\/\\\/mauweb.tamnguyen.vn\\\/mypham05\\\/#website\",\"url\":\"https:\\\/\\\/mauweb.tamnguyen.vn\\\/mypham05\\\/\",\"name\":\"M\u1eabu web m\u1ef9 ph\u1ea9m\",\"description\":\"D\u1ecbch v\u1ee5 thi\u1ebft k\u1ebf web uy t\u00edn\",\"potentialAction\":[{\"@type\":\"SearchAction\",\"target\":{\"@type\":\"EntryPoint\",\"urlTemplate\":\"https:\\\/\\\/mauweb.tamnguyen.vn\\\/mypham05\\\/?s={search_term_string}\"},\"query-input\":{\"@type\":\"PropertyValueSpecification\",\"valueRequired\":true,\"valueName\":\"search_term_string\"}}],\"inLanguage\":\"vi\"}]}<\/script>\n<!-- \/ Yoast SEO plugin. -->","yoast_head_json":{"title":"Li\u00ean h\u1ec7 - M\u1eabu web m\u1ef9 ph\u1ea9m","robots":{"index":"noindex","follow":"follow","max-snippet":"max-snippet:-1","max-image-preview":"max-image-preview:large","max-video-preview":"max-video-preview:-1"},"og_locale":"vi_VN","og_type":"article","og_title":"Li\u00ean h\u1ec7 - M\u1eabu web m\u1ef9 ph\u1ea9m","og_url":"https:\/\/mauweb.tamnguyen.vn\/mypham05\/lien-he\/","og_site_name":"M\u1eabu web m\u1ef9 ph\u1ea9m","article_modified_time":"2022-05-26T10:04:41+00:00","twitter_card":"summary_large_image","twitter_misc":{"\u01af\u1edbc t\u00ednh th\u1eddi gian \u0111\u1ecdc":"1 ph\u00fat"},"schema":{"@context":"https:\/\/schema.org","@graph":[{"@type":"WebPage","@id":"https:\/\/mauweb.tamnguyen.vn\/mypham05\/lien-he\/","url":"https:\/\/mauweb.tamnguyen.vn\/mypham05\/lien-he\/","name":"Li\u00ean h\u1ec7 - M\u1eabu web m\u1ef9 ph\u1ea9m","isPartOf":{"@id":"https:\/\/mauweb.tamnguyen.vn\/mypham05\/#website"},"datePublished":"2022-05-18T16:06:43+00:00","dateModified":"2022-05-26T10:04:41+00:00","breadcrumb":{"@id":"https:\/\/mauweb.tamnguyen.vn\/mypham05\/lien-he\/#breadcrumb"},"inLanguage":"vi","potentialAction":[{"@type":"ReadAction","target":["https:\/\/mauweb.tamnguyen.vn\/mypham05\/lien-he\/"]}]},{"@type":"BreadcrumbList","@id":"https:\/\/mauweb.tamnguyen.vn\/mypham05\/lien-he\/#breadcrumb","itemListElement":[{"@type":"ListItem","position":1,"name":"Trang ch\u1ee7","item":"https:\/\/mauweb.tamnguyen.vn\/mypham05\/"},{"@type":"ListItem","position":2,"name":"Li\u00ean h\u1ec7"}]},{"@type":"WebSite","@id":"https:\/\/mauweb.tamnguyen.vn\/mypham05\/#website","url":"https:\/\/mauweb.tamnguyen.vn\/mypham05\/","name":"M\u1eabu web m\u1ef9 ph\u1ea9m","description":"D\u1ecbch v\u1ee5 thi\u1ebft k\u1ebf web uy t\u00edn","potentialAction":[{"@type":"SearchAction","target":{"@type":"EntryPoint","urlTemplate":"https:\/\/mauweb.tamnguyen.vn\/mypham05\/?s={search_term_string}"},"query-input":{"@type":"PropertyValueSpecification","valueRequired":true,"valueName":"search_term_string"}}],"inLanguage":"vi"}]}},"_links":{"self":[{"href":"https:\/\/mauweb.tamnguyen.vn\/mypham05\/wp-json\/wp\/v2\/pages\/27","targetHints":{"allow":["GET"]}}],"collection":[{"href":"https:\/\/mauweb.tamnguyen.vn\/mypham05\/wp-json\/wp\/v2\/pages"}],"about":[{"href":"https:\/\/mauweb.tamnguyen.vn\/mypham05\/wp-json\/wp\/v2\/types\/page"}],"author":[{"embeddable":true,"href":"https:\/\/mauweb.tamnguyen.vn\/mypham05\/wp-json\/wp\/v2\/users\/1"}],"replies":[{"embeddable":true,"href":"https:\/\/mauweb.tamnguyen.vn\/mypham05\/wp-json\/wp\/v2\/comments?post=27"}],"version-history":[{"count":25,"href":"https:\/\/mauweb.tamnguyen.vn\/mypham05\/wp-json\/wp\/v2\/pages\/27\/revisions"}],"predecessor-version":[{"id":1561,"href":"https:\/\/mauweb.tamnguyen.vn\/mypham05\/wp-json\/wp\/v2\/pages\/27\/revisions\/1561"}],"wp:attachment":[{"href":"https:\/\/mauweb.tamnguyen.vn\/mypham05\/wp-json\/wp\/v2\/media?parent=27"}],"curies":[{"name":"wp","href":"https:\/\/api.w.org\/{rel}","templated":true}]}}