{"id":340,"date":"2021-10-26T16:25:40","date_gmt":"2021-10-26T09:25:40","guid":{"rendered":"http:\/\/mypham4.themevivu.com\/?post_type=product&#038;p=340"},"modified":"2021-11-10T10:47:30","modified_gmt":"2021-11-10T03:47:30","slug":"bosalson-venus-oil","status":"publish","type":"product","link":"https:\/\/mauweb.tamnguyen.vn\/mypham04\/san-pham\/bosalson-venus-oil\/","title":{"rendered":"BOSALSON VENUS OIL"},"content":{"rendered":"<h3 dir=\"ltr\">1. T\u00e1c d\u1ee5ng<\/h3>\n<p dir=\"ltr\">T\u0103ng c\u01b0\u1eddng l\u01b0u th\u00f4ng m\u00e1u, th\u00fac \u0111\u1ea9y trao \u0111\u1ed5i ch\u1ea5t v\u00e0 n\u0103ng l\u01b0\u1ee3ng, \u0111\u1ed1t ch\u00e1y ch\u1ea5t b\u00e9o, t\u0103ng c\u01b0\u1eddng \u0111\u00e0o th\u1ea3i c\u00e1c t\u1ebf b\u00e0o m\u1ee1, l\u00e0m m\u1edd v\u1ebft s\u1eb9o:<\/p>\n<ul>\n<li dir=\"ltr\">\n<p dir=\"ltr\">\u0110\u1ed1t ch\u00e1y v\u00e0 ph\u00e2n gi\u1ea3i ch\u1ea5t b\u00e9o c\u1ee9ng \u1edf ph\u1ea7n b\u1eafp tay, vai, m\u00f4ng \u0111\u00f9i, b\u1ee5ng<\/p>\n<\/li>\n<li dir=\"ltr\">\n<p dir=\"ltr\">Th\u1ea3i \u0111\u1ed9c gan<\/p>\n<\/li>\n<li dir=\"ltr\">\n<p dir=\"ltr\">T\u0103ng ch\u1ee9c n\u0103ng h\u1ea5p th\u1ee5 c\u1ee7a ru\u1ed9t non<\/p>\n<\/li>\n<li dir=\"ltr\">\n<p dir=\"ltr\">\u0110\u1ea1i tr\u00e0ng, d\u1ea1 d\u00e0y, ph\u1ed5i, x\u01a1 gan<\/p>\n<\/li>\n<li dir=\"ltr\">\n<p dir=\"ltr\">C\u01a1 th\u1ec3 nhi\u1ec5m l\u1ea1nh<\/p>\n<\/li>\n<li dir=\"ltr\">\n<p dir=\"ltr\">Da t\u00e1i nh\u1ee3t xanh xao<\/p>\n<\/li>\n<li dir=\"ltr\">\n<p dir=\"ltr\">C\u01a1 th\u1ec3 l\u00e3o h\u00f3a ch\u1ea3y x\u1ec7<\/p>\n<\/li>\n<li dir=\"ltr\">\n<p dir=\"ltr\">Tu\u1ea7n ho\u00e0n m\u00e1u, trao \u0111\u1ed5i ch\u1ea5t<\/p>\n<\/li>\n<li dir=\"ltr\">\n<p dir=\"ltr\">T\u0103ng c\u01b0\u1eddng ch\u1ee9c n\u0103ng chuy\u1ec3n h\u00f3a<\/p>\n<\/li>\n<li dir=\"ltr\">\n<p dir=\"ltr\">Ch\u0103m s\u00f3c th\u1ec3 ch\u1ea5t v\u00e0 tinh th\u1ea7n<\/p>\n<\/li>\n<\/ul>\n<h3 dir=\"ltr\">2. Th\u00e0nh ph\u1ea7n ch\u00ednh<\/h3>\n<p dir=\"ltr\">Camellia Japonica Seed Oil, Helianthus Annuus (Sunflower) Seed Oil, Camellia Sinensis Seed Oil, Olea Europaea (Olive) Fruit Oil, Simmondsia Chinensis (Jojoba) Seed Oil, Pogostemon Cablin Oil, Foeniculum Vulgare (Fennel) Oil, Ocimum Basilicum (Basil) Oil, Citrus Paradisi (Grapefruit) Peel Oil, Myristica Fragrans (Nutmeg) Kernel Oil, Cedrus Atlantica Wood Oil, Citrus Aurantium Dulcis (Orange) Peel Oil.<\/p>\n<h3 dir=\"ltr\">3. D\u01b0\u1ee3c li\u1ec7u ch\u00ednh<\/h3>\n<p dir=\"ltr\">G\u1ed7 tuy\u1ebft t\u00f9ng, B\u01b0\u1edfi, Cam, Th\u00ec l\u00e0, H\u00fang qu\u1ebf,&#8230;<\/p>\n<h3 dir=\"ltr\">4. C\u00e1ch s\u1eed d\u1ee5ng<\/h3>\n<p dir=\"ltr\">D\u00f9ng cho to\u00e0n th\u00e2n:<\/p>\n<p dir=\"ltr\">+ C\u00e1ch 1: Ph\u01b0\u01a1ng ph\u00e1p ng\u00e2m b\u1ed3n: X\u1ea3 n\u01b0\u1edbc n\u00f3ng v\u00e0o b\u1ed3n cho nhi\u1ec7t \u0111\u1ed9 t\u1eeb 37 \u0111\u1ed9 tr\u1edf l\u00ean, l\u01b0\u1ee3ng n\u01b0\u1edbc ng\u1eadp to\u00e0n th\u00e2n v\u1edbi t\u1eeb 7 &#8211; 10 gi\u1ecdt (c\u00f3 th\u1ec3 d\u00f9ng nhi\u1ec1u h\u01a1n) ng\u00e2m t\u1eeb 15 &#8211; 20 ph\u00fat v\u00e0 kh\u00f4ng c\u1ea7n t\u1eafm l\u1ea1i. N\u00ean ng\u00e2m sau khi \u0111\u00e3 t\u1eafm v\u00e0 v\u1ec7 sinh c\u01a1 th\u1ec3 s\u1ea1ch s\u1ebd.<\/p>\n<p dir=\"ltr\">+ C\u00e1ch 2: Thoa l\u01b0\u1ee3ng tinh d\u1ea7u d\u01b0\u1ee3c li\u1ec7u v\u1eeba \u0111\u1ee7 l\u00ean c\u01a1 th\u1ec3, massage nh\u1eb9 nh\u00e0ng theo chi\u1ec1u c\u00e1c m\u1ea1ch b\u1ea1ch huy\u1ebft, t\u1eadp trung c\u00e1c v\u00f9ng h\u1ea1ch b\u1ea1ch huy\u1ebft: ch\u00e0 x\u00e1t , d\u00f9ng c\u00e1c b\u1ee5ng \u0111\u1ea7u ng\u00f3n tay c\u00e1i t\u00e1ch \u1ea5n v\u00e0o v\u00f9ng m\u1ee1 c\u1ee9ng, m\u1ee1 l\u1ea1nh kho\u1ea3ng 5 -10 ph\u00fat cho to\u00e0n th\u00e2n r\u1ed3i t\u1eafm l\u1ea1i b\u1eb1ng n\u01b0\u1edbc \u1ea5m sau \u0111\u00f3. (Sau \u0111\u00f3, n\u1ebfu x\u00f4ng h\u01a1i \u01b0\u1edbt, kh\u00f4, \u1ee7 n\u00f3ng b\u1eb1ng nilon, chi\u1ebfu \u0111i\u1ec7n, 15 &#8211; 20 cho ra m\u1ed3 h\u00f4i th\u00ec t\u0103ng hi\u1ec7u qu\u1ea3).<\/p>\n<p dir=\"ltr\">+ C\u00e1ch 3: Pha v\u1edbi mu\u1ed1i tr\u1ecb li\u1ec7u v\u00e0 c\u00e1c d\u01b0\u1ee3c li\u1ec7u kh\u00e1c, ch\u0103m s\u00f3c nhi\u1ec1u m\u1eb7t b\u1ec7nh c\u00f9ng l\u00fac (theo b\u1ea3ng c\u00f4ng th\u1ee9c mix d\u01b0\u1ee3c li\u1ec7u) v\u00e0 d\u00f9ng li\u1ec7u ph\u00e1p S\u00d3NG L\u00d5I HADOO (li\u1ec7u ph\u00e1p ch\u1ea3i ch\u1ed5i v\u00e0 \u0111\u00e1 n\u0103ng l\u01b0\u1ee3ng) \u0111\u1ec3 t\u1ed1i \u0111a h\u00f3a t\u00e1c d\u1ee5ng cho c\u00e1c b\u1ec7nh l\u00fd.<\/p>\n<p dir=\"ltr\">+ C\u00e1ch 4: Pha v\u1edbi mu\u1ed1i v\u00e0 c\u00e1c d\u01b0\u1ee3c li\u1ec7u kh\u00e1c (theo b\u1ea3ng c\u00f4ng th\u1ee9c mix d\u01b0\u1ee3c li\u1ec7u), massage n\u0103ng l\u01b0\u1ee3ng ph\u1ee5c h\u1ed3i s\u1ee9c kh\u1ecfe th\u1ec3 ch\u1ea5t v\u00e0 t\u00e2m tr\u00ed.<\/p>\n","protected":false},"excerpt":{"rendered":"<p dir=\"ltr\">T\u0103ng c\u01b0\u1eddng l\u01b0u th\u00f4ng m\u00e1u, th\u00fac \u0111\u1ea9y trao \u0111\u1ed5i ch\u1ea5t v\u00e0 n\u0103ng l\u01b0\u1ee3ng, \u0111\u1ed1t ch\u00e1y ch\u1ea5t b\u00e9o, t\u0103ng c\u01b0\u1eddng \u0111\u00e0o th\u1ea3i c\u00e1c t\u1ebf b\u00e0o m\u1ee1, l\u00e0m m\u1edd v\u1ebft s\u1eb9o: \u0110\u1ed1t ch\u00e1y v\u00e0 ph\u00e2n gi\u1ea3i ch\u1ea5t b\u00e9o c\u1ee9ng \u1edf ph\u1ea7n b\u1eafp tay, vai, m\u00f4ng \u0111\u00f9i, b\u1ee5ng; Th\u1ea3i \u0111\u1ed9c gan; T\u0103ng ch\u1ee9c n\u0103ng h\u1ea5p th\u1ee5 c\u1ee7a ru\u1ed9t non; \u0110\u1ea1i tr\u00e0ng, d\u1ea1 d\u00e0y, ph\u1ed5i, x\u01a1 gan<\/p>\n","protected":false},"featured_media":2566,"comment_status":"open","ping_status":"closed","template":"","meta":[],"product_cat":[15,23],"product_tag":[],"yst_prominent_words":[],"class_list":["post-340","product","type-product","status-publish","has-post-thumbnail","hentry","product_cat-tinh-dau","product_cat-venus-oil"],"_links":{"self":[{"href":"https:\/\/mauweb.tamnguyen.vn\/mypham04\/wp-json\/wp\/v2\/product\/340","targetHints":{"allow":["GET"]}}],"collection":[{"href":"https:\/\/mauweb.tamnguyen.vn\/mypham04\/wp-json\/wp\/v2\/product"}],"about":[{"href":"https:\/\/mauweb.tamnguyen.vn\/mypham04\/wp-json\/wp\/v2\/types\/product"}],"replies":[{"embeddable":true,"href":"https:\/\/mauweb.tamnguyen.vn\/mypham04\/wp-json\/wp\/v2\/comments?post=340"}],"wp:featuredmedia":[{"embeddable":true,"href":"https:\/\/mauweb.tamnguyen.vn\/mypham04\/wp-json\/wp\/v2\/media\/2566"}],"wp:attachment":[{"href":"https:\/\/mauweb.tamnguyen.vn\/mypham04\/wp-json\/wp\/v2\/media?parent=340"}],"wp:term":[{"taxonomy":"product_cat","embeddable":true,"href":"https:\/\/mauweb.tamnguyen.vn\/mypham04\/wp-json\/wp\/v2\/product_cat?post=340"},{"taxonomy":"product_tag","embeddable":true,"href":"https:\/\/mauweb.tamnguyen.vn\/mypham04\/wp-json\/wp\/v2\/product_tag?post=340"},{"taxonomy":"yst_prominent_words","embeddable":true,"href":"https:\/\/mauweb.tamnguyen.vn\/mypham04\/wp-json\/wp\/v2\/yst_prominent_words?post=340"}],"curies":[{"name":"wp","href":"https:\/\/api.w.org\/{rel}","templated":true}]}}