{"id":330,"date":"2021-10-26T16:15:18","date_gmt":"2021-10-26T09:15:18","guid":{"rendered":"http:\/\/mypham4.themevivu.com\/?post_type=product&#038;p=330"},"modified":"2021-11-10T10:48:27","modified_gmt":"2021-11-10T03:48:27","slug":"vitalizing-cream","status":"publish","type":"product","link":"https:\/\/mauweb.tamnguyen.vn\/mypham04\/san-pham\/vitalizing-cream\/","title":{"rendered":"VITALIZING CREAM"},"content":{"rendered":"<p><strong>1.\u00a0<\/strong><strong>Th\u00f4ng tin chung:<\/strong><\/p>\n<p>C\u00f4ng th\u1ee9c m\u1edbi ch\u1ee9a 11 lo\u1ea1i chi\u1ebft xu\u1ea5t t\u1eeb th\u1ef1c v\u1eadt qu\u00fd v\u00e0 7 lo\u1ea1i tinh d\u1ea7u t\u1eeb t\u1ef1 nhi\u00ean, gi\u00fap b\u1ed5 sung cho l\u00e0n da b\u1ea1n \u0111\u1ea7y \u0111\u1ee7 d\u01b0\u1ee1ng ch\u1ea5t c\u1ea7n thi\u1ebft. Cung c\u1ea5p nhi\u1ec1u ch\u1ea5t ch\u1ed1ng oxi h\u00f3a, qua \u0111\u00f3 l\u00e0m ch\u1eadm qu\u00e1 tr\u00ecnh l\u00e3o h\u00f3a da.<\/p>\n<p><strong>2. C\u00f4ng d\u1ee5ng:<\/strong><\/p>\n<p>K\u1ebft h\u1ee3p v\u1edbi k\u1ef9 thu\u1eadt massage:<\/p>\n<p>&#8211; Gi\u00fap l\u00e0m s\u1ea1ch b\u00e3 nh\u1eddn, thu nh\u1ecf l\u1ed7 ch\u00e2n l\u00f4ng.<\/p>\n<p>&#8211; Ng\u0103n ng\u1eeba, h\u1ea1n ch\u1ebf vi khu\u1ea9n, n\u1ea5m m\u1ed1c ph\u00e1t tri\u1ec3n.<\/p>\n<p>&#8211; Kh\u00e1ng vi\u00eam v\u00e0 t\u0103ng c\u01b0\u1eddng l\u01b0u th\u00f4ng m\u00e1u d\u01b0\u1edbi da.<\/p>\n<p>&#8211; B\u1ed5 sung c\u00e1c vitamin, kho\u00e1ng ch\u1ea5t c\u1ea7n thi\u1ebft cho da, t\u0103ng c\u01b0\u1eddng t\u1ed1c \u0111\u1ed9 ph\u1ee5c h\u1ed3i c\u1ee7a da.<\/p>\n<p>&#8211; L\u00e0m s\u00e1ng da, gi\u00fap da m\u1ecbn m\u00e0ng, \u0111\u1ea7y s\u1ee9c s\u1ed1ng.<\/p>\n","protected":false},"excerpt":{"rendered":"<p>C\u00f4ng th\u1ee9c m\u1edbi ch\u1ee9a 11 lo\u1ea1i chi\u1ebft xu\u1ea5t t\u1eeb th\u1ef1c v\u1eadt qu\u00fd v\u00e0 7 lo\u1ea1i tinh d\u1ea7u t\u1eeb t\u1ef1 nhi\u00ean, gi\u00fap b\u1ed5 sung cho l\u00e0n da b\u1ea1n \u0111\u1ea7y \u0111\u1ee7 d\u01b0\u1ee1ng ch\u1ea5t c\u1ea7n thi\u1ebft. Cung c\u1ea5p nhi\u1ec1u ch\u1ea5t ch\u1ed1ng oxi h\u00f3a, qua \u0111\u00f3 l\u00e0m ch\u1eadm qu\u00e1 tr\u00ecnh l\u00e3o h\u00f3a da.<\/p>\n","protected":false},"featured_media":2615,"comment_status":"open","ping_status":"closed","template":"","meta":[],"product_cat":[29,31],"product_tag":[],"yst_prominent_words":[],"class_list":["post-330","product","type-product","status-publish","has-post-thumbnail","hentry","product_cat-san-pham-bo-tro","product_cat-vitalizing-cream"],"_links":{"self":[{"href":"https:\/\/mauweb.tamnguyen.vn\/mypham04\/wp-json\/wp\/v2\/product\/330","targetHints":{"allow":["GET"]}}],"collection":[{"href":"https:\/\/mauweb.tamnguyen.vn\/mypham04\/wp-json\/wp\/v2\/product"}],"about":[{"href":"https:\/\/mauweb.tamnguyen.vn\/mypham04\/wp-json\/wp\/v2\/types\/product"}],"replies":[{"embeddable":true,"href":"https:\/\/mauweb.tamnguyen.vn\/mypham04\/wp-json\/wp\/v2\/comments?post=330"}],"wp:featuredmedia":[{"embeddable":true,"href":"https:\/\/mauweb.tamnguyen.vn\/mypham04\/wp-json\/wp\/v2\/media\/2615"}],"wp:attachment":[{"href":"https:\/\/mauweb.tamnguyen.vn\/mypham04\/wp-json\/wp\/v2\/media?parent=330"}],"wp:term":[{"taxonomy":"product_cat","embeddable":true,"href":"https:\/\/mauweb.tamnguyen.vn\/mypham04\/wp-json\/wp\/v2\/product_cat?post=330"},{"taxonomy":"product_tag","embeddable":true,"href":"https:\/\/mauweb.tamnguyen.vn\/mypham04\/wp-json\/wp\/v2\/product_tag?post=330"},{"taxonomy":"yst_prominent_words","embeddable":true,"href":"https:\/\/mauweb.tamnguyen.vn\/mypham04\/wp-json\/wp\/v2\/yst_prominent_words?post=330"}],"curies":[{"name":"wp","href":"https:\/\/api.w.org\/{rel}","templated":true}]}}