{"id":328,"date":"2021-10-26T16:12:50","date_gmt":"2021-10-26T09:12:50","guid":{"rendered":"http:\/\/mypham4.themevivu.com\/?post_type=product&#038;p=328"},"modified":"2021-11-11T15:53:07","modified_gmt":"2021-11-11T08:53:07","slug":"bosalson-women-health","status":"publish","type":"product","link":"https:\/\/mauweb.tamnguyen.vn\/mypham04\/san-pham\/bosalson-women-health\/","title":{"rendered":"BOSALSON WOMEN HEALTH"},"content":{"rendered":"<h2><img loading=\"lazy\" decoding=\"async\" class=\"aligncenter size-full wp-image-2951\" src=\"http:\/\/mypham4.themevivu.com\/wp-content\/uploads\/2021\/10\/Bosalson-women-health-3.jpg\" alt=\"Bosalson Women Health\" width=\"800\" height=\"450\" srcset=\"https:\/\/mauweb.tamnguyen.vn\/mypham04\/wp-content\/uploads\/2021\/10\/Bosalson-women-health-3.jpg 800w, https:\/\/mauweb.tamnguyen.vn\/mypham04\/wp-content\/uploads\/2021\/10\/Bosalson-women-health-3-300x169.jpg 300w, https:\/\/mauweb.tamnguyen.vn\/mypham04\/wp-content\/uploads\/2021\/10\/Bosalson-women-health-3-768x432.jpg 768w, https:\/\/mauweb.tamnguyen.vn\/mypham04\/wp-content\/uploads\/2021\/10\/Bosalson-women-health-3-600x338.jpg 600w\" sizes=\"auto, (max-width: 800px) 100vw, 800px\" \/>Th\u00e0nh ph\u1ea7n<\/h2>\n<p><span style=\"font-weight: 400;\">M\u1ed7i vi\u00ean nang m\u1ec1m c\u00f3 ch\u1ee9a:<\/span><\/p>\n<ul>\n<li><span style=\"font-weight: 400;\"> 500mg cao h\u1ed7n h\u1ee3p chi\u1ebft xu\u1ea5t t\u1eeb l\u01b0\u1ee3ng d\u01b0\u1ee3c li\u1ec7u:<\/span><\/li>\n<li style=\"font-weight: 400;\" aria-level=\"1\"><span style=\"font-weight: 400;\">Trinh n\u1eef ho\u00e0ng cung (Crinum latifolium): 1250mg<\/span><\/li>\n<li style=\"font-weight: 400;\" aria-level=\"1\"><span style=\"font-weight: 400;\">X\u1ea1 \u0111en (Celastrus hindsii): 800mg<\/span><\/li>\n<li style=\"font-weight: 400;\" aria-level=\"1\"><span style=\"font-weight: 400;\">Th\u1ee5c \u0111\u1ecba (Rehmanniae glutinosae): 600mg<\/span><\/li>\n<li style=\"font-weight: 400;\" aria-level=\"1\"><span style=\"font-weight: 400;\">\u00cdch m\u1eabu (Leonurus japonicus): 600mg<\/span><\/li>\n<li style=\"font-weight: 400;\" aria-level=\"1\"><span style=\"font-weight: 400;\">H\u01b0\u01a1ng ph\u1ee5 (Cyperus rotundus): 500mg<\/span><\/li>\n<li style=\"font-weight: 400;\" aria-level=\"1\"><span style=\"font-weight: 400;\">Ng\u1ea3i c\u1ee9u (Artemisia vulgaris): 500mg<\/span><\/li>\n<li style=\"font-weight: 400;\" aria-level=\"1\"><span style=\"font-weight: 400;\">\u0110\u01b0\u01a1ng quy (Angelica sinensis): 400mg<\/span><\/li>\n<li style=\"font-weight: 400;\" aria-level=\"1\"><span style=\"font-weight: 400;\">Xuy\u00ean khung (Ligusticum wallichii): 400mg<\/span><\/li>\n<li style=\"font-weight: 400;\" aria-level=\"1\"><span style=\"font-weight: 400;\">X\u00edch th\u01b0\u1ee3c (Paeonia lactifora): 400mg<\/span><\/li>\n<li style=\"font-weight: 400;\" aria-level=\"1\"><span style=\"font-weight: 400;\">H\u1ed3ng hoa (Carthamus tinctorius): 200mg<\/span><\/li>\n<li style=\"font-weight: 400;\" aria-level=\"1\"><span style=\"font-weight: 400;\">Tr\u1ea7n b\u00ec (Pericarpium Citri): 200mg<\/span><\/li>\n<li style=\"font-weight: 400;\" aria-level=\"1\"><span style=\"font-weight: 400;\">Di\u00ean h\u1ed3 s\u00e1ch (Corydalis yanhusuo): 200mg<\/span><\/li>\n<li style=\"font-weight: 400;\" aria-level=\"1\"><span style=\"font-weight: 400;\">Chi\u1ebft xu\u1ea5t C\u1ee7 m\u00e0i \u0111\u1eafng (Pregnenolone 98%): 8mg<img loading=\"lazy\" decoding=\"async\" class=\"aligncenter size-full wp-image-2952\" src=\"http:\/\/mypham4.themevivu.com\/wp-content\/uploads\/2021\/10\/thanh-phan-bosalson-women-health.jpg\" alt=\"Th\u00e0nh ph\u1ea7n Bosalson women health\" width=\"800\" height=\"450\" srcset=\"https:\/\/mauweb.tamnguyen.vn\/mypham04\/wp-content\/uploads\/2021\/10\/thanh-phan-bosalson-women-health.jpg 800w, https:\/\/mauweb.tamnguyen.vn\/mypham04\/wp-content\/uploads\/2021\/10\/thanh-phan-bosalson-women-health-300x169.jpg 300w, https:\/\/mauweb.tamnguyen.vn\/mypham04\/wp-content\/uploads\/2021\/10\/thanh-phan-bosalson-women-health-768x432.jpg 768w, https:\/\/mauweb.tamnguyen.vn\/mypham04\/wp-content\/uploads\/2021\/10\/thanh-phan-bosalson-women-health-600x338.jpg 600w\" sizes=\"auto, (max-width: 800px) 100vw, 800px\" \/><\/span><\/li>\n<\/ul>\n<p><span style=\"font-weight: 400;\">Ph\u1ee5 li\u1ec7u: Gelatin 150 bloom, d\u1ea7u c\u1ecd, d\u1ea7u \u0111\u1eadu n\u00e0nh, s\u00e1p ong, lecithin, butylat hydroxytoluen (BHT), glycerin, sorbitol, ethyl vanilin, titan dioxide, ch\u1ea5t b\u1ea3o qu\u1ea3n Methyl p-hydroxybenzoate (E218) v\u1eeba \u0111\u1ee7 1 vi\u00ean.<\/span><\/p>\n<h2>C\u00f4ng d\u1ee5ng<\/h2>\n<p><span style=\"font-weight: 400;\">H\u1ea1n ch\u1ebf s\u1ef1 ph\u00e1t tri\u1ec3n c\u1ee7a u x\u01a1 t\u1eed cung, u v\u00fa l\u00e0nh t\u00ednh.<\/span><\/p>\n<h2>\u0110\u1ed1i t\u01b0\u1ee3ng s\u1eed d\u1ee5ng<\/h2>\n<p><span style=\"font-weight: 400;\">Ph\u1ee5 n\u1eef b\u1ecb u x\u01a1 t\u1eed cung. Ph\u1ee5 n\u1eef b\u1ecb u v\u00fa l\u00e0nh t\u00ednh.<\/span><\/p>\n<h2>H\u01b0\u1edbng d\u1eabn s\u1eed d\u1ee5ng<\/h2>\n<p><span style=\"font-weight: 400;\">Ng\u00e0y u\u1ed1ng 2 l\u1ea7n, m\u1ed7i l\u1ea7n u\u1ed1ng t\u1eeb 2 &#8211; 3 vi\u00ean, u\u1ed1ng xa b\u1eefa \u0103n.<img loading=\"lazy\" decoding=\"async\" class=\"aligncenter size-full wp-image-2953\" src=\"http:\/\/mypham4.themevivu.com\/wp-content\/uploads\/2021\/10\/chuyen-gia-cao-thuong.jpg\" alt=\"Ch\u1ee7 t\u1ecbch Cao Th\u01b0\u01a1ng\" width=\"800\" height=\"549\" srcset=\"https:\/\/mauweb.tamnguyen.vn\/mypham04\/wp-content\/uploads\/2021\/10\/chuyen-gia-cao-thuong.jpg 800w, https:\/\/mauweb.tamnguyen.vn\/mypham04\/wp-content\/uploads\/2021\/10\/chuyen-gia-cao-thuong-300x206.jpg 300w, https:\/\/mauweb.tamnguyen.vn\/mypham04\/wp-content\/uploads\/2021\/10\/chuyen-gia-cao-thuong-768x527.jpg 768w, https:\/\/mauweb.tamnguyen.vn\/mypham04\/wp-content\/uploads\/2021\/10\/chuyen-gia-cao-thuong-600x412.jpg 600w\" sizes=\"auto, (max-width: 800px) 100vw, 800px\" \/><\/span><\/p>\n<h2>H\u01b0\u1edbng d\u1eabn b\u1ea3o qu\u1ea3n<\/h2>\n<p><span style=\"font-weight: 400;\">B\u1ea3o qu\u1ea3n n\u01a1i kh\u00f4 r\u00e1o, tr\u00e1nh \u00e1nh n\u1eafng tr\u1ef1c ti\u1ebfp, nhi\u1ec7t \u0111\u1ed9 kh\u00f4ng qu\u00e1 30\u00b0C.<\/span><\/p>\n<h2>L\u01b0u \u00fd<\/h2>\n<p><span style=\"font-weight: 400;\">Kh\u00f4ng ch\u1ec9 s\u1eed d\u1ee5ng cho ng\u01b0\u1eddi m\u1eabn c\u1ea3m, ki\u00eang k\u1ef5 v\u1edbi b\u1ea5t k\u1ef3 th\u00e0nh ph\u1ea7n n\u00e0o c\u1ee7a s\u1ea3n ph\u1ea9m. Kh\u00f4ng d\u00f9ng cho ph\u1ee5 n\u1eef c\u00f3 thai v\u00e0 d\u01b0\u1edbi 18 tu\u1ed5i.<\/span><\/p>\n<p><img loading=\"lazy\" decoding=\"async\" class=\"size-full wp-image-2954 aligncenter\" src=\"http:\/\/mypham4.themevivu.com\/wp-content\/uploads\/2021\/10\/giay-phep-quang-cao-san-pham-bosalson-women-health.jpg\" alt=\"i\u1ea5y ch\u1ee9ng nh\u1eadn n\u1ed9i dung qu\u1ea3ng c\u00e1o c\u1ee7a C\u1ee5c An to\u00e0n th\u1ef1c ph\u1ea9m\" width=\"800\" height=\"1142\" srcset=\"https:\/\/mauweb.tamnguyen.vn\/mypham04\/wp-content\/uploads\/2021\/10\/giay-phep-quang-cao-san-pham-bosalson-women-health.jpg 800w, https:\/\/mauweb.tamnguyen.vn\/mypham04\/wp-content\/uploads\/2021\/10\/giay-phep-quang-cao-san-pham-bosalson-women-health-210x300.jpg 210w, https:\/\/mauweb.tamnguyen.vn\/mypham04\/wp-content\/uploads\/2021\/10\/giay-phep-quang-cao-san-pham-bosalson-women-health-717x1024.jpg 717w, https:\/\/mauweb.tamnguyen.vn\/mypham04\/wp-content\/uploads\/2021\/10\/giay-phep-quang-cao-san-pham-bosalson-women-health-768x1096.jpg 768w, https:\/\/mauweb.tamnguyen.vn\/mypham04\/wp-content\/uploads\/2021\/10\/giay-phep-quang-cao-san-pham-bosalson-women-health-600x857.jpg 600w\" sizes=\"auto, (max-width: 800px) 100vw, 800px\" \/><\/p>\n<p><img loading=\"lazy\" decoding=\"async\" class=\"size-full wp-image-2955 aligncenter\" src=\"http:\/\/mypham4.themevivu.com\/wp-content\/uploads\/2021\/10\/giay-cong-bo-san-pham-bosalson-women-health.jpg\" alt=\"Gi\u1ea5y ti\u1ebfp nh\u1eadn \u0111\u0103ng k\u00fd b\u1ea3n c\u00f4ng b\u1ed1 s\u1ea3n ph\u1ea9m\" width=\"800\" height=\"1311\" srcset=\"https:\/\/mauweb.tamnguyen.vn\/mypham04\/wp-content\/uploads\/2021\/10\/giay-cong-bo-san-pham-bosalson-women-health.jpg 800w, https:\/\/mauweb.tamnguyen.vn\/mypham04\/wp-content\/uploads\/2021\/10\/giay-cong-bo-san-pham-bosalson-women-health-183x300.jpg 183w, https:\/\/mauweb.tamnguyen.vn\/mypham04\/wp-content\/uploads\/2021\/10\/giay-cong-bo-san-pham-bosalson-women-health-625x1024.jpg 625w, https:\/\/mauweb.tamnguyen.vn\/mypham04\/wp-content\/uploads\/2021\/10\/giay-cong-bo-san-pham-bosalson-women-health-768x1259.jpg 768w, https:\/\/mauweb.tamnguyen.vn\/mypham04\/wp-content\/uploads\/2021\/10\/giay-cong-bo-san-pham-bosalson-women-health-600x983.jpg 600w\" sizes=\"auto, (max-width: 800px) 100vw, 800px\" \/><\/p>\n<p><i><span style=\"font-weight: 400;\">*Th\u1ef1c ph\u1ea9m n\u00e0y kh\u00f4ng ph\u1ea3i l\u00e0 thu\u1ed1c, kh\u00f4ng c\u00f3 t\u00e1c d\u1ee5ng thay th\u1ebf thu\u1ed1c ch\u1eefa b\u1ec7nh.<\/span><\/i><\/p>\n","protected":false},"excerpt":{"rendered":"<p>D\u00f9ng cho c\u00e1c tr\u01b0\u1eddng h\u1ee3p: N\u1eef gi\u1edbi u x\u01a1 t\u1eed cung, u tuy\u1ebfn v\u00fa l\u00e0nh t\u00ednh, kinh nguy\u1ec7t kh\u00f4ng \u0111\u1ec1u, \u0111au b\u1ee5ng kinh,\u00a0gi\u00fap ho\u1ea1t huy\u1ebft, \u0111i\u1ec1u h\u00f2a kinh nguy\u1ec7t, h\u1ed7 tr\u1ee3 h\u1ea1n ch\u1ebf s\u1ef1 ph\u00e1t tri\u1ec3n c\u1ee7a u x\u01a1 t\u1eed cung, u tuy\u1ebfn v\u00fa l\u00e0nh t\u00ednh<\/p>\n","protected":false},"featured_media":2616,"comment_status":"open","ping_status":"closed","template":"","meta":[],"product_cat":[32,33],"product_tag":[],"yst_prominent_words":[],"class_list":["post-328","product","type-product","status-publish","has-post-thumbnail","hentry","product_cat-vien-uong","product_cat-women-health"],"_links":{"self":[{"href":"https:\/\/mauweb.tamnguyen.vn\/mypham04\/wp-json\/wp\/v2\/product\/328","targetHints":{"allow":["GET"]}}],"collection":[{"href":"https:\/\/mauweb.tamnguyen.vn\/mypham04\/wp-json\/wp\/v2\/product"}],"about":[{"href":"https:\/\/mauweb.tamnguyen.vn\/mypham04\/wp-json\/wp\/v2\/types\/product"}],"replies":[{"embeddable":true,"href":"https:\/\/mauweb.tamnguyen.vn\/mypham04\/wp-json\/wp\/v2\/comments?post=328"}],"wp:featuredmedia":[{"embeddable":true,"href":"https:\/\/mauweb.tamnguyen.vn\/mypham04\/wp-json\/wp\/v2\/media\/2616"}],"wp:attachment":[{"href":"https:\/\/mauweb.tamnguyen.vn\/mypham04\/wp-json\/wp\/v2\/media?parent=328"}],"wp:term":[{"taxonomy":"product_cat","embeddable":true,"href":"https:\/\/mauweb.tamnguyen.vn\/mypham04\/wp-json\/wp\/v2\/product_cat?post=328"},{"taxonomy":"product_tag","embeddable":true,"href":"https:\/\/mauweb.tamnguyen.vn\/mypham04\/wp-json\/wp\/v2\/product_tag?post=328"},{"taxonomy":"yst_prominent_words","embeddable":true,"href":"https:\/\/mauweb.tamnguyen.vn\/mypham04\/wp-json\/wp\/v2\/yst_prominent_words?post=328"}],"curies":[{"name":"wp","href":"https:\/\/api.w.org\/{rel}","templated":true}]}}