{"id":2508,"date":"2021-11-04T11:05:59","date_gmt":"2021-11-04T04:05:59","guid":{"rendered":"http:\/\/mypham4.themevivu.com\/?post_type=product&#038;p=2508"},"modified":"2021-11-10T10:50:18","modified_gmt":"2021-11-10T03:50:18","slug":"bosalson-free-oil","status":"publish","type":"product","link":"https:\/\/mauweb.tamnguyen.vn\/mypham04\/san-pham\/bosalson-free-oil\/","title":{"rendered":"BOSALSON FREE OIL"},"content":{"rendered":"<p dir=\"ltr\" style=\"text-align: justify;\">1. T\u00e1c d\u1ee5ng<\/p>\n<p dir=\"ltr\" style=\"text-align: justify;\">Lo\u1ea1i b\u1ecf hay l\u00e0m gi\u1ea3m c\u00e1c c\u01a1n \u0111au, c\u00f3 t\u00e1c d\u1ee5ng di\u1ec7t khu\u1ea9n, chuy\u00ean tr\u1ecb cho m\u1ee5n m\u1ee7, m\u1ee5n b\u1ecdc,\u2026<\/p>\n<ul style=\"text-align: justify;\">\n<li dir=\"ltr\">\n<p dir=\"ltr\">Tr\u1ecb m\u1ee5n tr\u1ee9ng c\u00e1 b\u1ecdc, m\u1ee7 tr\u1eafng, m\u1ee5n \u0111\u1ecf, u m\u00e1u, m\u1ee5n \u1ea9n\u2026<\/p>\n<\/li>\n<li dir=\"ltr\">\n<p dir=\"ltr\">Gi\u1ea3m \u0111au cho b\u1ec7nh nh\u00e2n ung th\u01b0, \u0111au l\u01b0ng, \u0111au vai, \u0111au b\u1ee5ng, \u0111au \u0111\u1ea7u, \u0111au b\u1ecb vi\u00eam s\u01b0ng t\u1ea5y, \u0111au th\u1ea7n kinh t\u1ecda, \u0111au c\u1ed5\u2026<\/p>\n<\/li>\n<li dir=\"ltr\">\n<p dir=\"ltr\">Ki\u1ec3m so\u00e1t b\u00e3 nh\u1eddn.<\/p>\n<\/li>\n<\/ul>\n<p dir=\"ltr\" style=\"text-align: justify;\">2. Th\u00e0nh ph\u1ea7n ch\u00ednh<\/p>\n<p dir=\"ltr\" style=\"text-align: justify;\">Camellia Japonica Seed Oil, Camellia Sinensis Seed Oil, Olea Europaea (Olive) Fruit Oil, Simmondsia Chinensis (Jojoba) Seed Oil, Cajuput, Salvia Sclarea (Clary) Oil, Gaultheria Procumbens (Wintergreen) Leaf Oil, Lavandula Angustifolia (Lavender) Oil, Boswellia Serrata Oil, Origanum Majorana Flower\/Leaf\/Stem Oil, Melaleuca Alternifolia (Tea Tree) Flower\/Leaf\/Stem Oil, Rosmarinus Officinalis (Rosemary) Leaf Oil.<\/p>\n<p dir=\"ltr\" style=\"text-align: justify;\">3. D\u01b0\u1ee3c li\u1ec7u ch\u00ednh<\/p>\n<p dir=\"ltr\" style=\"text-align: justify;\">O\u1ea3i h\u01b0\u01a1ng, C\u00e0 r\u1ed1t, Tr\u00e0, H\u01b0\u01a1ng th\u1ea3o, X\u00f4 th\u01a1m,\u2026v\u00e0 d\u01b0\u1ee3c li\u1ec7u b\u00ed truy\u1ec1n.<\/p>\n<p dir=\"ltr\" style=\"text-align: justify;\">4: C\u00e1ch s\u1eed d\u1ee5ng<\/p>\n<p dir=\"ltr\" style=\"text-align: justify;\">&#8211; V\u00f9ng da m\u1eb7t<\/p>\n<p dir=\"ltr\" style=\"text-align: justify;\">+ C\u00e1ch 1: B\u00f4i tr\u1ef1c ti\u1ebfp l\u00ean m\u1ee5n sau khi \u0111\u00e3 l\u1ea5y nh\u00e2n; xoa, day cho d\u01b0\u1ee3c li\u1ec7u th\u1ea9m th\u1ea5u, t\u0103ng hi\u1ec7u qu\u1ea3 \u0111i\u1ec1u tr\u1ecb; thoa l\u00ean c\u00e1c v\u00f9ng \u0111au c\u1ee7a c\u01a1 th\u1ec3 \u0111\u1ec3 xoa b\u00f3p tr\u1ef1c ti\u1ebfp gi\u00fap gi\u1ea3m \u0111au.<\/p>\n<p dir=\"ltr\" style=\"text-align: justify;\">+ C\u00e1ch 2: H\u00f2a v\u1edbi n\u01b0\u1edbc theo t\u1ef7 l\u1ec7 1:1, massage m\u1eb7t t\u1eeb 5 &#8211; 7 ph\u00fat \u0111\u1ec3 ti\u00eau vi\u00eam v\u00e0 lo\u1ea1i b\u1ecf d\u1ea7u sau c\u00e1c b\u01b0\u1edbc l\u00e0m s\u1ea1ch da m\u1eb7t; d\u00f9ng b\u00f4ng ho\u1eb7c mi\u1ebfng b\u1ecdt bi\u1ec3n lau s\u1ea1ch r\u1ed3i r\u1eeda l\u1ea1i b\u1eb1ng n\u01b0\u1edbc, ti\u1ebfp t\u1ee5c c\u00e1c b\u01b0\u1edbc ch\u0103m s\u00f3c da.<\/p>\n<p dir=\"ltr\" style=\"text-align: justify;\">&#8211; D\u00f9ng cho to\u00e0n th\u00e2n<\/p>\n<p dir=\"ltr\" style=\"text-align: justify;\">+ C\u00e1ch 1: Ph\u01b0\u01a1ng ph\u00e1p ng\u00e2m b\u1ed3n: X\u1ea3 n\u01b0\u1edbc n\u00f3ng v\u00e0o b\u1ed3n cho nhi\u1ec7t \u0111\u1ed9 t\u1eeb 37 \u0111\u1ed9 tr\u1edf l\u00ean, l\u01b0\u1ee3ng n\u01b0\u1edbc ng\u1eadp to\u00e0n th\u00e2n v\u1edbi t\u1eeb 7 &#8211; 10 gi\u1ecdt (c\u00f3 th\u1ec3 d\u00f9ng nhi\u1ec1u h\u01a1n) ng\u00e2m t\u1eeb 15 &#8211; 20 ph\u00fat v\u00e0 kh\u00f4ng c\u1ea7n t\u1eafm l\u1ea1i. N\u00ean ng\u00e2m sau khi \u0111\u00e3 t\u1eafm v\u00e0 v\u1ec7 sinh c\u01a1 th\u1ec3 s\u1ea1ch s\u1ebd.<\/p>\n<p dir=\"ltr\" style=\"text-align: justify;\">+ C\u00e1ch 2: Massage: Thoa l\u01b0\u1ee3ng tinh d\u1ea7u d\u01b0\u1ee3c li\u1ec7u v\u1eeba \u0111\u1ee7 l\u00ean c\u01a1 th\u1ec3, massage nh\u1eb9 nh\u00e0ng theo chi\u1ec1u c\u00e1c m\u1ea1ch b\u1ea1ch huy\u1ebft\u00a0 v\u00e0 h\u1ec7 h\u1ea1ch b\u1ea1ch huy\u1ebft kho\u1ea3ng 5 &#8211; 10 ph\u00fat cho to\u00e0n th\u00e2n r\u1ed3i t\u1eafm l\u1ea1i b\u1eb1ng n\u01b0\u1edbc \u1ea5m. (Sau \u0111\u00f3, n\u1ebfu x\u00f4ng h\u01a1i \u01b0\u1edbt, kh\u00f4, \u1ee7 n\u00f3ng b\u1eb1ng nilon, chi\u1ebfu \u0111i\u1ec7n, 15 &#8211; 20 cho ra m\u1ed3 h\u00f4i th\u00ec t\u0103ng hi\u1ec7u qu\u1ea3).<\/p>\n<p dir=\"ltr\" style=\"text-align: justify;\">+ C\u00e1ch 3: Ng\u00e2m ch\u00e2n: Cho 3 \u0111\u1ebfn 5 gi\u1ecdt v\u00e0o ch\u1eadu ng\u00e2m v\u1edbi n\u01b0\u1edbc \u1ea5m n\u00f3ng, ng\u00e2m t\u1eeb 15 &#8211; 20 ph\u00fat.<\/p>\n<p dir=\"ltr\" style=\"text-align: justify;\">+ C\u00e1ch 4: Pha v\u1edbi mu\u1ed1i tr\u1ecb li\u1ec7u v\u00e0 c\u00e1c d\u01b0\u1ee3c li\u1ec7u kh\u00e1c, ch\u0103m s\u00f3c nhi\u1ec1u m\u1eb7t b\u1ec7nh c\u00f9ng l\u00fac (theo b\u1ea3ng c\u00f4ng th\u1ee9c mix d\u01b0\u1ee3c li\u1ec7u) v\u00e0 d\u00f9ng li\u1ec7u ph\u00e1p S\u00d3NG L\u00d5I HADOO (li\u1ec7u ph\u00e1p ch\u1ea3i ch\u1ed5i v\u00e0 \u0111\u00e1 n\u0103ng l\u01b0\u1ee3ng) \u0111\u1ec3 t\u1ed1i \u0111a h\u00f3a t\u00e1c d\u1ee5ng cho c\u00e1c b\u1ec7nh l\u00fd.<\/p>\n<p dir=\"ltr\" style=\"text-align: justify;\">+ C\u00e1ch 5: Pha v\u1edbi mu\u1ed1i v\u00e0 c\u00e1c d\u01b0\u1ee3c li\u1ec7u kh\u00e1c (theo b\u1ea3ng c\u00f4ng th\u1ee9c mix d\u01b0\u1ee3c li\u1ec7u), massage n\u0103ng l\u01b0\u1ee3ng ph\u1ee5c h\u1ed3i s\u1ee9c kh\u1ecfe th\u1ec3 ch\u1ea5t v\u00e0 t\u00e2m tr\u00ed.<\/p>\n","protected":false},"excerpt":{"rendered":"<p dir=\"ltr\">Lo\u1ea1i b\u1ecf hay l\u00e0m gi\u1ea3m c\u00e1c c\u01a1n \u0111au, c\u00f3 t\u00e1c d\u1ee5ng di\u1ec7t khu\u1ea9n, chuy\u00ean tr\u1ecb cho m\u1ee5n m\u1ee7, m\u1ee5n b\u1ecdc,\u2026<\/p>\n<ul>\n<li dir=\"ltr\">Tr\u1ecb m\u1ee5n tr\u1ee9ng c\u00e1 b\u1ecdc, m\u1ee7 tr\u1eafng, m\u1ee5n \u0111\u1ecf, u m\u00e1u, m\u1ee5n \u1ea9n\u2026<\/li>\n<li dir=\"ltr\">Gi\u1ea3m \u0111au cho b\u1ec7nh nh\u00e2n ung th\u01b0, \u0111au l\u01b0ng, \u0111au vai, \u0111au b\u1ee5ng, \u0111au \u0111\u1ea7u, \u0111au b\u1ecb vi\u00eam s\u01b0ng t\u1ea5y, \u0111au th\u1ea7n kinh t\u1ecda, \u0111au c\u1ed5\u2026<\/li>\n<li dir=\"ltr\">Ki\u1ec3m so\u00e1t b\u00e3 nh\u1eddn.<\/li>\n<\/ul>\n","protected":false},"featured_media":2560,"comment_status":"open","ping_status":"closed","template":"","meta":[],"product_cat":[15,21],"product_tag":[],"yst_prominent_words":[],"class_list":["post-2508","product","type-product","status-publish","has-post-thumbnail","hentry","product_cat-tinh-dau","product_cat-free-oil"],"_links":{"self":[{"href":"https:\/\/mauweb.tamnguyen.vn\/mypham04\/wp-json\/wp\/v2\/product\/2508","targetHints":{"allow":["GET"]}}],"collection":[{"href":"https:\/\/mauweb.tamnguyen.vn\/mypham04\/wp-json\/wp\/v2\/product"}],"about":[{"href":"https:\/\/mauweb.tamnguyen.vn\/mypham04\/wp-json\/wp\/v2\/types\/product"}],"replies":[{"embeddable":true,"href":"https:\/\/mauweb.tamnguyen.vn\/mypham04\/wp-json\/wp\/v2\/comments?post=2508"}],"wp:featuredmedia":[{"embeddable":true,"href":"https:\/\/mauweb.tamnguyen.vn\/mypham04\/wp-json\/wp\/v2\/media\/2560"}],"wp:attachment":[{"href":"https:\/\/mauweb.tamnguyen.vn\/mypham04\/wp-json\/wp\/v2\/media?parent=2508"}],"wp:term":[{"taxonomy":"product_cat","embeddable":true,"href":"https:\/\/mauweb.tamnguyen.vn\/mypham04\/wp-json\/wp\/v2\/product_cat?post=2508"},{"taxonomy":"product_tag","embeddable":true,"href":"https:\/\/mauweb.tamnguyen.vn\/mypham04\/wp-json\/wp\/v2\/product_tag?post=2508"},{"taxonomy":"yst_prominent_words","embeddable":true,"href":"https:\/\/mauweb.tamnguyen.vn\/mypham04\/wp-json\/wp\/v2\/yst_prominent_words?post=2508"}],"curies":[{"name":"wp","href":"https:\/\/api.w.org\/{rel}","templated":true}]}}