{"id":2501,"date":"2021-11-04T10:54:08","date_gmt":"2021-11-04T03:54:08","guid":{"rendered":"http:\/\/mypham4.themevivu.com\/?post_type=product&#038;p=2501"},"modified":"2021-11-10T10:52:05","modified_gmt":"2021-11-10T03:52:05","slug":"bosalson-sky-oil","status":"publish","type":"product","link":"https:\/\/mauweb.tamnguyen.vn\/mypham04\/san-pham\/bosalson-sky-oil\/","title":{"rendered":"BOSALSON SKY OIL"},"content":{"rendered":"<p dir=\"ltr\" style=\"text-align: justify;\">1. T\u00e1c d\u1ee5ng<\/p>\n<p dir=\"ltr\" style=\"text-align: justify;\">Ng\u0103n ch\u1eb7n v\u00e0 \u1ee9c ch\u1ebf s\u1ef1 ph\u00e1t tri\u1ec3n c\u1ee7a n\u1ea5m m\u1ed1c g\u00e2y b\u1ec7nh:<\/p>\n<ul style=\"text-align: justify;\">\n<li dir=\"ltr\">\n<p dir=\"ltr\">N\u1ea5m da, da b\u1ecb t\u1ed5n th\u01b0\u01a1ng do n\u1ea5m<\/p>\n<\/li>\n<li dir=\"ltr\">\n<p dir=\"ltr\">Tr\u1ecb b\u1ec7nh da d\u1ecb \u1ee9ng v\u00e0 m\u1ea9n ng\u1ee9a<\/p>\n<\/li>\n<li dir=\"ltr\">\n<p dir=\"ltr\">M\u1ee5n m\u1ee7<\/p>\n<\/li>\n<li dir=\"ltr\">\n<p dir=\"ltr\">Gi\u1ea3m \u0111au do m\u1ee5n m\u1ee7 nghi\u00eam tr\u1ecdng tu\u1ed5i d\u1eady th\u00ec<\/p>\n<\/li>\n<li dir=\"ltr\">\n<p dir=\"ltr\">\u0110\u00e0o th\u1ea3i \u0111\u1ed9c t\u1ed1 da nhi\u1ec5m h\u00f3a ch\u1ea5t<\/p>\n<\/li>\n<li dir=\"ltr\">\n<p dir=\"ltr\">Vi\u00eam nhi\u1ec5m, n\u1ea5m ph\u1ee5 khoa<\/p>\n<\/li>\n<li dir=\"ltr\">\n<p dir=\"ltr\">N\u01b0\u1edbc \u0103n ch\u00e2n, m\u1ee5n n\u01b0\u1edbc<\/p>\n<\/li>\n<\/ul>\n<p dir=\"ltr\" style=\"text-align: justify;\">2. Th\u00e0nh ph\u1ea7n ch\u00ednh<\/p>\n<p dir=\"ltr\" style=\"text-align: justify;\">Camellia Sinensis Seed Oil, Olea Europaea (Olive) Fruit Oil, Camellia Japonica Seed Oil, Argania Spinosa Kernel Oil, Simmondsia Chinensis (Jojoba) Seed Oil, Backhousia Citriodora Leaf Oil, Lavandula Angustifolia (Lavender) Oil, Melissa Officinalis Flower\/Leaf\/Stem Oil, Melaleuca Alternifolia (Tea Tree) Flower\/Leaf\/Stem Oil, Pinus Koraiensis Needle Oil, Santalum Album (Sandalwood) Oil, Cymbopogon Citratus Leaf\/Stem Oil.<\/p>\n<p dir=\"ltr\" style=\"text-align: justify;\">3. D\u01b0\u1ee3c li\u1ec7u ch\u00ednh<\/p>\n<p dir=\"ltr\" style=\"text-align: justify;\">V\u1ecf chanh, \u0110\u00e0n h\u01b0\u01a1ng, X\u00f4 th\u01a1m, O\u1ea3i h\u01b0\u01a1ng,&#8230; v\u00e0 d\u01b0\u1ee3c li\u1ec7u b\u00ed truy\u1ec1n.<\/p>\n<p dir=\"ltr\" style=\"text-align: justify;\">4. C\u00e1ch s\u1eed d\u1ee5ng:<\/p>\n<p dir=\"ltr\" style=\"text-align: justify;\">C\u00e1ch s\u1eed d\u1ee5ng cho t\u1eebng v\u00f9ng:<\/p>\n<p dir=\"ltr\" style=\"text-align: justify;\">+ Da m\u1ee5n m\u1ee7, m\u1ee5n n\u01b0\u1edbc: d\u00f9ng tr\u1ef1c ti\u1ebfp sau khi \u0111\u00e3 l\u1ea5y nh\u00e2n vi\u00eam<\/p>\n<p dir=\"ltr\" style=\"text-align: justify;\">+ Da n\u1ea5m: b\u00f4i v\u00e0 massage 10 &#8211; 15 ph\u00fat r\u1ed3i lau s\u1ea1ch, r\u1eeda l\u1ea1i b\u1eb1ng n\u01b0\u1edbc \u1ea5m<\/p>\n<p dir=\"ltr\" style=\"text-align: justify;\">+ V\u1edbi ph\u1ee5 n\u1eef b\u1ec7nh ph\u1ee5 khoa vi\u00eam nhi\u1ec5m: l\u1ea5y 2 &#8211; 3 gi\u1ecdt thoa l\u00ean vi\u1ec1n qu\u1ea7n l\u00f3t, kh\u00f4ng thoa tr\u1ef1c ti\u1ebfp v\u00e0o v\u00f9ng k\u00edn.<\/p>\n","protected":false},"excerpt":{"rendered":"<p dir=\"ltr\" style=\"text-align: justify;\">Ng\u0103n ch\u1eb7n v\u00e0 \u1ee9c ch\u1ebf s\u1ef1 ph\u00e1t tri\u1ec3n c\u1ee7a n\u1ea5m m\u1ed1c g\u00e2y b\u1ec7nh:<\/p>\n<ul>\n<li dir=\"ltr\" style=\"text-align: justify;\">N\u1ea5m da, da b\u1ecb t\u1ed5n th\u01b0\u01a1ng do n\u1ea5m<\/li>\n<li dir=\"ltr\" style=\"text-align: justify;\">Tr\u1ecb b\u1ec7nh da d\u1ecb \u1ee9ng v\u00e0 m\u1ea9n ng\u1ee9a<\/li>\n<li dir=\"ltr\" style=\"text-align: justify;\">M\u1ee5n m\u1ee7<\/li>\n<li dir=\"ltr\" style=\"text-align: justify;\">Gi\u1ea3m \u0111au do m\u1ee5n m\u1ee7 nghi\u00eam tr\u1ecdng tu\u1ed5i d\u1eady th\u00ec<\/li>\n<li dir=\"ltr\" style=\"text-align: justify;\">\u0110\u00e0o th\u1ea3i \u0111\u1ed9c t\u1ed1 da nhi\u1ec5m h\u00f3a ch\u1ea5t<\/li>\n<li dir=\"ltr\" style=\"text-align: justify;\">Vi\u00eam nhi\u1ec5m, n\u1ea5m ph\u1ee5 khoa<\/li>\n<li dir=\"ltr\" style=\"text-align: justify;\">N\u01b0\u1edbc \u0103n ch\u00e2n, m\u1ee5n n\u01b0\u1edbc<\/li>\n<\/ul>\n","protected":false},"featured_media":2562,"comment_status":"open","ping_status":"closed","template":"","meta":[],"product_cat":[15],"product_tag":[],"yst_prominent_words":[],"class_list":["post-2501","product","type-product","status-publish","has-post-thumbnail","hentry","product_cat-tinh-dau"],"_links":{"self":[{"href":"https:\/\/mauweb.tamnguyen.vn\/mypham04\/wp-json\/wp\/v2\/product\/2501","targetHints":{"allow":["GET"]}}],"collection":[{"href":"https:\/\/mauweb.tamnguyen.vn\/mypham04\/wp-json\/wp\/v2\/product"}],"about":[{"href":"https:\/\/mauweb.tamnguyen.vn\/mypham04\/wp-json\/wp\/v2\/types\/product"}],"replies":[{"embeddable":true,"href":"https:\/\/mauweb.tamnguyen.vn\/mypham04\/wp-json\/wp\/v2\/comments?post=2501"}],"wp:featuredmedia":[{"embeddable":true,"href":"https:\/\/mauweb.tamnguyen.vn\/mypham04\/wp-json\/wp\/v2\/media\/2562"}],"wp:attachment":[{"href":"https:\/\/mauweb.tamnguyen.vn\/mypham04\/wp-json\/wp\/v2\/media?parent=2501"}],"wp:term":[{"taxonomy":"product_cat","embeddable":true,"href":"https:\/\/mauweb.tamnguyen.vn\/mypham04\/wp-json\/wp\/v2\/product_cat?post=2501"},{"taxonomy":"product_tag","embeddable":true,"href":"https:\/\/mauweb.tamnguyen.vn\/mypham04\/wp-json\/wp\/v2\/product_tag?post=2501"},{"taxonomy":"yst_prominent_words","embeddable":true,"href":"https:\/\/mauweb.tamnguyen.vn\/mypham04\/wp-json\/wp\/v2\/yst_prominent_words?post=2501"}],"curies":[{"name":"wp","href":"https:\/\/api.w.org\/{rel}","templated":true}]}}