{"id":3,"date":"2021-10-26T02:23:49","date_gmt":"2021-10-26T02:23:49","guid":{"rendered":"http:\/\/mypham4.themevivu.com\/?page_id=3"},"modified":"2021-11-05T10:20:11","modified_gmt":"2021-11-05T03:20:11","slug":"chinh-sach-bao-mat","status":"publish","type":"page","link":"https:\/\/mauweb.tamnguyen.vn\/mypham04\/chinh-sach-bao-mat\/","title":{"rendered":"Ch\u00ednh s\u00e1ch b\u1ea3o m\u1eadt"},"content":{"rendered":"\r\n<p style=\"text-align: justify;\"><b>Hadoo iHealing <\/b>lu\u00f4n \u0111\u1eb7t quy\u1ec1n ri\u00eang t\u01b0 c\u1ee7a kh\u00e1ch h\u00e0ng l\u00e0 m\u1ee5c ti\u00eau h\u00e0ng \u0111\u1ea7u c\u1ea7n ph\u1ea3i b\u1ea3o m\u1eadt, ch\u00ednh v\u00ec th\u1ebf ch\u00fang t\u00f4i \u0111\u01b0a ra nh\u1eefng ch\u00ednh s\u00e1ch b\u1ea3o m\u1eadt nh\u1eb1m \u0111\u1ea3m b\u1ea3o s\u1ef1 an to\u00e0n cho th\u00f4ng tin c\u1ee7a qu\u00fd kh\u00e1ch khi mua h\u00e0ng t\u1ea1i \u0111\u00e2y.\u00a0<\/p>\r\n<p style=\"text-align: justify;\">B\u1ea3o v\u1ec7 d\u1eef li\u1ec7u l\u00e0 v\u1ea5n \u0111\u1ec1 c\u1ee7a s\u1ef1 tin t\u01b0\u1edfng v\u00e0 b\u1ea3o m\u1eadt danh t\u00ednh c\u1ee7a qu\u00fd kh\u00e1ch v\u00f4 c\u00f9ng quan tr\u1ecdng v\u1edbi ch\u00fang t\u00f4i. V\u00ec th\u1ebf, ch\u00fang t\u00f4i ch\u1ec9 s\u1ebd s\u1eed d\u1ee5ng t\u00ean v\u00e0 m\u1ed9t s\u1ed1 th\u00f4ng tin kh\u00e1c c\u1ee7a qu\u00fd kh\u00e1ch theo c\u00e1ch \u0111\u01b0\u1ee3c \u0111\u1ec1 ra trong Ch\u00ednh s\u00e1ch B\u1ea3o m\u1eadt n\u00e0y. Ch\u00fang t\u00f4i ch\u1ec9 s\u1ebd thu th\u1eadp nh\u1eefng th\u00f4ng tin c\u1ea7n thi\u1ebft v\u00e0 c\u00f3 li\u00ean quan \u0111\u1ebfn giao d\u1ecbch gi\u1eefa <b>Hadoo iHealing <\/b>v\u00e0 qu\u00fd kh\u00e1ch.<\/p>\r\n<h2 class=\"wp-block-heading\" style=\"text-align: justify;\">Khi qu\u00fd kh\u00e1ch \u0111\u0103ng k\u00fd t\u00e0i kho\u1ea3n <strong>Hadoo iHealing<\/strong>, th\u00f4ng tin c\u00e1 nh\u00e2n m\u00e0 ch\u00fang t\u00f4i thu th\u1eadp bao g\u1ed3m:<\/h2>\r\n<ul style=\"text-align: justify;\">\r\n<li>T\u00ean<\/li>\r\n<li>\u0110\u1ecba ch\u1ec9 giao h\u00e0ng<\/li>\r\n<li>\u0110\u1ecba ch\u1ec9 Email<\/li>\r\n<li>S\u1ed1 \u0111i\u1ec7n tho\u1ea1i di \u0111\u1ed9ng<\/li>\r\n<li>Ng\u00e0y sinh<\/li>\r\n<li>Gi\u1edbi t\u00ednh<\/li>\r\n<\/ul>\r\n<h2 style=\"text-align: justify;\">Nh\u1eefng th\u00f4ng tin tr\u00ean s\u1ebd \u0111\u01b0\u1ee3c s\u1eed d\u1ee5ng cho m\u1ed9t ho\u1eb7c t\u1ea5t c\u1ea3 c\u00e1c m\u1ee5c \u0111\u00edch sau \u0111\u00e2y:<\/h2>\r\n<ul style=\"text-align: justify;\">\r\n<li>Giao h\u00e0ng qu\u00fd kh\u00e1ch \u0111\u00e3 mua t\u1ea1i <b>Hadoo iHealing<\/b><\/li>\r\n<li>Th\u00f4ng b\u00e1o v\u1ec1 vi\u1ec7c giao h\u00e0ng v\u00e0 h\u1ed7 tr\u1ee3 kh\u00e1ch h\u00e0ng<\/li>\r\n<li>Cung c\u1ea5p th\u00f4ng tin li\u00ean quan \u0111\u1ebfn s\u1ea3n ph\u1ea9m<\/li>\r\n<li>X\u1eed l\u00fd \u0111\u01a1n \u0111\u1eb7t h\u00e0ng v\u00e0 cung c\u1ea5p d\u1ecbch v\u1ee5 v\u00e0 th\u00f4ng tin qua trang web c\u1ee7a ch\u00fang t\u00f4i theo y\u00eau c\u1ea7u c\u1ee7a qu\u00fd kh\u00e1ch<\/li>\r\n<li>Ngo\u00e0i ra, ch\u00fang t\u00f4i s\u1ebd s\u1eed d\u1ee5ng th\u00f4ng tin qu\u00fd kh\u00e1ch cung c\u1ea5p \u0111\u1ec3 h\u1ed7 tr\u1ee3 qu\u1ea3n l\u00fd t\u00e0i kho\u1ea3n kh\u00e1ch h\u00e0ng; x\u00e1c nh\u1eadn v\u00e0 th\u1ef1c hi\u1ec7n c\u00e1c giao d\u1ecbch t\u00e0i ch\u00ednh li\u00ean quan \u0111\u1ebfn c\u00e1c kho\u1ea3n thanh to\u00e1n tr\u1ef1c tuy\u1ebfn c\u1ee7a qu\u00fd kh\u00e1ch; ki\u1ec3m tra d\u1eef li\u1ec7u t\u1ea3i t\u1eeb trang web c\u1ee7a ch\u00fang t\u00f4i; c\u1ea3i thi\u1ec7n giao di\u1ec7n v\u00e0\/ho\u1eb7c n\u1ed9i dung c\u1ee7a c\u00e1c trang m\u1ee5c tr\u00ean trang web v\u00e0 t\u00f9y ch\u1ec9nh \u0111\u1ec3 d\u1ec5 d\u00e0ng h\u01a1n khi s\u1eed d\u1ee5ng; nh\u1eadn di\u1ec7n kh\u00e1ch \u0111\u1ebfn th\u0103m trang web; nghi\u00ean c\u1ee9u v\u1ec1 nh\u00e2n kh\u1ea9u h\u1ecdc c\u1ee7a ng\u01b0\u1eddi s\u1eed d\u1ee5ng; g\u1eedi \u0111\u1ebfn qu\u00fd kh\u00e1ch th\u00f4ng tin m\u00e0 ch\u00fang t\u00f4i ngh\u0129 s\u1ebd c\u00f3 \u00edch ho\u1eb7c do qu\u00fd kh\u00e1ch y\u00eau c\u1ea7u, bao g\u1ed3m th\u00f4ng tin v\u1ec1 s\u1ea3n ph\u1ea9m v\u00e0 d\u1ecbch v\u1ee5, v\u1edbi \u0111i\u1ec1u ki\u1ec7n qu\u00fd kh\u00e1ch \u0111\u1ed3ng \u00fd kh\u00f4ng ph\u1ea3n \u0111\u1ed1i vi\u1ec7c \u0111\u01b0\u1ee3c li\u00ean l\u1ea1c cho c\u00e1c m\u1ee5c \u0111\u00edch tr\u00ean.<\/li>\r\n<li>Ch\u00fang t\u00f4i c\u00f3 th\u1ec3 chia s\u1ebb t\u00ean v\u00e0 \u0111\u1ecba ch\u1ec9 c\u1ee7a qu\u00fd kh\u00e1ch cho d\u1ecbch v\u1ee5 chuy\u1ec3n ph\u00e1t nhanh ho\u1eb7c nh\u00e0 cung c\u1ea5p c\u1ee7a ch\u00fang t\u00f4i \u0111\u1ec3 c\u00f3 th\u1ec3 giao h\u00e0ng cho qu\u00fd kh\u00e1ch.<\/li>\r\n<li>Khi qu\u00fd kh\u00e1ch \u0111\u0103ng k\u00fd l\u00e0m th\u00e0nh vi\u00ean tr\u00ean trang website <b>Hadoo iHealing <\/b>ch\u00fang t\u00f4i c\u0169ng s\u1ebd s\u1eed d\u1ee5ng th\u00f4ng tin c\u00e1 nh\u00e2n c\u1ee7a qu\u00fd kh\u00e1ch \u0111\u1ec3 g\u1eedi c\u00e1c th\u00f4ng tin khuy\u1ebfn m\u00e3i\/ti\u1ebfp th\u1ecb. Qu\u00fd kh\u00e1ch c\u00f3 th\u1ec3 h\u1ee7y nh\u1eadn c\u00e1c th\u00f4ng tin \u0111\u00f3 b\u1ea5t k\u1ef3 l\u00fac n\u00e0o b\u1eb1ng c\u00e1ch s\u1eed d\u1ee5ng ch\u1ee9c n\u0103ng h\u1ee7y \u0111\u0103ng k\u00fd trong c\u00e1c th\u00f4ng b\u00e1o qu\u1ea3ng c\u00e1o.<\/li>\r\n<\/ul>\r\n<p style=\"text-align: justify;\">Chi ti\u1ebft \u0111\u01a1n h\u00e0ng c\u1ee7a qu\u00fd kh\u00e1ch s\u1ebd \u0111\u01b0\u1ee3c ch\u00fang t\u00f4i l\u01b0u tr\u1eef nh\u01b0ng v\u00ec l\u00fd do b\u1ea3o m\u1eadt, qu\u00fd kh\u00e1ch kh\u00f4ng th\u1ec3 y\u00eau c\u1ea7u th\u00f4ng tin \u0111\u00f3 t\u1eeb ch\u00fang t\u00f4i. Tuy nhi\u00ean, qu\u00fd kh\u00e1ch c\u00f3 th\u1ec3 ki\u1ec3m tra th\u00f4ng tin \u0111\u00f3 b\u1eb1ng c\u00e1ch \u0111\u0103ng nh\u1eadp v\u00e0o t\u00e0i kho\u1ea3n ri\u00eang c\u1ee7a m\u00ecnh tr\u00ean trang web. T\u1ea1i \u0111\u00f3, qu\u00fd kh\u00e1ch c\u00f3 th\u1ec3 theo d\u00f5i \u0111\u1ea7y \u0111\u1ee7 chi ti\u1ebft c\u1ee7a c\u00e1c \u0111\u01a1n h\u00e0ng \u0111\u00e3 ho\u00e0n t\u1ea5t, nh\u1eefng \u0111\u01a1n h\u00e0ng m\u1edf v\u00e0 nh\u1eefng \u0111\u01a1n h\u00e0ng s\u1eafp \u0111\u01b0\u1ee3c giao c\u0169ng nh\u01b0 qu\u1ea3n l\u00fd th\u00f4ng tin v\u1ec1 \u0111\u1ecba ch\u1ec9, th\u00f4ng tin v\u1ec1 ng\u00e2n h\u00e0ng v\u00e0 nh\u1eefng b\u1ea3n tin m\u00e0 qu\u00fd kh\u00e1ch \u0111\u00e3 \u0111\u0103ng k\u00fd nh\u1eadn. Qu\u00fd kh\u00e1ch c\u1ea7n b\u1ea3o \u0111\u1ea3m l\u00e0 th\u00f4ng tin \u0111\u01b0\u1ee3c truy c\u1eadp m\u1ed9t c\u00e1ch b\u00ed m\u1eadt v\u00e0 kh\u00f4ng l\u00e0m l\u1ed9 cho m\u1ed9t b\u00ean th\u1ee9 ba kh\u00f4ng c\u00f3 quy\u1ec1n. Ch\u00fang t\u00f4i s\u1ebd kh\u00f4ng ch\u1ecbu tr\u00e1ch nhi\u1ec7m \u0111\u1ed1i v\u1edbi vi\u1ec7c s\u1eed d\u1ee5ng sai m\u1eadt kh\u1ea9u tr\u1eeb khi \u0111\u00f3 l\u00e0 l\u1ed7i c\u1ee7a ch\u00fang t\u00f4i.<\/p>\r\n<p style=\"text-align: justify;\">Ch\u00fang t\u00f4i ch\u1ec9 gi\u1eef th\u00f4ng tin c\u1ee7a qu\u00fd kh\u00e1ch trong th\u1eddi gian lu\u1eadt ph\u00e1p y\u00eau c\u1ea7u ho\u1eb7c cho m\u1ee5c \u0111\u00edch m\u00e0 th\u00f4ng tin \u0111\u00f3 \u0111\u01b0\u1ee3c thu th\u1eadp.<\/p>\r\n<p style=\"text-align: justify;\">Qu\u00fd kh\u00e1ch c\u00f3 th\u1ec3 gh\u00e9 th\u0103m trang web m\u00e0 kh\u00f4ng c\u1ea7n ph\u1ea3i cung c\u1ea5p b\u1ea5t k\u1ef3 th\u00f4ng tin c\u00e1 nh\u00e2n n\u00e0o. Khi gh\u00e9 th\u0103m trang web, qu\u00fd kh\u00e1ch s\u1ebd lu\u00f4n \u1edf trong t\u00ecnh tr\u1ea1ng v\u00f4 danh tr\u1eeb khi qu\u00fd kh\u00e1ch c\u00f3 t\u00e0i kho\u1ea3n tr\u00ean trang web v\u00e0 \u0111\u0103ng nh\u1eadp v\u00e0o b\u1eb1ng t\u00ean v\u00e0 m\u1eadt kh\u1ea9u c\u1ee7a m\u00ecnh.<\/p>\r\n<h2 style=\"text-align: justify;\">B\u1ea3o m\u1eadt th\u00f4ng tin kh\u00e1ch h\u00e0ng<\/h2>\r\n<p style=\"text-align: justify;\"><b>Hadoo iHealing <\/b>\u0111\u1ea3m b\u1ea3o r\u1eb1ng m\u1ecdi th\u00f4ng tin thu th\u1eadp \u0111\u01b0\u1ee3c s\u1ebd \u0111\u01b0\u1ee3c l\u01b0u gi\u1eef an to\u00e0n. Ch\u00fang t\u00f4i b\u1ea3o v\u1ec7 th\u00f4ng tin c\u00e1 nh\u00e2n c\u1ee7a qu\u00fd kh\u00e1ch b\u1eb1ng c\u00e1ch:<\/p>\r\n<ul style=\"text-align: justify;\">\r\n<li>Gi\u1edbi h\u1ea1n truy c\u1eadp th\u00f4ng tin c\u00e1 nh\u00e2n (ch\u1ec9 khi \u0111\u0103ng nh\u1eadp qu\u00fd kh\u00e1ch m\u1edbi th\u1ea5y \u0111\u01b0\u1ee3c th\u00f4ng tin c\u00e1 nh\u00e2n c\u1ee7a m\u00ecnh).<\/li>\r\n<li>S\u1eed d\u1ee5ng s\u1ea3n ph\u1ea9m c\u00f4ng ngh\u1ec7 \u0111\u1ec3 ng\u0103n ch\u1eb7n truy c\u1eadp m\u00e1y t\u00ednh tr\u00e1i ph\u00e9p.<\/li>\r\n<li>X\u00f3a th\u00f4ng tin c\u00e1 nh\u00e2n c\u1ee7a qu\u00fd kh\u00e1ch khi n\u00f3 kh\u00f4ng c\u00f2n c\u1ea7n thi\u1ebft cho m\u1ee5c \u0111\u00edch l\u01b0u tr\u1eef h\u1ed3 s\u01a1 c\u1ee7a ch\u00fang t\u00f4i.<\/li>\r\n<\/ul>\r\n<h2 style=\"text-align: justify;\">Thu th\u1eadp d\u1eef li\u1ec7u m\u00e1y t\u00ednh<\/h2>\r\n<p style=\"text-align: justify;\">Khi qu\u00fd kh\u00e1ch \u0111\u1ebfn th\u0103m <b>Hadoo iHealing<\/b>, m\u00e1y ch\u1ee7 c\u1ee7a c\u00f4ng ty ch\u00fang t\u00f4i s\u1ebd t\u1ef1 \u0111\u1ed9ng l\u01b0u tr\u1eef th\u00f4ng tin m\u00e0 tr\u00ecnh duy\u1ec7t c\u1ee7a qu\u00fd kh\u00e1ch g\u1eedi \u0111\u1ebfn. Nh\u1eefng th\u00f4ng tin n\u00e0y bao g\u1ed3m:<\/p>\r\n<ul>\r\n<li style=\"text-align: justify;\">\u0110\u1ecba ch\u1ec9 IP c\u1ee7a qu\u00fd kh\u00e1ch<\/li>\r\n<li style=\"text-align: justify;\">Lo\u1ea1i tr\u00ecnh duy\u1ec7t<\/li>\r\n<li style=\"text-align: justify;\">C\u00e1c trang web m\u00e0 qu\u00fd kh\u00e1ch \u0111\u00e3 gh\u00e9 th\u0103m tr\u01b0\u1edbc khi \u0111\u1ebfn trang web c\u1ee7a ch\u00fang t\u00f4i<\/li>\r\n<li style=\"text-align: justify;\">Nh\u1eefng trang m\u1ee5c trong <b>Hadoo iHealing <\/b>m\u00e0 qu\u00fd kh\u00e1ch gh\u00e9 th\u0103m<\/li>\r\n<li style=\"text-align: justify;\">Kho\u1ea3ng th\u1eddi gian qu\u00fd kh\u00e1ch gi\u00e0nh ra \u0111\u00e3 xem nh\u1eefng trang m\u1ee5c \u0111\u00f3, s\u1ea3n ph\u1ea9m, t\u00ecm ki\u1ebfm th\u00f4ng tin tr\u00ean trang web, th\u1eddi gian v\u00e0 ng\u00e0y th\u00e1ng truy c\u1eadp, v\u00e0 c\u00e1c s\u1ed1 li\u1ec7u th\u1ed1ng k\u00ea kh\u00e1c.<\/li>\r\n<\/ul>\r\n<p style=\"text-align: justify;\">C\u00e1c th\u00f4ng tin \u0111\u00f3 \u0111\u01b0\u1ee3c thu th\u1eadp cho m\u1ee5c \u0111\u00edch ph\u00e2n t\u00edch v\u00e0 \u0111\u00e1nh gi\u00e1 \u0111\u1ec3 g\u00f3p ph\u1ea7n c\u1ea3i thi\u1ec7n trang web, d\u1ecbch v\u1ee5, v\u00e0 s\u1ea3n ph\u1ea9m m\u00e0 ch\u00fang t\u00f4i cung c\u1ea5p. Nh\u1eefng d\u1eef li\u1ec7u \u0111\u00f3 s\u1ebd kh\u00f4ng c\u00f3 li\u00ean quan g\u00ec \u0111\u1ebfn c\u00e1c th\u00f4ng tin c\u00e1 nh\u00e2n kh\u00e1c.<\/p>\r\n<h2 style=\"text-align: justify;\">Thay \u0111\u1ed5i c\u1ee7a Ch\u00ednh s\u00e1ch B\u1ea3o m\u1eadt<\/h2>\r\n<p style=\"text-align: justify;\"><b>Hadoo iHealing <\/b>c\u00f3 quy\u1ec1n thay \u0111\u1ed5i v\u00e0 ch\u1ec9nh s\u1eeda Quy \u0111\u1ecbnh B\u1ea3o m\u1eadt v\u00e0o b\u1ea5t k\u1ef3 l\u00fac n\u00e0o. B\u1ea5t c\u1ee9 thay \u0111\u1ed5i n\u00e0o v\u1ec1 ch\u00ednh s\u00e1ch n\u00e0y \u0111\u1ec1u \u0111\u01b0\u1ee3c \u0111\u0103ng tr\u00ean trang web c\u1ee7a ch\u00fang t\u00f4i.<\/p>\r\n","protected":false},"excerpt":{"rendered":"<p>Hadoo iHealing lu\u00f4n \u0111\u1eb7t quy\u1ec1n ri\u00eang t\u01b0 c\u1ee7a kh\u00e1ch h\u00e0ng l\u00e0 m\u1ee5c ti\u00eau h\u00e0ng \u0111\u1ea7u c\u1ea7n ph\u1ea3i b\u1ea3o m\u1eadt, ch\u00ednh v\u00ec th\u1ebf ch\u00fang t\u00f4i \u0111\u01b0a ra nh\u1eefng ch\u00ednh s\u00e1ch b\u1ea3o m\u1eadt nh\u1eb1m \u0111\u1ea3m b\u1ea3o s\u1ef1 an to\u00e0n cho th\u00f4ng tin c\u1ee7a qu\u00fd kh\u00e1ch khi mua h\u00e0ng t\u1ea1i \u0111\u00e2y.\u00a0 B\u1ea3o v\u1ec7 d\u1eef li\u1ec7u l\u00e0 v\u1ea5n \u0111\u1ec1&#8230;<\/p>\n","protected":false},"author":1,"featured_media":0,"parent":0,"menu_order":0,"comment_status":"closed","ping_status":"open","template":"","meta":{"footnotes":""},"yst_prominent_words":[],"class_list":["post-3","page","type-page","status-publish","hentry"],"_links":{"self":[{"href":"https:\/\/mauweb.tamnguyen.vn\/mypham04\/wp-json\/wp\/v2\/pages\/3","targetHints":{"allow":["GET"]}}],"collection":[{"href":"https:\/\/mauweb.tamnguyen.vn\/mypham04\/wp-json\/wp\/v2\/pages"}],"about":[{"href":"https:\/\/mauweb.tamnguyen.vn\/mypham04\/wp-json\/wp\/v2\/types\/page"}],"author":[{"embeddable":true,"href":"https:\/\/mauweb.tamnguyen.vn\/mypham04\/wp-json\/wp\/v2\/users\/1"}],"replies":[{"embeddable":true,"href":"https:\/\/mauweb.tamnguyen.vn\/mypham04\/wp-json\/wp\/v2\/comments?post=3"}],"version-history":[{"count":4,"href":"https:\/\/mauweb.tamnguyen.vn\/mypham04\/wp-json\/wp\/v2\/pages\/3\/revisions"}],"predecessor-version":[{"id":2603,"href":"https:\/\/mauweb.tamnguyen.vn\/mypham04\/wp-json\/wp\/v2\/pages\/3\/revisions\/2603"}],"wp:attachment":[{"href":"https:\/\/mauweb.tamnguyen.vn\/mypham04\/wp-json\/wp\/v2\/media?parent=3"}],"wp:term":[{"taxonomy":"yst_prominent_words","embeddable":true,"href":"https:\/\/mauweb.tamnguyen.vn\/mypham04\/wp-json\/wp\/v2\/yst_prominent_words?post=3"}],"curies":[{"name":"wp","href":"https:\/\/api.w.org\/{rel}","templated":true}]}}