{"id":195,"date":"2021-10-28T15:56:25","date_gmt":"2021-10-28T15:56:25","guid":{"rendered":"http:\/\/maylocnuoc.themevivu.com\/?post_type=product&#038;p=195"},"modified":"2021-10-28T15:56:26","modified_gmt":"2021-10-28T15:56:26","slug":"may-loc-nuoc-kangaroo-kg109a-kv","status":"publish","type":"product","link":"https:\/\/mauweb.tamnguyen.vn\/maylocnuoc\/may-loc-nuoc-kangaroo-kg109a-kv\/","title":{"rendered":"M\u00e1y l\u1ecdc n\u01b0\u1edbc Kangaroo KG109A KV"},"content":{"rendered":"<div id=\"infoContent\">\n<table id=\"table\">\n<tbody>\n<tr>\n<td>T\u00ean s\u1ea3n ph\u1ea9m :<\/td>\n<td>M\u00e1y l\u1ecdc n\u01b0\u1edbc Kangaroo KG109A KV<\/td>\n<\/tr>\n<tr>\n<td>M\u00e3 s\u1ea3n ph\u1ea9m :<\/td>\n<td>KG109AKV<\/td>\n<\/tr>\n<tr>\n<td>K\u00edch th\u01b0\u1edbc:<\/td>\n<td>45 x 32 x 90 cm (mm)<\/td>\n<\/tr>\n<tr>\n<td>Th\u01b0\u01a1ng hi\u1ec7u<\/td>\n<td>Kangaroo<\/td>\n<\/tr>\n<tr>\n<td>B\u1ea3o h\u00e0nh<\/td>\n<td>12 th\u00e1ng<\/td>\n<\/tr>\n<tr>\n<td>Tu\u1ed5i th\u1ecd<\/td>\n<td>10 n\u0103m<\/td>\n<\/tr>\n<tr>\n<td>C\u1ea5u t\u1ea1o l\u00f5i<\/td>\n<td>\u22b9 S\u1ee3i PP c\u00f3 khe l\u1ecdc 5 micron<br \/>\n\u22b9 Than ho\u1ea1t t\u00ednh x\u1ed1p<br \/>\n\u22b9 S\u1ee3i PP c\u00f3 khe l\u1ecdc 1 micron<br \/>\n\u22b9 Nano Silver<br \/>\n\u22b9 H\u1ea1t b\u00f3ng g\u1ed1m<br \/>\n\u22b9 Alkaline<br \/>\n\u22b9 \u0110\u00e1 Maifan<br \/>\n\u22b9 ORP<br \/>\n\u22b9 M\u00e0ng RO 50 GDP Made in Korea<\/td>\n<\/tr>\n<tr>\n<td>\u00c1p su\u1ea5t n\u01b0\u1edbc t\u1ed1i \u0111a<\/td>\n<td>5 bar<\/td>\n<\/tr>\n<tr>\n<td>C\u00f4ng su\u1ea5t l\u1ecdc theo gi\u1edd<\/td>\n<td>15 l\u00edt\/ gi\u1edd<\/td>\n<\/tr>\n<tr>\n<td>\u0110i\u1ec7n ti\u00eau th\u1ee5<\/td>\n<td>36W<\/td>\n<\/tr>\n<tr>\n<td>Ngu\u1ed3n \u0111i\u1ec7n \u0111\u1ea7u ra<\/td>\n<td>24V<\/td>\n<\/tr>\n<tr>\n<td>\u0110i\u1ec7n \u00e1p<\/td>\n<td>220V\/50Hz<\/td>\n<\/tr>\n<tr>\n<td>Motor<\/td>\n<td>\u0110\u1ed9ng c\u01a1 h\u00fat \u0111\u1ea9y<\/td>\n<\/tr>\n<tr>\n<td>Ki\u1ec3u t\u1ee7<\/td>\n<td>Kh\u00f4ng v\u1ecf t\u1ee7<\/td>\n<\/tr>\n<tr>\n<td>Kh\u1ed1i l\u01b0\u1ee3ng<\/td>\n<td>21.5kg<\/td>\n<\/tr>\n<tr>\n<td>S\u1ed1 c\u1ea5p l\u1ecdc (L\u00f5i l\u1ecdc)<\/td>\n<td>9 l\u00f5i l\u1ecdc<\/td>\n<\/tr>\n<tr>\n<td>B\u00ecnh \u00e1p<\/td>\n<td>B\u00ecnh \u00e1p th\u00e9p<\/td>\n<\/tr>\n<tr>\n<td>Van \u0111i\u1ec7n t\u1eeb<\/td>\n<td>KSD<\/td>\n<\/tr>\n<tr>\n<td>B\u01a1m<\/td>\n<td>Radian<\/td>\n<\/tr>\n<tr>\n<td>M\u00e0u t\u1ee7<\/td>\n<td>Tr\u1eafng<\/td>\n<\/tr>\n<tr>\n<td>V\u00f2i<\/td>\n<td>V\u00f2i Inox<\/td>\n<\/tr>\n<\/tbody>\n<\/table>\n<\/div>\n<p>&#8211; T\u1ef1 \u0111\u1ed9ng s\u1ee5c r\u1eeda m\u00e0ng RO tr\u01b0\u1edbc khi l\u1ecdc gi\u00fap t\u0103ng tu\u1ed5i th\u1ecd \u0111\u1ed3ng th\u1eddi b\u1ea3o \u0111\u1ea3m hi\u1ec7u su\u1ea5t c\u1ee7a l\u00f5i l\u1ecdc RO, t\u0103ng tu\u1ed5i th\u1ecd c\u1ee7a l\u00f5i l\u1ecdc RO<br \/>\n&#8211; L\u00f5i Maifan b\u1ed5 sung c\u00e1c kho\u00e1ng ch\u1ea5t t\u1eeb thi\u00ean nhi\u00ean cho n\u01b0\u1edbc, h\u1ed7 tr\u1ee3 t\u0103ng c\u01b0\u1eddng s\u1ee9c \u0111\u1ec1 kh\u00e1ng cho c\u01a1 th\u1ec3<br \/>\n&#8211; C\u00f4ng su\u1ea5t l\u1ecdc 15l\/gi\u1edd \u0111\u00e1p \u1ee9ng \u0111\u1ee7 nhu c\u1ea7u n\u01b0\u1edbc u\u1ed1ng cho c\u1ea3 gia \u0111\u00ecnh b\u1ea1n<br \/>\n&#8211; L\u00f5i Orp T\u1ea1o \u0111i\u1ec7n gi\u1ea3i cho n\u01b0\u1edbc gi\u00fap gi\u1ea3i \u0111\u1ed9c c\u01a1 th\u1ec3, tr\u1edf th\u00e0nh n\u01b0\u1edbc u\u1ed1ng l\u00fd t\u01b0\u1edfng cho c\u01a1 th\u1ec3<br \/>\n&#8211; Ti\u1ebft ki\u1ec7m \u0111i\u1ec7n n\u0103ng nh\u1edd van \u0111i\u1ec7n t\u1eeb t\u1ef1 \u0111\u1ed9ng ng\u1eebng khi \u00e1p l\u1ef1c \u0111\u1ea7u ngu\u1ed3n ko \u0111\u1ee7,\u00a0ng\u1eebng ho\u1ea1t \u0111\u1ed9ng khi b\u00ecnh n\u01b0\u1edbc \u0111\u1ea7y.<\/p>\n","protected":false},"excerpt":{"rendered":"<p>T\u00ean s\u1ea3n ph\u1ea9m : M\u00e1y l\u1ecdc n\u01b0\u1edbc Kangaroo KG109A KV M\u00e3 s\u1ea3n ph\u1ea9m : KG109AKV K\u00edch th\u01b0\u1edbc: 45 x 32 x 90 cm (mm) Th\u01b0\u01a1ng hi\u1ec7u Kangaroo B\u1ea3o h\u00e0nh 12 th\u00e1ng Tu\u1ed5i th\u1ecd 10 n\u0103m C\u1ea5u t\u1ea1o l\u00f5i \u22b9 S\u1ee3i PP c\u00f3 khe l\u1ecdc 5 micron \u22b9 Than ho\u1ea1t t\u00ednh x\u1ed1p \u22b9 S\u1ee3i PP c\u00f3&#8230;<\/p>\n","protected":false},"featured_media":196,"comment_status":"open","ping_status":"closed","template":"","meta":[],"product_cat":[16,17],"product_tag":[],"yst_prominent_words":[],"class_list":["post-195","product","type-product","status-publish","has-post-thumbnail","hentry","product_cat-may-loc-nuoc-kangaroo","product_cat-may-loc-nuoc-kangaroo-khong-vo-tu"],"acf":[],"_links":{"self":[{"href":"https:\/\/mauweb.tamnguyen.vn\/maylocnuoc\/wp-json\/wp\/v2\/product\/195","targetHints":{"allow":["GET"]}}],"collection":[{"href":"https:\/\/mauweb.tamnguyen.vn\/maylocnuoc\/wp-json\/wp\/v2\/product"}],"about":[{"href":"https:\/\/mauweb.tamnguyen.vn\/maylocnuoc\/wp-json\/wp\/v2\/types\/product"}],"replies":[{"embeddable":true,"href":"https:\/\/mauweb.tamnguyen.vn\/maylocnuoc\/wp-json\/wp\/v2\/comments?post=195"}],"wp:featuredmedia":[{"embeddable":true,"href":"https:\/\/mauweb.tamnguyen.vn\/maylocnuoc\/wp-json\/wp\/v2\/media\/196"}],"wp:attachment":[{"href":"https:\/\/mauweb.tamnguyen.vn\/maylocnuoc\/wp-json\/wp\/v2\/media?parent=195"}],"wp:term":[{"taxonomy":"product_cat","embeddable":true,"href":"https:\/\/mauweb.tamnguyen.vn\/maylocnuoc\/wp-json\/wp\/v2\/product_cat?post=195"},{"taxonomy":"product_tag","embeddable":true,"href":"https:\/\/mauweb.tamnguyen.vn\/maylocnuoc\/wp-json\/wp\/v2\/product_tag?post=195"},{"taxonomy":"yst_prominent_words","embeddable":true,"href":"https:\/\/mauweb.tamnguyen.vn\/maylocnuoc\/wp-json\/wp\/v2\/yst_prominent_words?post=195"}],"curies":[{"name":"wp","href":"https:\/\/api.w.org\/{rel}","templated":true}]}}