{"id":1662,"date":"2022-04-13T04:42:41","date_gmt":"2022-04-13T04:42:41","guid":{"rendered":"http:\/\/mau3.maudep.com.vn\/webrem\/?post_type=product&#038;p=1662"},"modified":"2022-05-14T05:54:54","modified_gmt":"2022-05-14T05:54:54","slug":"rem-sao-nhom-2","status":"publish","type":"product","link":"https:\/\/mauweb.tamnguyen.vn\/manhren2\/san-pham\/rem-sao-nhom-2\/","title":{"rendered":"R\u00c8M S\u00c1O NH\u00d4M"},"content":{"rendered":"<div class=\"term-description\">\n<p>R\u00e8m s\u00e1o nh\u00f4m hay c\u00f2n g\u1ecdi l\u00e0 m\u00e0n s\u00e1o nh\u00f4m l\u00e0 lo\u1ea1i r\u00e8m c\u1eeda \u0111\u01b0\u1ee3c l\u00e0m t\u1eeb nh\u1eefng l\u00e1 nh\u00f4m t\u00e1n m\u1ecfng c\u00f3 \u0111\u1ed9 r\u1ed9ng l\u00e1 l\u00e0 2,5cm. Tr\u00ean b\u1ec1 m\u1eb7t l\u00e1 nh\u00f4m \u0111\u01b0\u1ee3c s\u01a1n t\u0129nh \u0111i\u1ec7n v\u1edbi r\u1ea5t nhi\u1ec1u m\u00e0u s\u1eafc kh\u00e1c nhau, \u0111\u1eb7c bi\u1ec7t n\u00f3 c\u00f2n \u0111\u01b0\u1ee3c ph\u1ee7 m\u1ed9t l\u1edbp nano c\u00f3 kh\u1ea3 n\u0103ng tr\u1ed1ng tr\u1ea7y x\u01b0\u1edbc.<\/p>\n<p>Ngo\u00e0i vi\u1ec7c \u0111a d\u1ea1ng v\u1ec1 m\u00e0u s\u1eafc d\u1ec5 d\u00e0ng ph\u1ed1i m\u00e0u v\u1edbi nhi\u1ec1u lo\u1ea1i kh\u00f4ng gian thi\u1ebft k\u1ebf, th\u00ec r\u00e8m s\u00e1o nh\u00f4m c\u00f2n l\u00e0 m\u1ed9t m\u1eabu r\u00e8m gi\u00e1 r\u1ebb, nh\u01b0ng s\u1edf h\u1eefu phong c\u00e1ch thi\u1ebft k\u1ebf hi\u1ec7n \u0111\u1ea1i sang tr\u1ecdng, d\u1ebd d\u00e0ng \u0111i\u1ec1u ch\u1ec9nh l\u1ea5y s\u00e1ng, k\u1ebft n\u1ed1i kh\u00f4ng gian b\u00ean trong v\u1edbi kh\u00f4ng gian b\u00ean ngo\u00e0i.<\/p>\n<\/div>\n","protected":false},"excerpt":{"rendered":"<p>R\u00e8m s\u00e1o nh\u00f4m hay c\u00f2n g\u1ecdi l\u00e0 m\u00e0n s\u00e1o nh\u00f4m l\u00e0 lo\u1ea1i r\u00e8m c\u1eeda \u0111\u01b0\u1ee3c l\u00e0m t\u1eeb nh\u1eefng l\u00e1 nh\u00f4m t\u00e1n m\u1ecfng c\u00f3 \u0111\u1ed9 r\u1ed9ng l\u00e1 l\u00e0 2,5cm. Tr\u00ean b\u1ec1 m\u1eb7t l\u00e1 nh\u00f4m \u0111\u01b0\u1ee3c s\u01a1n t\u0129nh \u0111i\u1ec7n v\u1edbi r\u1ea5t nhi\u1ec1u m\u00e0u s\u1eafc kh\u00e1c nhau, \u0111\u1eb7c bi\u1ec7t n\u00f3 c\u00f2n \u0111\u01b0\u1ee3c ph\u1ee7 m\u1ed9t l\u1edbp nano c\u00f3 kh\u1ea3 [&#8230;]\n","protected":false},"featured_media":1663,"comment_status":"open","ping_status":"closed","template":"","meta":[],"product_cat":[155],"product_tag":[],"class_list":["post-1662","product","type-product","status-publish","has-post-thumbnail","hentry","product_cat-rem-sao-nhom"],"acf":[],"yoast_head":"<!-- This site is optimized with the Yoast SEO plugin v19.8 - https:\/\/yoast.com\/wordpress\/plugins\/seo\/ -->\n<title>R\u00c8M S\u00c1O NH\u00d4M - remhunganh<\/title>\n<meta name=\"robots\" content=\"noindex, follow, max-snippet:-1, max-image-preview:large, max-video-preview:-1\" \/>\n<meta property=\"og:locale\" content=\"vi_VN\" \/>\n<meta property=\"og:type\" content=\"article\" \/>\n<meta property=\"og:title\" content=\"R\u00c8M S\u00c1O NH\u00d4M - remhunganh\" \/>\n<meta property=\"og:description\" content=\"R\u00e8m s\u00e1o nh\u00f4m hay c\u00f2n g\u1ecdi l\u00e0 m\u00e0n s\u00e1o nh\u00f4m l\u00e0 lo\u1ea1i r\u00e8m c\u1eeda \u0111\u01b0\u1ee3c l\u00e0m t\u1eeb nh\u1eefng l\u00e1 nh\u00f4m t\u00e1n m\u1ecfng c\u00f3 \u0111\u1ed9 r\u1ed9ng l\u00e1 l\u00e0 2,5cm. Tr\u00ean b\u1ec1 m\u1eb7t l\u00e1 nh\u00f4m \u0111\u01b0\u1ee3c s\u01a1n t\u0129nh \u0111i\u1ec7n v\u1edbi r\u1ea5t nhi\u1ec1u m\u00e0u s\u1eafc kh\u00e1c nhau, \u0111\u1eb7c bi\u1ec7t n\u00f3 c\u00f2n \u0111\u01b0\u1ee3c ph\u1ee7 m\u1ed9t l\u1edbp nano c\u00f3 kh\u1ea3 [...]\" \/>\n<meta property=\"og:url\" content=\"https:\/\/mauweb.tamnguyen.vn\/manhren2\/san-pham\/rem-sao-nhom-2\/\" \/>\n<meta property=\"og:site_name\" content=\"remhunganh\" \/>\n<meta property=\"article:modified_time\" content=\"2022-05-14T05:54:54+00:00\" \/>\n<meta property=\"og:image\" content=\"https:\/\/mauweb.tamnguyen.vn\/manhren2\/wp-content\/uploads\/2022\/04\/rem-sao-nhom-2.jpg\" \/>\n\t<meta property=\"og:image:width\" content=\"1000\" \/>\n\t<meta property=\"og:image:height\" content=\"563\" \/>\n\t<meta property=\"og:image:type\" content=\"image\/jpeg\" \/>\n<meta name=\"twitter:card\" content=\"summary_large_image\" \/>\n<meta name=\"twitter:label1\" content=\"\u01af\u1edbc t\u00ednh th\u1eddi gian \u0111\u1ecdc\" \/>\n\t<meta name=\"twitter:data1\" content=\"1 ph\u00fat\" \/>\n<script type=\"application\/ld+json\" class=\"yoast-schema-graph\">{\"@context\":\"https:\/\/schema.org\",\"@graph\":[{\"@type\":\"WebPage\",\"@id\":\"https:\/\/mauweb.tamnguyen.vn\/manhren2\/san-pham\/rem-sao-nhom-2\/\",\"url\":\"https:\/\/mauweb.tamnguyen.vn\/manhren2\/san-pham\/rem-sao-nhom-2\/\",\"name\":\"R\u00c8M S\u00c1O NH\u00d4M - remhunganh\",\"isPartOf\":{\"@id\":\"https:\/\/mauweb.tamnguyen.vn\/manhren2\/#website\"},\"datePublished\":\"2022-04-13T04:42:41+00:00\",\"dateModified\":\"2022-05-14T05:54:54+00:00\",\"breadcrumb\":{\"@id\":\"https:\/\/mauweb.tamnguyen.vn\/manhren2\/san-pham\/rem-sao-nhom-2\/#breadcrumb\"},\"inLanguage\":\"vi\",\"potentialAction\":[{\"@type\":\"ReadAction\",\"target\":[\"https:\/\/mauweb.tamnguyen.vn\/manhren2\/san-pham\/rem-sao-nhom-2\/\"]}]},{\"@type\":\"BreadcrumbList\",\"@id\":\"https:\/\/mauweb.tamnguyen.vn\/manhren2\/san-pham\/rem-sao-nhom-2\/#breadcrumb\",\"itemListElement\":[{\"@type\":\"ListItem\",\"position\":1,\"name\":\"Trang ch\u1ee7\",\"item\":\"https:\/\/mauweb.tamnguyen.vn\/manhren2\/\"},{\"@type\":\"ListItem\",\"position\":2,\"name\":\"Shop\",\"item\":\"https:\/\/mauweb.tamnguyen.vn\/manhren2\/shop\/\"},{\"@type\":\"ListItem\",\"position\":3,\"name\":\"R\u00c8M S\u00c1O NH\u00d4M\"}]},{\"@type\":\"WebSite\",\"@id\":\"https:\/\/mauweb.tamnguyen.vn\/manhren2\/#website\",\"url\":\"https:\/\/mauweb.tamnguyen.vn\/manhren2\/\",\"name\":\"remhunganh\",\"description\":\"\",\"potentialAction\":[{\"@type\":\"SearchAction\",\"target\":{\"@type\":\"EntryPoint\",\"urlTemplate\":\"https:\/\/mauweb.tamnguyen.vn\/manhren2\/?s={search_term_string}\"},\"query-input\":\"required name=search_term_string\"}],\"inLanguage\":\"vi\"}]}<\/script>\n<!-- \/ Yoast SEO plugin. -->","yoast_head_json":{"title":"R\u00c8M S\u00c1O NH\u00d4M - remhunganh","robots":{"index":"noindex","follow":"follow","max-snippet":"max-snippet:-1","max-image-preview":"max-image-preview:large","max-video-preview":"max-video-preview:-1"},"og_locale":"vi_VN","og_type":"article","og_title":"R\u00c8M S\u00c1O NH\u00d4M - remhunganh","og_description":"R\u00e8m s\u00e1o nh\u00f4m hay c\u00f2n g\u1ecdi l\u00e0 m\u00e0n s\u00e1o nh\u00f4m l\u00e0 lo\u1ea1i r\u00e8m c\u1eeda \u0111\u01b0\u1ee3c l\u00e0m t\u1eeb nh\u1eefng l\u00e1 nh\u00f4m t\u00e1n m\u1ecfng c\u00f3 \u0111\u1ed9 r\u1ed9ng l\u00e1 l\u00e0 2,5cm. Tr\u00ean b\u1ec1 m\u1eb7t l\u00e1 nh\u00f4m \u0111\u01b0\u1ee3c s\u01a1n t\u0129nh \u0111i\u1ec7n v\u1edbi r\u1ea5t nhi\u1ec1u m\u00e0u s\u1eafc kh\u00e1c nhau, \u0111\u1eb7c bi\u1ec7t n\u00f3 c\u00f2n \u0111\u01b0\u1ee3c ph\u1ee7 m\u1ed9t l\u1edbp nano c\u00f3 kh\u1ea3 [...]","og_url":"https:\/\/mauweb.tamnguyen.vn\/manhren2\/san-pham\/rem-sao-nhom-2\/","og_site_name":"remhunganh","article_modified_time":"2022-05-14T05:54:54+00:00","og_image":[{"width":1000,"height":563,"url":"https:\/\/mauweb.tamnguyen.vn\/manhren2\/wp-content\/uploads\/2022\/04\/rem-sao-nhom-2.jpg","type":"image\/jpeg"}],"twitter_card":"summary_large_image","twitter_misc":{"\u01af\u1edbc t\u00ednh th\u1eddi gian \u0111\u1ecdc":"1 ph\u00fat"},"schema":{"@context":"https:\/\/schema.org","@graph":[{"@type":"WebPage","@id":"https:\/\/mauweb.tamnguyen.vn\/manhren2\/san-pham\/rem-sao-nhom-2\/","url":"https:\/\/mauweb.tamnguyen.vn\/manhren2\/san-pham\/rem-sao-nhom-2\/","name":"R\u00c8M S\u00c1O NH\u00d4M - remhunganh","isPartOf":{"@id":"https:\/\/mauweb.tamnguyen.vn\/manhren2\/#website"},"datePublished":"2022-04-13T04:42:41+00:00","dateModified":"2022-05-14T05:54:54+00:00","breadcrumb":{"@id":"https:\/\/mauweb.tamnguyen.vn\/manhren2\/san-pham\/rem-sao-nhom-2\/#breadcrumb"},"inLanguage":"vi","potentialAction":[{"@type":"ReadAction","target":["https:\/\/mauweb.tamnguyen.vn\/manhren2\/san-pham\/rem-sao-nhom-2\/"]}]},{"@type":"BreadcrumbList","@id":"https:\/\/mauweb.tamnguyen.vn\/manhren2\/san-pham\/rem-sao-nhom-2\/#breadcrumb","itemListElement":[{"@type":"ListItem","position":1,"name":"Trang ch\u1ee7","item":"https:\/\/mauweb.tamnguyen.vn\/manhren2\/"},{"@type":"ListItem","position":2,"name":"Shop","item":"https:\/\/mauweb.tamnguyen.vn\/manhren2\/shop\/"},{"@type":"ListItem","position":3,"name":"R\u00c8M S\u00c1O NH\u00d4M"}]},{"@type":"WebSite","@id":"https:\/\/mauweb.tamnguyen.vn\/manhren2\/#website","url":"https:\/\/mauweb.tamnguyen.vn\/manhren2\/","name":"remhunganh","description":"","potentialAction":[{"@type":"SearchAction","target":{"@type":"EntryPoint","urlTemplate":"https:\/\/mauweb.tamnguyen.vn\/manhren2\/?s={search_term_string}"},"query-input":"required name=search_term_string"}],"inLanguage":"vi"}]}},"_links":{"self":[{"href":"https:\/\/mauweb.tamnguyen.vn\/manhren2\/wp-json\/wp\/v2\/product\/1662"}],"collection":[{"href":"https:\/\/mauweb.tamnguyen.vn\/manhren2\/wp-json\/wp\/v2\/product"}],"about":[{"href":"https:\/\/mauweb.tamnguyen.vn\/manhren2\/wp-json\/wp\/v2\/types\/product"}],"replies":[{"embeddable":true,"href":"https:\/\/mauweb.tamnguyen.vn\/manhren2\/wp-json\/wp\/v2\/comments?post=1662"}],"wp:featuredmedia":[{"embeddable":true,"href":"https:\/\/mauweb.tamnguyen.vn\/manhren2\/wp-json\/wp\/v2\/media\/1663"}],"wp:attachment":[{"href":"https:\/\/mauweb.tamnguyen.vn\/manhren2\/wp-json\/wp\/v2\/media?parent=1662"}],"wp:term":[{"taxonomy":"product_cat","embeddable":true,"href":"https:\/\/mauweb.tamnguyen.vn\/manhren2\/wp-json\/wp\/v2\/product_cat?post=1662"},{"taxonomy":"product_tag","embeddable":true,"href":"https:\/\/mauweb.tamnguyen.vn\/manhren2\/wp-json\/wp\/v2\/product_tag?post=1662"}],"curies":[{"name":"wp","href":"https:\/\/api.w.org\/{rel}","templated":true}]}}