{"id":1652,"date":"2022-04-13T04:29:29","date_gmt":"2022-04-13T04:29:29","guid":{"rendered":"http:\/\/mau3.maudep.com.vn\/webrem\/?post_type=product&#038;p=1652"},"modified":"2022-05-14T05:52:32","modified_gmt":"2022-05-14T05:52:32","slug":"rem-la-doc","status":"publish","type":"product","link":"https:\/\/mauweb.tamnguyen.vn\/manhren2\/san-pham\/rem-la-doc\/","title":{"rendered":"R\u00c8M L\u00c1 D\u1eccC"},"content":{"rendered":"<div class=\"term-description\">\n<p>V\u1edbi c\u00f4ng d\u1ee5ng c\u1ee7a r\u00e8m l\u00e1 d\u1ecdc th\u00ec \u0111\u1ea7u ti\u00ean kh\u00f4ng th\u1ec3 b\u1ecf qua \u0111\u01b0\u1ee3c \u0111\u00f3 l\u00e0 t\u00ednh n\u0103ng \u0111i\u1ec1u ch\u1ec9nh s\u00e1ng linh ho\u1ea1t<\/p>\n<p>T\u00e1c d\u1ee5ng th\u1ee9 hai \u0111\u00f3 ch\u00ednh l\u00e0 n\u00f3 gi\u00fap cho c\u0103n ph\u00f2ng c\u1ee7a b\u1ea1n tr\u1edf n\u00ean hi\u1ec7n \u0111\u1ea1i v\u00e0 sang tr\u1ecdng h\u01a1n.<\/p>\n<p>R\u00e8m l\u00e1 d\u1ecdc c\u00f3 \u0111\u1ed9 b\u1ec1n c\u1ef1c cao. Ch\u00ednh v\u00ec \u0111\u01b0\u1ee3c l\u00e0m t\u1eeb nguy\u00ean li\u1ec7u polyester c\u00f3 \u0111\u1ed9 b\u1ec1n r\u1ea5t t\u1ed1t. M\u00e0u s\u1eafc c\u1ee7a r\u00e8m lu\u00f4n nh\u01b0 m\u1edbi kh\u00f4ng h\u1ec1 b\u1ecb bay m\u00e0u.<\/p>\n<p>&nbsp;<\/p>\n<\/div>\n<p class=\"woocommerce-info\">\n","protected":false},"excerpt":{"rendered":"<p>V\u1edbi c\u00f4ng d\u1ee5ng c\u1ee7a r\u00e8m l\u00e1 d\u1ecdc th\u00ec \u0111\u1ea7u ti\u00ean kh\u00f4ng th\u1ec3 b\u1ecf qua \u0111\u01b0\u1ee3c \u0111\u00f3 l\u00e0 t\u00ednh n\u0103ng \u0111i\u1ec1u ch\u1ec9nh s\u00e1ng linh ho\u1ea1t T\u00e1c d\u1ee5ng th\u1ee9 hai \u0111\u00f3 ch\u00ednh l\u00e0 n\u00f3 gi\u00fap cho c\u0103n ph\u00f2ng c\u1ee7a b\u1ea1n tr\u1edf n\u00ean hi\u1ec7n \u0111\u1ea1i v\u00e0 sang tr\u1ecdng h\u01a1n. R\u00e8m l\u00e1 d\u1ecdc c\u00f3 \u0111\u1ed9 b\u1ec1n c\u1ef1c cao. Ch\u00ednh [&#8230;]\n","protected":false},"featured_media":1653,"comment_status":"open","ping_status":"closed","template":"","meta":[],"product_cat":[158],"product_tag":[],"class_list":["post-1652","product","type-product","status-publish","has-post-thumbnail","hentry","product_cat-rem-la-doc"],"acf":[],"yoast_head":"<!-- This site is optimized with the Yoast SEO plugin v19.8 - https:\/\/yoast.com\/wordpress\/plugins\/seo\/ -->\n<title>R\u00c8M L\u00c1 D\u1eccC - remhunganh<\/title>\n<meta name=\"robots\" content=\"noindex, follow, max-snippet:-1, max-image-preview:large, max-video-preview:-1\" \/>\n<meta property=\"og:locale\" content=\"vi_VN\" \/>\n<meta property=\"og:type\" content=\"article\" \/>\n<meta property=\"og:title\" content=\"R\u00c8M L\u00c1 D\u1eccC - remhunganh\" \/>\n<meta property=\"og:description\" content=\"V\u1edbi c\u00f4ng d\u1ee5ng c\u1ee7a r\u00e8m l\u00e1 d\u1ecdc th\u00ec \u0111\u1ea7u ti\u00ean kh\u00f4ng th\u1ec3 b\u1ecf qua \u0111\u01b0\u1ee3c \u0111\u00f3 l\u00e0 t\u00ednh n\u0103ng \u0111i\u1ec1u ch\u1ec9nh s\u00e1ng linh ho\u1ea1t T\u00e1c d\u1ee5ng th\u1ee9 hai \u0111\u00f3 ch\u00ednh l\u00e0 n\u00f3 gi\u00fap cho c\u0103n ph\u00f2ng c\u1ee7a b\u1ea1n tr\u1edf n\u00ean hi\u1ec7n \u0111\u1ea1i v\u00e0 sang tr\u1ecdng h\u01a1n. R\u00e8m l\u00e1 d\u1ecdc c\u00f3 \u0111\u1ed9 b\u1ec1n c\u1ef1c cao. Ch\u00ednh [...]\" \/>\n<meta property=\"og:url\" content=\"https:\/\/mauweb.tamnguyen.vn\/manhren2\/san-pham\/rem-la-doc\/\" \/>\n<meta property=\"og:site_name\" content=\"remhunganh\" \/>\n<meta property=\"article:modified_time\" content=\"2022-05-14T05:52:32+00:00\" \/>\n<meta property=\"og:image\" content=\"https:\/\/mauweb.tamnguyen.vn\/manhren2\/wp-content\/uploads\/2022\/04\/Rem-la-doc-014.jpg\" \/>\n\t<meta property=\"og:image:width\" content=\"600\" \/>\n\t<meta property=\"og:image:height\" content=\"600\" \/>\n\t<meta property=\"og:image:type\" content=\"image\/jpeg\" \/>\n<meta name=\"twitter:card\" content=\"summary_large_image\" \/>\n<meta name=\"twitter:label1\" content=\"\u01af\u1edbc t\u00ednh th\u1eddi gian \u0111\u1ecdc\" \/>\n\t<meta name=\"twitter:data1\" content=\"1 ph\u00fat\" \/>\n<script type=\"application\/ld+json\" class=\"yoast-schema-graph\">{\"@context\":\"https:\/\/schema.org\",\"@graph\":[{\"@type\":\"WebPage\",\"@id\":\"https:\/\/mauweb.tamnguyen.vn\/manhren2\/san-pham\/rem-la-doc\/\",\"url\":\"https:\/\/mauweb.tamnguyen.vn\/manhren2\/san-pham\/rem-la-doc\/\",\"name\":\"R\u00c8M L\u00c1 D\u1eccC - remhunganh\",\"isPartOf\":{\"@id\":\"https:\/\/mauweb.tamnguyen.vn\/manhren2\/#website\"},\"datePublished\":\"2022-04-13T04:29:29+00:00\",\"dateModified\":\"2022-05-14T05:52:32+00:00\",\"breadcrumb\":{\"@id\":\"https:\/\/mauweb.tamnguyen.vn\/manhren2\/san-pham\/rem-la-doc\/#breadcrumb\"},\"inLanguage\":\"vi\",\"potentialAction\":[{\"@type\":\"ReadAction\",\"target\":[\"https:\/\/mauweb.tamnguyen.vn\/manhren2\/san-pham\/rem-la-doc\/\"]}]},{\"@type\":\"BreadcrumbList\",\"@id\":\"https:\/\/mauweb.tamnguyen.vn\/manhren2\/san-pham\/rem-la-doc\/#breadcrumb\",\"itemListElement\":[{\"@type\":\"ListItem\",\"position\":1,\"name\":\"Trang ch\u1ee7\",\"item\":\"https:\/\/mauweb.tamnguyen.vn\/manhren2\/\"},{\"@type\":\"ListItem\",\"position\":2,\"name\":\"Shop\",\"item\":\"https:\/\/mauweb.tamnguyen.vn\/manhren2\/shop\/\"},{\"@type\":\"ListItem\",\"position\":3,\"name\":\"R\u00c8M L\u00c1 D\u1eccC\"}]},{\"@type\":\"WebSite\",\"@id\":\"https:\/\/mauweb.tamnguyen.vn\/manhren2\/#website\",\"url\":\"https:\/\/mauweb.tamnguyen.vn\/manhren2\/\",\"name\":\"remhunganh\",\"description\":\"\",\"potentialAction\":[{\"@type\":\"SearchAction\",\"target\":{\"@type\":\"EntryPoint\",\"urlTemplate\":\"https:\/\/mauweb.tamnguyen.vn\/manhren2\/?s={search_term_string}\"},\"query-input\":\"required name=search_term_string\"}],\"inLanguage\":\"vi\"}]}<\/script>\n<!-- \/ Yoast SEO plugin. -->","yoast_head_json":{"title":"R\u00c8M L\u00c1 D\u1eccC - remhunganh","robots":{"index":"noindex","follow":"follow","max-snippet":"max-snippet:-1","max-image-preview":"max-image-preview:large","max-video-preview":"max-video-preview:-1"},"og_locale":"vi_VN","og_type":"article","og_title":"R\u00c8M L\u00c1 D\u1eccC - remhunganh","og_description":"V\u1edbi c\u00f4ng d\u1ee5ng c\u1ee7a r\u00e8m l\u00e1 d\u1ecdc th\u00ec \u0111\u1ea7u ti\u00ean kh\u00f4ng th\u1ec3 b\u1ecf qua \u0111\u01b0\u1ee3c \u0111\u00f3 l\u00e0 t\u00ednh n\u0103ng \u0111i\u1ec1u ch\u1ec9nh s\u00e1ng linh ho\u1ea1t T\u00e1c d\u1ee5ng th\u1ee9 hai \u0111\u00f3 ch\u00ednh l\u00e0 n\u00f3 gi\u00fap cho c\u0103n ph\u00f2ng c\u1ee7a b\u1ea1n tr\u1edf n\u00ean hi\u1ec7n \u0111\u1ea1i v\u00e0 sang tr\u1ecdng h\u01a1n. R\u00e8m l\u00e1 d\u1ecdc c\u00f3 \u0111\u1ed9 b\u1ec1n c\u1ef1c cao. Ch\u00ednh [...]","og_url":"https:\/\/mauweb.tamnguyen.vn\/manhren2\/san-pham\/rem-la-doc\/","og_site_name":"remhunganh","article_modified_time":"2022-05-14T05:52:32+00:00","og_image":[{"width":600,"height":600,"url":"https:\/\/mauweb.tamnguyen.vn\/manhren2\/wp-content\/uploads\/2022\/04\/Rem-la-doc-014.jpg","type":"image\/jpeg"}],"twitter_card":"summary_large_image","twitter_misc":{"\u01af\u1edbc t\u00ednh th\u1eddi gian \u0111\u1ecdc":"1 ph\u00fat"},"schema":{"@context":"https:\/\/schema.org","@graph":[{"@type":"WebPage","@id":"https:\/\/mauweb.tamnguyen.vn\/manhren2\/san-pham\/rem-la-doc\/","url":"https:\/\/mauweb.tamnguyen.vn\/manhren2\/san-pham\/rem-la-doc\/","name":"R\u00c8M L\u00c1 D\u1eccC - remhunganh","isPartOf":{"@id":"https:\/\/mauweb.tamnguyen.vn\/manhren2\/#website"},"datePublished":"2022-04-13T04:29:29+00:00","dateModified":"2022-05-14T05:52:32+00:00","breadcrumb":{"@id":"https:\/\/mauweb.tamnguyen.vn\/manhren2\/san-pham\/rem-la-doc\/#breadcrumb"},"inLanguage":"vi","potentialAction":[{"@type":"ReadAction","target":["https:\/\/mauweb.tamnguyen.vn\/manhren2\/san-pham\/rem-la-doc\/"]}]},{"@type":"BreadcrumbList","@id":"https:\/\/mauweb.tamnguyen.vn\/manhren2\/san-pham\/rem-la-doc\/#breadcrumb","itemListElement":[{"@type":"ListItem","position":1,"name":"Trang ch\u1ee7","item":"https:\/\/mauweb.tamnguyen.vn\/manhren2\/"},{"@type":"ListItem","position":2,"name":"Shop","item":"https:\/\/mauweb.tamnguyen.vn\/manhren2\/shop\/"},{"@type":"ListItem","position":3,"name":"R\u00c8M L\u00c1 D\u1eccC"}]},{"@type":"WebSite","@id":"https:\/\/mauweb.tamnguyen.vn\/manhren2\/#website","url":"https:\/\/mauweb.tamnguyen.vn\/manhren2\/","name":"remhunganh","description":"","potentialAction":[{"@type":"SearchAction","target":{"@type":"EntryPoint","urlTemplate":"https:\/\/mauweb.tamnguyen.vn\/manhren2\/?s={search_term_string}"},"query-input":"required name=search_term_string"}],"inLanguage":"vi"}]}},"_links":{"self":[{"href":"https:\/\/mauweb.tamnguyen.vn\/manhren2\/wp-json\/wp\/v2\/product\/1652"}],"collection":[{"href":"https:\/\/mauweb.tamnguyen.vn\/manhren2\/wp-json\/wp\/v2\/product"}],"about":[{"href":"https:\/\/mauweb.tamnguyen.vn\/manhren2\/wp-json\/wp\/v2\/types\/product"}],"replies":[{"embeddable":true,"href":"https:\/\/mauweb.tamnguyen.vn\/manhren2\/wp-json\/wp\/v2\/comments?post=1652"}],"wp:featuredmedia":[{"embeddable":true,"href":"https:\/\/mauweb.tamnguyen.vn\/manhren2\/wp-json\/wp\/v2\/media\/1653"}],"wp:attachment":[{"href":"https:\/\/mauweb.tamnguyen.vn\/manhren2\/wp-json\/wp\/v2\/media?parent=1652"}],"wp:term":[{"taxonomy":"product_cat","embeddable":true,"href":"https:\/\/mauweb.tamnguyen.vn\/manhren2\/wp-json\/wp\/v2\/product_cat?post=1652"},{"taxonomy":"product_tag","embeddable":true,"href":"https:\/\/mauweb.tamnguyen.vn\/manhren2\/wp-json\/wp\/v2\/product_tag?post=1652"}],"curies":[{"name":"wp","href":"https:\/\/api.w.org\/{rel}","templated":true}]}}