{"id":1634,"date":"2022-04-13T03:46:47","date_gmt":"2022-04-13T03:46:47","guid":{"rendered":"http:\/\/mau3.maudep.com.vn\/webrem\/?post_type=product&#038;p=1634"},"modified":"2022-05-14T05:48:19","modified_gmt":"2022-05-14T05:48:19","slug":"rem-cuon-in-tranh","status":"publish","type":"product","link":"https:\/\/mauweb.tamnguyen.vn\/manhren2\/san-pham\/rem-cuon-in-tranh\/","title":{"rendered":"R\u00c8M CU\u1ed0N IN TRANH"},"content":{"rendered":"<p>R\u00e8m cu\u1ed1n tranh \u0111\u01b0\u1ee3c d\u00f9ng r\u1ea5t nhi\u1ec1u \u0111\u1ec3 ng\u0103n ph\u00f2ng , \u0111\u1eb7c bi\u1ec7t l\u00e0 c\u00e1c c\u0103n h\u1ed9 chung c\u01b0 hi\u1ec7n nay, th\u01b0\u1eddng c\u00f3 kh\u00f4ng gian ph\u00f2ng kh\u00e1ch li\u1ec1n v\u1edbi kh\u00f4ng gian ph\u00f2ng b\u1ebfp.<\/p>\n<p>S\u1eed d\u1ee5ng r\u00e8m cu\u1ed1n in tranh b\u1ea1n s\u1ebd v\u1eeba c\u00f3 m\u1ed9t b\u1ee9c r\u00e8m \u0111\u1ec3 che ch\u1eafn l\u1ea1i v\u1eeba c\u00f3 m\u1ed9t b\u1ee9c tranh trang tr\u00ed l\u00e0m kh\u00f4ng gian c\u1ee7a b\u1ea1n tr\u1edf n\u00ean \u0111\u1eb9p h\u01a1n, n\u1ed5i b\u1eadt h\u01a1n. B\u00ean c\u1ea1nh \u0111\u00f3 r\u00e8m c\u00f2n c\u00f3 t\u00e1c d\u1ee5ng ch\u1ed1ng th\u1ea5t tho\u00e1t nhi\u1ec7t ra nh\u1eefng kh\u00f4ng gian kh\u00f4ng c\u00e0n thi\u1ebft khi b\u1ea1n s\u1eed d\u1ee5ng \u0111i\u1ec1u h\u00f2a, m\u00e1y l\u1ea1nh.<\/p>\n","protected":false},"excerpt":{"rendered":"<p>R\u00e8m cu\u1ed1n tranh \u0111\u01b0\u1ee3c d\u00f9ng r\u1ea5t nhi\u1ec1u \u0111\u1ec3 ng\u0103n ph\u00f2ng , \u0111\u1eb7c bi\u1ec7t l\u00e0 c\u00e1c c\u0103n h\u1ed9 chung c\u01b0 hi\u1ec7n nay, th\u01b0\u1eddng c\u00f3 kh\u00f4ng gian ph\u00f2ng kh\u00e1ch li\u1ec1n v\u1edbi kh\u00f4ng gian ph\u00f2ng b\u1ebfp. S\u1eed d\u1ee5ng r\u00e8m cu\u1ed1n in tranh b\u1ea1n s\u1ebd v\u1eeba c\u00f3 m\u1ed9t b\u1ee9c r\u00e8m \u0111\u1ec3 che ch\u1eafn l\u1ea1i v\u1eeba c\u00f3 m\u1ed9t b\u1ee9c tranh [&#8230;]\n","protected":false},"featured_media":1635,"comment_status":"open","ping_status":"closed","template":"","meta":[],"product_cat":[159],"product_tag":[],"class_list":["post-1634","product","type-product","status-publish","has-post-thumbnail","hentry","product_cat-rem-cuon-tranh"],"acf":[],"yoast_head":"<!-- This site is optimized with the Yoast SEO plugin v19.8 - https:\/\/yoast.com\/wordpress\/plugins\/seo\/ -->\n<title>R\u00c8M CU\u1ed0N IN TRANH - remhunganh<\/title>\n<meta name=\"robots\" content=\"noindex, follow, max-snippet:-1, max-image-preview:large, max-video-preview:-1\" \/>\n<meta property=\"og:locale\" content=\"vi_VN\" \/>\n<meta property=\"og:type\" content=\"article\" \/>\n<meta property=\"og:title\" content=\"R\u00c8M CU\u1ed0N IN TRANH - remhunganh\" \/>\n<meta property=\"og:description\" content=\"R\u00e8m cu\u1ed1n tranh \u0111\u01b0\u1ee3c d\u00f9ng r\u1ea5t nhi\u1ec1u \u0111\u1ec3 ng\u0103n ph\u00f2ng , \u0111\u1eb7c bi\u1ec7t l\u00e0 c\u00e1c c\u0103n h\u1ed9 chung c\u01b0 hi\u1ec7n nay, th\u01b0\u1eddng c\u00f3 kh\u00f4ng gian ph\u00f2ng kh\u00e1ch li\u1ec1n v\u1edbi kh\u00f4ng gian ph\u00f2ng b\u1ebfp. S\u1eed d\u1ee5ng r\u00e8m cu\u1ed1n in tranh b\u1ea1n s\u1ebd v\u1eeba c\u00f3 m\u1ed9t b\u1ee9c r\u00e8m \u0111\u1ec3 che ch\u1eafn l\u1ea1i v\u1eeba c\u00f3 m\u1ed9t b\u1ee9c tranh [...]\" \/>\n<meta property=\"og:url\" content=\"https:\/\/mauweb.tamnguyen.vn\/manhren2\/san-pham\/rem-cuon-in-tranh\/\" \/>\n<meta property=\"og:site_name\" content=\"remhunganh\" \/>\n<meta property=\"article:modified_time\" content=\"2022-05-14T05:48:19+00:00\" \/>\n<meta property=\"og:image\" content=\"https:\/\/mauweb.tamnguyen.vn\/manhren2\/wp-content\/uploads\/2022\/04\/IMG_6681.jpg\" \/>\n\t<meta property=\"og:image:width\" content=\"960\" \/>\n\t<meta property=\"og:image:height\" content=\"603\" \/>\n\t<meta property=\"og:image:type\" content=\"image\/jpeg\" \/>\n<meta name=\"twitter:card\" content=\"summary_large_image\" \/>\n<meta name=\"twitter:label1\" content=\"\u01af\u1edbc t\u00ednh th\u1eddi gian \u0111\u1ecdc\" \/>\n\t<meta name=\"twitter:data1\" content=\"1 ph\u00fat\" \/>\n<script type=\"application\/ld+json\" class=\"yoast-schema-graph\">{\"@context\":\"https:\/\/schema.org\",\"@graph\":[{\"@type\":\"WebPage\",\"@id\":\"https:\/\/mauweb.tamnguyen.vn\/manhren2\/san-pham\/rem-cuon-in-tranh\/\",\"url\":\"https:\/\/mauweb.tamnguyen.vn\/manhren2\/san-pham\/rem-cuon-in-tranh\/\",\"name\":\"R\u00c8M CU\u1ed0N IN TRANH - remhunganh\",\"isPartOf\":{\"@id\":\"https:\/\/mauweb.tamnguyen.vn\/manhren2\/#website\"},\"datePublished\":\"2022-04-13T03:46:47+00:00\",\"dateModified\":\"2022-05-14T05:48:19+00:00\",\"breadcrumb\":{\"@id\":\"https:\/\/mauweb.tamnguyen.vn\/manhren2\/san-pham\/rem-cuon-in-tranh\/#breadcrumb\"},\"inLanguage\":\"vi\",\"potentialAction\":[{\"@type\":\"ReadAction\",\"target\":[\"https:\/\/mauweb.tamnguyen.vn\/manhren2\/san-pham\/rem-cuon-in-tranh\/\"]}]},{\"@type\":\"BreadcrumbList\",\"@id\":\"https:\/\/mauweb.tamnguyen.vn\/manhren2\/san-pham\/rem-cuon-in-tranh\/#breadcrumb\",\"itemListElement\":[{\"@type\":\"ListItem\",\"position\":1,\"name\":\"Trang ch\u1ee7\",\"item\":\"https:\/\/mauweb.tamnguyen.vn\/manhren2\/\"},{\"@type\":\"ListItem\",\"position\":2,\"name\":\"Shop\",\"item\":\"https:\/\/mauweb.tamnguyen.vn\/manhren2\/shop\/\"},{\"@type\":\"ListItem\",\"position\":3,\"name\":\"R\u00c8M CU\u1ed0N IN TRANH\"}]},{\"@type\":\"WebSite\",\"@id\":\"https:\/\/mauweb.tamnguyen.vn\/manhren2\/#website\",\"url\":\"https:\/\/mauweb.tamnguyen.vn\/manhren2\/\",\"name\":\"remhunganh\",\"description\":\"\",\"potentialAction\":[{\"@type\":\"SearchAction\",\"target\":{\"@type\":\"EntryPoint\",\"urlTemplate\":\"https:\/\/mauweb.tamnguyen.vn\/manhren2\/?s={search_term_string}\"},\"query-input\":\"required name=search_term_string\"}],\"inLanguage\":\"vi\"}]}<\/script>\n<!-- \/ Yoast SEO plugin. -->","yoast_head_json":{"title":"R\u00c8M CU\u1ed0N IN TRANH - remhunganh","robots":{"index":"noindex","follow":"follow","max-snippet":"max-snippet:-1","max-image-preview":"max-image-preview:large","max-video-preview":"max-video-preview:-1"},"og_locale":"vi_VN","og_type":"article","og_title":"R\u00c8M CU\u1ed0N IN TRANH - remhunganh","og_description":"R\u00e8m cu\u1ed1n tranh \u0111\u01b0\u1ee3c d\u00f9ng r\u1ea5t nhi\u1ec1u \u0111\u1ec3 ng\u0103n ph\u00f2ng , \u0111\u1eb7c bi\u1ec7t l\u00e0 c\u00e1c c\u0103n h\u1ed9 chung c\u01b0 hi\u1ec7n nay, th\u01b0\u1eddng c\u00f3 kh\u00f4ng gian ph\u00f2ng kh\u00e1ch li\u1ec1n v\u1edbi kh\u00f4ng gian ph\u00f2ng b\u1ebfp. S\u1eed d\u1ee5ng r\u00e8m cu\u1ed1n in tranh b\u1ea1n s\u1ebd v\u1eeba c\u00f3 m\u1ed9t b\u1ee9c r\u00e8m \u0111\u1ec3 che ch\u1eafn l\u1ea1i v\u1eeba c\u00f3 m\u1ed9t b\u1ee9c tranh [...]","og_url":"https:\/\/mauweb.tamnguyen.vn\/manhren2\/san-pham\/rem-cuon-in-tranh\/","og_site_name":"remhunganh","article_modified_time":"2022-05-14T05:48:19+00:00","og_image":[{"width":960,"height":603,"url":"https:\/\/mauweb.tamnguyen.vn\/manhren2\/wp-content\/uploads\/2022\/04\/IMG_6681.jpg","type":"image\/jpeg"}],"twitter_card":"summary_large_image","twitter_misc":{"\u01af\u1edbc t\u00ednh th\u1eddi gian \u0111\u1ecdc":"1 ph\u00fat"},"schema":{"@context":"https:\/\/schema.org","@graph":[{"@type":"WebPage","@id":"https:\/\/mauweb.tamnguyen.vn\/manhren2\/san-pham\/rem-cuon-in-tranh\/","url":"https:\/\/mauweb.tamnguyen.vn\/manhren2\/san-pham\/rem-cuon-in-tranh\/","name":"R\u00c8M CU\u1ed0N IN TRANH - remhunganh","isPartOf":{"@id":"https:\/\/mauweb.tamnguyen.vn\/manhren2\/#website"},"datePublished":"2022-04-13T03:46:47+00:00","dateModified":"2022-05-14T05:48:19+00:00","breadcrumb":{"@id":"https:\/\/mauweb.tamnguyen.vn\/manhren2\/san-pham\/rem-cuon-in-tranh\/#breadcrumb"},"inLanguage":"vi","potentialAction":[{"@type":"ReadAction","target":["https:\/\/mauweb.tamnguyen.vn\/manhren2\/san-pham\/rem-cuon-in-tranh\/"]}]},{"@type":"BreadcrumbList","@id":"https:\/\/mauweb.tamnguyen.vn\/manhren2\/san-pham\/rem-cuon-in-tranh\/#breadcrumb","itemListElement":[{"@type":"ListItem","position":1,"name":"Trang ch\u1ee7","item":"https:\/\/mauweb.tamnguyen.vn\/manhren2\/"},{"@type":"ListItem","position":2,"name":"Shop","item":"https:\/\/mauweb.tamnguyen.vn\/manhren2\/shop\/"},{"@type":"ListItem","position":3,"name":"R\u00c8M CU\u1ed0N IN TRANH"}]},{"@type":"WebSite","@id":"https:\/\/mauweb.tamnguyen.vn\/manhren2\/#website","url":"https:\/\/mauweb.tamnguyen.vn\/manhren2\/","name":"remhunganh","description":"","potentialAction":[{"@type":"SearchAction","target":{"@type":"EntryPoint","urlTemplate":"https:\/\/mauweb.tamnguyen.vn\/manhren2\/?s={search_term_string}"},"query-input":"required name=search_term_string"}],"inLanguage":"vi"}]}},"_links":{"self":[{"href":"https:\/\/mauweb.tamnguyen.vn\/manhren2\/wp-json\/wp\/v2\/product\/1634"}],"collection":[{"href":"https:\/\/mauweb.tamnguyen.vn\/manhren2\/wp-json\/wp\/v2\/product"}],"about":[{"href":"https:\/\/mauweb.tamnguyen.vn\/manhren2\/wp-json\/wp\/v2\/types\/product"}],"replies":[{"embeddable":true,"href":"https:\/\/mauweb.tamnguyen.vn\/manhren2\/wp-json\/wp\/v2\/comments?post=1634"}],"wp:featuredmedia":[{"embeddable":true,"href":"https:\/\/mauweb.tamnguyen.vn\/manhren2\/wp-json\/wp\/v2\/media\/1635"}],"wp:attachment":[{"href":"https:\/\/mauweb.tamnguyen.vn\/manhren2\/wp-json\/wp\/v2\/media?parent=1634"}],"wp:term":[{"taxonomy":"product_cat","embeddable":true,"href":"https:\/\/mauweb.tamnguyen.vn\/manhren2\/wp-json\/wp\/v2\/product_cat?post=1634"},{"taxonomy":"product_tag","embeddable":true,"href":"https:\/\/mauweb.tamnguyen.vn\/manhren2\/wp-json\/wp\/v2\/product_tag?post=1634"}],"curies":[{"name":"wp","href":"https:\/\/api.w.org\/{rel}","templated":true}]}}