{"id":1630,"date":"2022-04-13T03:37:03","date_gmt":"2022-04-13T03:37:03","guid":{"rendered":"http:\/\/mau3.maudep.com.vn\/webrem\/?post_type=product&#038;p=1630"},"modified":"2022-05-14T05:47:45","modified_gmt":"2022-05-14T05:47:45","slug":"rem-cuon-van-phong-3","status":"publish","type":"product","link":"https:\/\/mauweb.tamnguyen.vn\/manhren2\/san-pham\/rem-cuon-van-phong-3\/","title":{"rendered":"R\u00c8M CU\u1ed0N V\u0102N PH\u00d2NG"},"content":{"rendered":"<p>R\u00e8m cu\u1ed1n \u0111\u01b0\u1ee3c c\u1ea5u t\u1ea1o t\u1eeb ba l\u1edbp, hai l\u1edbp v\u1ea3i b\u00ean ngo\u00e0i v\u00e0 m\u1ed9t l\u1edbp s\u1ee3i t\u1ed5ng h\u1ee3p \u1edf gi\u1eefa ch\u00ednh v\u00ec th\u1ebf m\u00e0 n\u00f3 c\u00f3 th\u1ec3 gi\u00fap c\u1ea3n \u00e1nh n\u1eafng ch\u00f3i chang 100% cho c\u00e1c v\u0103n ph\u00f2ng c\u00f3 \u00f4 k\u00ednh hay c\u00e1c chung c\u01b0.Ngo\u00e0i kh\u1ea3 n\u0103ng che ch\u1eafn th\u00ec m\u1eabu r\u00e8m cu\u1ed1n in tranh c\u00f2n c\u00f3 th\u1ec3 l\u00e0m \u0111\u1eb9p kh\u00f4ng gian c\u1ee7a b\u1ea1n, v\u1edbi nhi\u1ec1u ch\u1ee7 \u0111\u1ec1 tranh in r\u00e8m kh\u00e1c nhau cho c\u00e1c b\u1ea1n l\u1ef1a ch\u1ecdn<\/p>\n","protected":false},"excerpt":{"rendered":"<p>R\u00e8m cu\u1ed1n \u0111\u01b0\u1ee3c c\u1ea5u t\u1ea1o t\u1eeb ba l\u1edbp, hai l\u1edbp v\u1ea3i b\u00ean ngo\u00e0i v\u00e0 m\u1ed9t l\u1edbp s\u1ee3i t\u1ed5ng h\u1ee3p \u1edf gi\u1eefa ch\u00ednh v\u00ec th\u1ebf m\u00e0 n\u00f3 c\u00f3 th\u1ec3 gi\u00fap c\u1ea3n \u00e1nh n\u1eafng ch\u00f3i chang 100% cho c\u00e1c v\u0103n ph\u00f2ng c\u00f3 \u00f4 k\u00ednh hay c\u00e1c chung c\u01b0.Ngo\u00e0i kh\u1ea3 n\u0103ng che ch\u1eafn th\u00ec m\u1eabu r\u00e8m cu\u1ed1n in [&#8230;]\n","protected":false},"featured_media":1631,"comment_status":"open","ping_status":"closed","template":"","meta":[],"product_cat":[151],"product_tag":[],"class_list":["post-1630","product","type-product","status-publish","has-post-thumbnail","hentry","product_cat-rem-cuon"],"acf":[],"yoast_head":"<!-- This site is optimized with the Yoast SEO plugin v19.8 - https:\/\/yoast.com\/wordpress\/plugins\/seo\/ -->\n<title>R\u00c8M CU\u1ed0N V\u0102N PH\u00d2NG - remhunganh<\/title>\n<meta name=\"robots\" content=\"noindex, follow, max-snippet:-1, max-image-preview:large, max-video-preview:-1\" \/>\n<meta property=\"og:locale\" content=\"vi_VN\" \/>\n<meta property=\"og:type\" content=\"article\" \/>\n<meta property=\"og:title\" content=\"R\u00c8M CU\u1ed0N V\u0102N PH\u00d2NG - remhunganh\" \/>\n<meta property=\"og:description\" content=\"R\u00e8m cu\u1ed1n \u0111\u01b0\u1ee3c c\u1ea5u t\u1ea1o t\u1eeb ba l\u1edbp, hai l\u1edbp v\u1ea3i b\u00ean ngo\u00e0i v\u00e0 m\u1ed9t l\u1edbp s\u1ee3i t\u1ed5ng h\u1ee3p \u1edf gi\u1eefa ch\u00ednh v\u00ec th\u1ebf m\u00e0 n\u00f3 c\u00f3 th\u1ec3 gi\u00fap c\u1ea3n \u00e1nh n\u1eafng ch\u00f3i chang 100% cho c\u00e1c v\u0103n ph\u00f2ng c\u00f3 \u00f4 k\u00ednh hay c\u00e1c chung c\u01b0.Ngo\u00e0i kh\u1ea3 n\u0103ng che ch\u1eafn th\u00ec m\u1eabu r\u00e8m cu\u1ed1n in [...]\" \/>\n<meta property=\"og:url\" content=\"https:\/\/mauweb.tamnguyen.vn\/manhren2\/san-pham\/rem-cuon-van-phong-3\/\" \/>\n<meta property=\"og:site_name\" content=\"remhunganh\" \/>\n<meta property=\"article:modified_time\" content=\"2022-05-14T05:47:45+00:00\" \/>\n<meta property=\"og:image\" content=\"https:\/\/mauweb.tamnguyen.vn\/manhren2\/wp-content\/uploads\/2022\/04\/IMG_3980.jpg\" \/>\n\t<meta property=\"og:image:width\" content=\"960\" \/>\n\t<meta property=\"og:image:height\" content=\"719\" \/>\n\t<meta property=\"og:image:type\" content=\"image\/jpeg\" \/>\n<meta name=\"twitter:card\" content=\"summary_large_image\" \/>\n<meta name=\"twitter:label1\" content=\"\u01af\u1edbc t\u00ednh th\u1eddi gian \u0111\u1ecdc\" \/>\n\t<meta name=\"twitter:data1\" content=\"1 ph\u00fat\" \/>\n<script type=\"application\/ld+json\" class=\"yoast-schema-graph\">{\"@context\":\"https:\/\/schema.org\",\"@graph\":[{\"@type\":\"WebPage\",\"@id\":\"https:\/\/mauweb.tamnguyen.vn\/manhren2\/san-pham\/rem-cuon-van-phong-3\/\",\"url\":\"https:\/\/mauweb.tamnguyen.vn\/manhren2\/san-pham\/rem-cuon-van-phong-3\/\",\"name\":\"R\u00c8M CU\u1ed0N V\u0102N PH\u00d2NG - remhunganh\",\"isPartOf\":{\"@id\":\"https:\/\/mauweb.tamnguyen.vn\/manhren2\/#website\"},\"datePublished\":\"2022-04-13T03:37:03+00:00\",\"dateModified\":\"2022-05-14T05:47:45+00:00\",\"breadcrumb\":{\"@id\":\"https:\/\/mauweb.tamnguyen.vn\/manhren2\/san-pham\/rem-cuon-van-phong-3\/#breadcrumb\"},\"inLanguage\":\"vi\",\"potentialAction\":[{\"@type\":\"ReadAction\",\"target\":[\"https:\/\/mauweb.tamnguyen.vn\/manhren2\/san-pham\/rem-cuon-van-phong-3\/\"]}]},{\"@type\":\"BreadcrumbList\",\"@id\":\"https:\/\/mauweb.tamnguyen.vn\/manhren2\/san-pham\/rem-cuon-van-phong-3\/#breadcrumb\",\"itemListElement\":[{\"@type\":\"ListItem\",\"position\":1,\"name\":\"Trang ch\u1ee7\",\"item\":\"https:\/\/mauweb.tamnguyen.vn\/manhren2\/\"},{\"@type\":\"ListItem\",\"position\":2,\"name\":\"Shop\",\"item\":\"https:\/\/mauweb.tamnguyen.vn\/manhren2\/shop\/\"},{\"@type\":\"ListItem\",\"position\":3,\"name\":\"R\u00c8M CU\u1ed0N V\u0102N PH\u00d2NG\"}]},{\"@type\":\"WebSite\",\"@id\":\"https:\/\/mauweb.tamnguyen.vn\/manhren2\/#website\",\"url\":\"https:\/\/mauweb.tamnguyen.vn\/manhren2\/\",\"name\":\"remhunganh\",\"description\":\"\",\"potentialAction\":[{\"@type\":\"SearchAction\",\"target\":{\"@type\":\"EntryPoint\",\"urlTemplate\":\"https:\/\/mauweb.tamnguyen.vn\/manhren2\/?s={search_term_string}\"},\"query-input\":\"required name=search_term_string\"}],\"inLanguage\":\"vi\"}]}<\/script>\n<!-- \/ Yoast SEO plugin. -->","yoast_head_json":{"title":"R\u00c8M CU\u1ed0N V\u0102N PH\u00d2NG - remhunganh","robots":{"index":"noindex","follow":"follow","max-snippet":"max-snippet:-1","max-image-preview":"max-image-preview:large","max-video-preview":"max-video-preview:-1"},"og_locale":"vi_VN","og_type":"article","og_title":"R\u00c8M CU\u1ed0N V\u0102N PH\u00d2NG - remhunganh","og_description":"R\u00e8m cu\u1ed1n \u0111\u01b0\u1ee3c c\u1ea5u t\u1ea1o t\u1eeb ba l\u1edbp, hai l\u1edbp v\u1ea3i b\u00ean ngo\u00e0i v\u00e0 m\u1ed9t l\u1edbp s\u1ee3i t\u1ed5ng h\u1ee3p \u1edf gi\u1eefa ch\u00ednh v\u00ec th\u1ebf m\u00e0 n\u00f3 c\u00f3 th\u1ec3 gi\u00fap c\u1ea3n \u00e1nh n\u1eafng ch\u00f3i chang 100% cho c\u00e1c v\u0103n ph\u00f2ng c\u00f3 \u00f4 k\u00ednh hay c\u00e1c chung c\u01b0.Ngo\u00e0i kh\u1ea3 n\u0103ng che ch\u1eafn th\u00ec m\u1eabu r\u00e8m cu\u1ed1n in [...]","og_url":"https:\/\/mauweb.tamnguyen.vn\/manhren2\/san-pham\/rem-cuon-van-phong-3\/","og_site_name":"remhunganh","article_modified_time":"2022-05-14T05:47:45+00:00","og_image":[{"width":960,"height":719,"url":"https:\/\/mauweb.tamnguyen.vn\/manhren2\/wp-content\/uploads\/2022\/04\/IMG_3980.jpg","type":"image\/jpeg"}],"twitter_card":"summary_large_image","twitter_misc":{"\u01af\u1edbc t\u00ednh th\u1eddi gian \u0111\u1ecdc":"1 ph\u00fat"},"schema":{"@context":"https:\/\/schema.org","@graph":[{"@type":"WebPage","@id":"https:\/\/mauweb.tamnguyen.vn\/manhren2\/san-pham\/rem-cuon-van-phong-3\/","url":"https:\/\/mauweb.tamnguyen.vn\/manhren2\/san-pham\/rem-cuon-van-phong-3\/","name":"R\u00c8M CU\u1ed0N V\u0102N PH\u00d2NG - remhunganh","isPartOf":{"@id":"https:\/\/mauweb.tamnguyen.vn\/manhren2\/#website"},"datePublished":"2022-04-13T03:37:03+00:00","dateModified":"2022-05-14T05:47:45+00:00","breadcrumb":{"@id":"https:\/\/mauweb.tamnguyen.vn\/manhren2\/san-pham\/rem-cuon-van-phong-3\/#breadcrumb"},"inLanguage":"vi","potentialAction":[{"@type":"ReadAction","target":["https:\/\/mauweb.tamnguyen.vn\/manhren2\/san-pham\/rem-cuon-van-phong-3\/"]}]},{"@type":"BreadcrumbList","@id":"https:\/\/mauweb.tamnguyen.vn\/manhren2\/san-pham\/rem-cuon-van-phong-3\/#breadcrumb","itemListElement":[{"@type":"ListItem","position":1,"name":"Trang ch\u1ee7","item":"https:\/\/mauweb.tamnguyen.vn\/manhren2\/"},{"@type":"ListItem","position":2,"name":"Shop","item":"https:\/\/mauweb.tamnguyen.vn\/manhren2\/shop\/"},{"@type":"ListItem","position":3,"name":"R\u00c8M CU\u1ed0N V\u0102N PH\u00d2NG"}]},{"@type":"WebSite","@id":"https:\/\/mauweb.tamnguyen.vn\/manhren2\/#website","url":"https:\/\/mauweb.tamnguyen.vn\/manhren2\/","name":"remhunganh","description":"","potentialAction":[{"@type":"SearchAction","target":{"@type":"EntryPoint","urlTemplate":"https:\/\/mauweb.tamnguyen.vn\/manhren2\/?s={search_term_string}"},"query-input":"required name=search_term_string"}],"inLanguage":"vi"}]}},"_links":{"self":[{"href":"https:\/\/mauweb.tamnguyen.vn\/manhren2\/wp-json\/wp\/v2\/product\/1630"}],"collection":[{"href":"https:\/\/mauweb.tamnguyen.vn\/manhren2\/wp-json\/wp\/v2\/product"}],"about":[{"href":"https:\/\/mauweb.tamnguyen.vn\/manhren2\/wp-json\/wp\/v2\/types\/product"}],"replies":[{"embeddable":true,"href":"https:\/\/mauweb.tamnguyen.vn\/manhren2\/wp-json\/wp\/v2\/comments?post=1630"}],"wp:featuredmedia":[{"embeddable":true,"href":"https:\/\/mauweb.tamnguyen.vn\/manhren2\/wp-json\/wp\/v2\/media\/1631"}],"wp:attachment":[{"href":"https:\/\/mauweb.tamnguyen.vn\/manhren2\/wp-json\/wp\/v2\/media?parent=1630"}],"wp:term":[{"taxonomy":"product_cat","embeddable":true,"href":"https:\/\/mauweb.tamnguyen.vn\/manhren2\/wp-json\/wp\/v2\/product_cat?post=1630"},{"taxonomy":"product_tag","embeddable":true,"href":"https:\/\/mauweb.tamnguyen.vn\/manhren2\/wp-json\/wp\/v2\/product_tag?post=1630"}],"curies":[{"name":"wp","href":"https:\/\/api.w.org\/{rel}","templated":true}]}}