{"id":1287,"date":"2022-06-03T05:03:28","date_gmt":"2022-06-03T05:03:28","guid":{"rendered":"http:\/\/mau3.maudep.com.vn\/gomsu\/?post_type=product&#038;p=1287"},"modified":"2022-06-08T08:07:47","modified_gmt":"2022-06-08T08:07:47","slug":"binh-hoa-loc-binh","status":"publish","type":"product","link":"https:\/\/mauweb.tamnguyen.vn\/gomsu\/san-pham\/binh-hoa-loc-binh\/","title":{"rendered":"B\u00ecnh hoa l\u1ed9c b\u00ecnh"},"content":{"rendered":"<ul>\n<li id=\"input_line_0\"><span id=\"input_part_0\" class=\"\" data-mention=\"Ch\u00fang t\u00f4i s\u1ea3n xu\u1ea5t theo ti\u00eau chu\u1ea9n n\u1ed9i b\u1ed9.\">Ch\u00fang t\u00f4i s\u1ea3n xu\u1ea5t theo ti\u00eau chu\u1ea9n n\u1ed9i b\u1ed9.<\/span><\/li>\n<li id=\"input_line_1\"><span id=\"input_part_0\" class=\"\" data-mention=\"So v\u1edbi s\u1ea3n ph\u1ea9m quy c\u00e1ch Jis th\u00ec s\u1ea3n ph\u1ea9m n\u00e0y \u0111\u01b0\u1ee3c thi\u1ebft k\u1ebf nh\u1ecf h\u01a1n(1 v\u00f2ng 100mm)\">So v\u1edbi s\u1ea3n ph\u1ea9m quy c\u00e1ch Jis th\u00ec s\u1ea3n ph\u1ea9m n\u00e0y \u0111\u01b0\u1ee3c thi\u1ebft k\u1ebf nh\u1ecf h\u01a1n(1 v\u00f2ng 100mm)<\/span><\/li>\n<li id=\"input_line_2\"><span id=\"input_part_0\" class=\"\" data-mention=\"\u0110\u1ed9 ch\u00ednh tr\u00ean to\u00e0n b\u1ed9 ph\u1ea1m vi c\u1ee7a \u1ed1ng b\u1ecdt kh\u00ed \u00b1 2,0 v\u1ea1ch tr\u1edf xu\u1ed1ng\">\u0110\u1ed9 ch\u00ednh tr\u00ean to\u00e0n b\u1ed9 ph\u1ea1m vi c\u1ee7a \u1ed1ng b\u1ecdt kh\u00ed \u00b1 2,0 v\u1ea1ch tr\u1edf xu\u1ed1ng<\/span><\/li>\n<li id=\"input_line_3\"><span id=\"input_part_0\" class=\"\" data-mention=\"\u0110\u1ed9 ph\u1eb3ng c\u1ee7a m\u1eb7t \u0111\u00e1y, m\u1eb7t b\u00ean, m\u1eb7t tr\u00ean d\u01b0\u1edbi 0,01mm\">\u0110\u1ed9 ph\u1eb3ng c\u1ee7a m\u1eb7t \u0111\u00e1y, m\u1eb7t b\u00ean, m\u1eb7t tr\u00ean d\u01b0\u1edbi 0,01mm<\/span><\/li>\n<li id=\"input_line_4\"><span id=\"input_part_0\" class=\"\" data-mention=\"\u0110\u1ed9 vu\u00f4ng g\u00f3c c\u1ee7a m\u1eb7t \u0111\u00e1y \u0111\u1ed1i v\u1edbi 2 m\u1eb7t b\u00ean &lt; 0,01mm\">\u0110\u1ed9 vu\u00f4ng g\u00f3c c\u1ee7a m\u1eb7t \u0111\u00e1y \u0111\u1ed1i v\u1edbi 2 m\u1eb7t b\u00ean &lt; 0,01m<\/span><\/li>\n<li id=\"input_line_5\"><span id=\"input_part_0\" class=\"\" data-mention=\"\u0110\u1ed9 ch\u00ednh x\u00e1c c\u1ee7a m\u1eb7t V kh\u00f4ng th\u1ec3 \u0111\u01b0\u1ee3c \u0111\u1ea3m b\u1ea3o.\">\u0110\u1ed9 ch\u00ednh x\u00e1c c\u1ee7a m\u1eb7t V kh\u00f4ng th\u1ec3 \u0111\u01b0\u1ee3c \u0111\u1ea3m b\u1ea3o.<\/span><\/li>\n<\/ul>\n<p>G\u1ed1m chu \u0111\u1eadu ng\u00e0y c\u00e0ng tr\u1edf th\u00e0nh m\u1ed9t xu h\u01b0\u1edbng \u0111\u01b0\u1ee3c y\u00eau th\u00edch v\u1edbi nh\u1eefng ng\u01b0\u1eddi th\u01b0\u1eddng xuy\u00ean s\u1eed d\u1ee5ng g\u1ed1m. V\u1edbi s\u1ef1 nh\u1ecf g\u1ecdn, c\u01a1 \u0111\u1ed9ng v\u00e0 th\u1eddi trang \u0111i k\u00e8m hi\u1ec7u su\u1ea5t \u1ed5n \u0111\u1ecbnh, c\u00e1c m\u00e1y l\u1ecdc kh\u00f4ng kh\u00ed d\u01b0\u1eddng nh\u01b0 \u0111ang chi\u1ebfm th\u1ecb ph\u1ea7n kh\u00f4ng nh\u1ecf tr\u00ean th\u1ecb tr\u01b0\u1eddng m\u00e1y t\u00ednh x\u00e1ch tay.<\/p>\n<p>L\u00e0 m\u1ed9t th\u01b0\u01a1ng hi\u1ec7u v\u1ed1n \u0111\u00e3 qu\u00e1 quen thu\u1ed9c v\u1edbi c\u00e1c s\u1ea3n ph\u1ea9m \u0111i\u1ec7n tho\u1ea1i th\u00f4ng minh tr\u00ean to\u00e0n th\u1ebf gi\u1edbi, G\u1ed1m Cc g\u00e2y ra kh\u00e1 nhi\u1ec1u b\u1ea5t ng\u1edd khi quy\u1ebft \u0111\u1ecbnh gia nh\u1eadp c\u1ea3 th\u1ecb tr\u01b0\u1eddng m\u00e1y t\u00ednh x\u00e1ch tay.<\/p>\n<p>&nbsp;<\/p>\n<div id=\"container-24h-banner-in-image\">\n<div id=\"24h-banner-in-image\">\n<div id=\"DgCBSeOMsT_139_15s\" class=\"txtCent\">\n<div class=\"text_adver_right\"><img decoding=\"async\" class=\"aligncenter\" src=\"\/gomsu\/wp-content\/uploads\/2022\/06\/Rectangle.png\" \/><\/div>\n<\/div>\n<\/div>\n<\/div>\n<p>&nbsp;<\/p>\n<p class=\"img_chu_thich_0407\">G\u1ed1m chu \u0111\u1eadu ng\u00e0y c\u00e0ng tr\u1edf th\u00e0nh m\u1ed9t xu h\u01b0\u1edbng \u0111\u01b0\u1ee3c y\u00eau th\u00edch v\u1edbi nh\u1eefng ng\u01b0\u1eddi th\u01b0\u1eddng xuy\u00ean s\u1eed d\u1ee5ng g\u1ed1m. V\u1edbi s\u1ef1 nh\u1ecf g\u1ecdn, c\u01a1 \u0111\u1ed9ng v\u00e0 th\u1eddi trang \u0111i k\u00e8m hi\u1ec7u su\u1ea5t \u1ed5n \u0111\u1ecbnh, c\u00e1c m\u00e1y l\u1ecdc kh\u00f4ng kh\u00ed d\u01b0\u1eddng nh\u01b0 \u0111ang chi\u1ebfm th\u1ecb ph\u1ea7n kh\u00f4ng nh\u1ecf tr\u00ean th\u1ecb tr\u01b0\u1eddng m\u00e1y t\u00ednh x\u00e1ch tay.<\/p>\n<p>L\u00e0 m\u1ed9t th\u01b0\u01a1ng hi\u1ec7u v\u1ed1n \u0111\u00e3 qu\u00e1 quen thu\u1ed9c v\u1edbi c\u00e1c s\u1ea3n ph\u1ea9m \u0111i\u1ec7n tho\u1ea1i th\u00f4ng minh tr\u00ean to\u00e0n th\u1ebf gi\u1edbi, G\u1ed1m Cc g\u00e2y ra kh\u00e1 nhi\u1ec1u b\u1ea5t ng\u1edd khi quy\u1ebft \u0111\u1ecbnh gia nh\u1eadp c\u1ea3 th\u1ecb tr\u01b0\u1eddng m\u00e1y t\u00ednh x\u00e1ch tay.<\/p>\n<p>G\u1ed1m chu \u0111\u1eadu ng\u00e0y c\u00e0ng tr\u1edf th\u00e0nh m\u1ed9t xu h\u01b0\u1edbng \u0111\u01b0\u1ee3c y\u00eau th\u00edch v\u1edbi nh\u1eefng ng\u01b0\u1eddi th\u01b0\u1eddng xuy\u00ean s\u1eed d\u1ee5ng g\u1ed1m. V\u1edbi s\u1ef1 nh\u1ecf g\u1ecdn, c\u01a1 \u0111\u1ed9ng v\u00e0 th\u1eddi trang \u0111i k\u00e8m hi\u1ec7u su\u1ea5t \u1ed5n \u0111\u1ecbnh, c\u00e1c m\u00e1y l\u1ecdc kh\u00f4ng kh\u00ed d\u01b0\u1eddng nh\u01b0 \u0111ang chi\u1ebfm th\u1ecb ph\u1ea7n kh\u00f4ng nh\u1ecf tr\u00ean th\u1ecb tr\u01b0\u1eddng m\u00e1y t\u00ednh x\u00e1ch tay.<\/p>\n<p>L\u00e0 m\u1ed9t th\u01b0\u01a1ng hi\u1ec7u v\u1ed1n \u0111\u00e3 qu\u00e1 quen thu\u1ed9c v\u1edbi c\u00e1c s\u1ea3n ph\u1ea9m \u0111i\u1ec7n tho\u1ea1i th\u00f4ng minh tr\u00ean to\u00e0n th\u1ebf gi\u1edbi, G\u1ed1m Cc g\u00e2y ra kh\u00e1 nhi\u1ec1u b\u1ea5t ng\u1edd khi quy\u1ebft \u0111\u1ecbnh gia nh\u1eadp c\u1ea3 th\u1ecb tr\u01b0\u1eddng m\u00e1y t\u00ednh x\u00e1ch tay.<\/p>\n<p>G\u1ed1m chu \u0111\u1eadu ng\u00e0y c\u00e0ng tr\u1edf th\u00e0nh m\u1ed9t xu h\u01b0\u1edbng \u0111\u01b0\u1ee3c y\u00eau th\u00edch v\u1edbi nh\u1eefng ng\u01b0\u1eddi th\u01b0\u1eddng xuy\u00ean s\u1eed d\u1ee5ng g\u1ed1m. V\u1edbi s\u1ef1 nh\u1ecf g\u1ecdn, c\u01a1 \u0111\u1ed9ng v\u00e0 th\u1eddi trang \u0111i k\u00e8m hi\u1ec7u su\u1ea5t \u1ed5n \u0111\u1ecbnh, c\u00e1c m\u00e1y l\u1ecdc kh\u00f4ng kh\u00ed d\u01b0\u1eddng nh\u01b0 \u0111ang chi\u1ebfm th\u1ecb ph\u1ea7n kh\u00f4ng nh\u1ecf tr\u00ean th\u1ecb tr\u01b0\u1eddng m\u00e1y t\u00ednh x\u00e1ch tay.<\/p>\n<p>L\u00e0 m\u1ed9t th\u01b0\u01a1ng hi\u1ec7u v\u1ed1n \u0111\u00e3 qu\u00e1 quen thu\u1ed9c v\u1edbi c\u00e1c s\u1ea3n ph\u1ea9m \u0111i\u1ec7n tho\u1ea1i th\u00f4ng minh tr\u00ean to\u00e0n th\u1ebf gi\u1edbi, G\u1ed1m Cc g\u00e2y ra kh\u00e1 nhi\u1ec1u b\u1ea5t ng\u1edd khi quy\u1ebft \u0111\u1ecbnh gia nh\u1eadp c\u1ea3 th\u1ecb tr\u01b0\u1eddng m\u00e1y t\u00ednh x\u00e1ch tay.<\/p>\n<p class=\"img_chu_thich_0407\">G\u1ed1m chu \u0111\u1eadu ng\u00e0y c\u00e0ng tr\u1edf th\u00e0nh m\u1ed9t xu h\u01b0\u1edbng \u0111\u01b0\u1ee3c y\u00eau th\u00edch v\u1edbi nh\u1eefng ng\u01b0\u1eddi th\u01b0\u1eddng xuy\u00ean s\u1eed d\u1ee5ng g\u1ed1m. V\u1edbi s\u1ef1 nh\u1ecf g\u1ecdn, c\u01a1 \u0111\u1ed9ng v\u00e0 th\u1eddi trang \u0111i k\u00e8m hi\u1ec7u su\u1ea5t \u1ed5n \u0111\u1ecbnh, c\u00e1c m\u00e1y l\u1ecdc kh\u00f4ng kh\u00ed d\u01b0\u1eddng nh\u01b0 \u0111ang chi\u1ebfm th\u1ecb ph\u1ea7n kh\u00f4ng nh\u1ecf tr\u00ean th\u1ecb tr\u01b0\u1eddng m\u00e1y t\u00ednh x\u00e1ch tay.<\/p>\n<p>L\u00e0 m\u1ed9t th\u01b0\u01a1ng hi\u1ec7u v\u1ed1n \u0111\u00e3 qu\u00e1 quen thu\u1ed9c v\u1edbi c\u00e1c s\u1ea3n ph\u1ea9m \u0111i\u1ec7n tho\u1ea1i th\u00f4ng minh tr\u00ean to\u00e0n th\u1ebf gi\u1edbi, G\u1ed1m Cc g\u00e2y ra kh\u00e1 nhi\u1ec1u b\u1ea5t ng\u1edd khi quy\u1ebft \u0111\u1ecbnh gia nh\u1eadp c\u1ea3 th\u1ecb tr\u01b0\u1eddng m\u00e1y t\u00ednh x\u00e1ch tay.<\/p>\n<p>G\u1ed1m chu \u0111\u1eadu ng\u00e0y c\u00e0ng tr\u1edf th\u00e0nh m\u1ed9t xu h\u01b0\u1edbng \u0111\u01b0\u1ee3c y\u00eau th\u00edch v\u1edbi nh\u1eefng ng\u01b0\u1eddi th\u01b0\u1eddng xuy\u00ean s\u1eed d\u1ee5ng g\u1ed1m. V\u1edbi s\u1ef1 nh\u1ecf g\u1ecdn, c\u01a1 \u0111\u1ed9ng v\u00e0 th\u1eddi trang \u0111i k\u00e8m hi\u1ec7u su\u1ea5t \u1ed5n \u0111\u1ecbnh, c\u00e1c m\u00e1y l\u1ecdc kh\u00f4ng kh\u00ed d\u01b0\u1eddng nh\u01b0 \u0111ang chi\u1ebfm th\u1ecb ph\u1ea7n kh\u00f4ng nh\u1ecf tr\u00ean th\u1ecb tr\u01b0\u1eddng m\u00e1y t\u00ednh x\u00e1ch tay.<\/p>\n<p>L\u00e0 m\u1ed9t th\u01b0\u01a1ng hi\u1ec7u v\u1ed1n \u0111\u00e3 qu\u00e1 quen thu\u1ed9c v\u1edbi c\u00e1c s\u1ea3n ph\u1ea9m \u0111i\u1ec7n tho\u1ea1i th\u00f4ng minh tr\u00ean to\u00e0n th\u1ebf gi\u1edbi, G\u1ed1m Cc g\u00e2y ra kh\u00e1 nhi\u1ec1u b\u1ea5t ng\u1edd khi quy\u1ebft \u0111\u1ecbnh gia nh\u1eadp c\u1ea3 th\u1ecb tr\u01b0\u1eddng m\u00e1y t\u00ednh x\u00e1ch tay.<\/p>\n<p>G\u1ed1m chu \u0111\u1eadu ng\u00e0y c\u00e0ng tr\u1edf th\u00e0nh m\u1ed9t xu h\u01b0\u1edbng \u0111\u01b0\u1ee3c y\u00eau th\u00edch v\u1edbi nh\u1eefng ng\u01b0\u1eddi th\u01b0\u1eddng xuy\u00ean s\u1eed d\u1ee5ng g\u1ed1m. V\u1edbi s\u1ef1 nh\u1ecf g\u1ecdn, c\u01a1 \u0111\u1ed9ng v\u00e0 th\u1eddi trang \u0111i k\u00e8m hi\u1ec7u su\u1ea5t \u1ed5n \u0111\u1ecbnh, c\u00e1c m\u00e1y l\u1ecdc kh\u00f4ng kh\u00ed d\u01b0\u1eddng nh\u01b0 \u0111ang chi\u1ebfm th\u1ecb ph\u1ea7n kh\u00f4ng nh\u1ecf tr\u00ean th\u1ecb tr\u01b0\u1eddng m\u00e1y t\u00ednh x\u00e1ch tay.<\/p>\n<p>L\u00e0 m\u1ed9t th\u01b0\u01a1ng hi\u1ec7u v\u1ed1n \u0111\u00e3 qu\u00e1 quen thu\u1ed9c v\u1edbi c\u00e1c s\u1ea3n ph\u1ea9m \u0111i\u1ec7n tho\u1ea1i th\u00f4ng minh tr\u00ean to\u00e0n th\u1ebf gi\u1edbi, G\u1ed1m Cc g\u00e2y ra kh\u00e1 nhi\u1ec1u b\u1ea5t ng\u1edd khi quy\u1ebft \u0111\u1ecbnh gia nh\u1eadp c\u1ea3 th\u1ecb tr\u01b0\u1eddng m\u00e1y t\u00ednh x\u00e1ch tay.<\/p>\n","protected":false},"excerpt":{"rendered":"<p>M\u00f4 t\u1ea3 ng\u1eafn: Thi\u1ebft k\u1ebf g\u1ed3m 3 v\u00f9ng n\u1ea5u ri\u00eang bi\u1ec7t, b\u00ecnh g\u1ed1m cong m\u1ea3nh cho t\u1eebng khu v\u1ef1c. Th\u00f4ng s\u1ed1 c\u1ee5 th\u1ec3 3 v\u00f2ng c\u1ee7a b\u00ecnh g\u1ed1m <span style=\"color: #0000ff;\"><a style=\"color: #0000ff;\" href=\"#\">Xem th\u00eam<\/a><\/span><\/p>\n","protected":false},"featured_media":1288,"comment_status":"open","ping_status":"closed","template":"","meta":[],"product_cat":[15,145,137,146,143,148,151,149,150,144,136,147,133,135,134,139,138],"product_tag":[],"class_list":["post-1287","product","type-product","status-publish","has-post-thumbnail","hentry","product_cat-uncategorized","product_cat-bo-am-tra","product_cat-bo-suu-tap-moi-ra-mat","product_cat-cac-bo-suu-tap","product_cat-decor-trang-tri","product_cat-gom-gia-dung","product_cat-gom-noi-bat","product_cat-gom-phong-thuy","product_cat-gom-tam-linh","product_cat-gom-trang-tri","product_cat-qua-tang","product_cat-qua-tang-gom-su","product_cat-san-pham","product_cat-san-pham-bo","product_cat-san-pham-le","product_cat-san-pham-le-noi-bat","product_cat-set-san-pham-noi-bat"],"acf":[],"yoast_head":"<!-- This site is optimized with the Yoast SEO plugin v19.9 - https:\/\/yoast.com\/wordpress\/plugins\/seo\/ -->\n<title>B\u00ecnh hoa l\u1ed9c b\u00ecnh - g\u1ed1m s\u1ee9<\/title>\n<meta name=\"robots\" content=\"noindex, follow, max-snippet:-1, max-image-preview:large, max-video-preview:-1\" \/>\n<meta property=\"og:locale\" content=\"vi_VN\" \/>\n<meta property=\"og:type\" content=\"article\" \/>\n<meta property=\"og:title\" content=\"B\u00ecnh hoa l\u1ed9c b\u00ecnh - g\u1ed1m s\u1ee9\" \/>\n<meta property=\"og:description\" content=\"M\u00f4 t\u1ea3 ng\u1eafn: Thi\u1ebft k\u1ebf g\u1ed3m 3 v\u00f9ng n\u1ea5u ri\u00eang bi\u1ec7t, b\u00ecnh g\u1ed1m cong m\u1ea3nh cho t\u1eebng khu v\u1ef1c. Th\u00f4ng s\u1ed1 c\u1ee5 th\u1ec3 3 v\u00f2ng c\u1ee7a b\u00ecnh g\u1ed1m Xem th\u00eam\" \/>\n<meta property=\"og:url\" content=\"https:\/\/mauweb.tamnguyen.vn\/gomsu\/san-pham\/binh-hoa-loc-binh\/\" \/>\n<meta property=\"og:site_name\" content=\"g\u1ed1m s\u1ee9\" \/>\n<meta property=\"article:modified_time\" content=\"2022-06-08T08:07:47+00:00\" \/>\n<meta property=\"og:image\" content=\"https:\/\/mauweb.tamnguyen.vn\/gomsu\/wp-content\/uploads\/2022\/06\/IMAGE-13.png\" \/>\n\t<meta property=\"og:image:width\" content=\"552\" \/>\n\t<meta property=\"og:image:height\" content=\"548\" \/>\n\t<meta property=\"og:image:type\" content=\"image\/png\" \/>\n<meta name=\"twitter:card\" content=\"summary_large_image\" \/>\n<meta name=\"twitter:label1\" content=\"\u01af\u1edbc t\u00ednh th\u1eddi gian \u0111\u1ecdc\" \/>\n\t<meta name=\"twitter:data1\" content=\"6 ph\u00fat\" \/>\n<script type=\"application\/ld+json\" class=\"yoast-schema-graph\">{\"@context\":\"https:\/\/schema.org\",\"@graph\":[{\"@type\":\"WebPage\",\"@id\":\"https:\/\/mauweb.tamnguyen.vn\/gomsu\/san-pham\/binh-hoa-loc-binh\/\",\"url\":\"https:\/\/mauweb.tamnguyen.vn\/gomsu\/san-pham\/binh-hoa-loc-binh\/\",\"name\":\"B\u00ecnh hoa l\u1ed9c b\u00ecnh - g\u1ed1m s\u1ee9\",\"isPartOf\":{\"@id\":\"https:\/\/mauweb.tamnguyen.vn\/gomsu\/#website\"},\"datePublished\":\"2022-06-03T05:03:28+00:00\",\"dateModified\":\"2022-06-08T08:07:47+00:00\",\"breadcrumb\":{\"@id\":\"https:\/\/mauweb.tamnguyen.vn\/gomsu\/san-pham\/binh-hoa-loc-binh\/#breadcrumb\"},\"inLanguage\":\"vi\",\"potentialAction\":[{\"@type\":\"ReadAction\",\"target\":[\"https:\/\/mauweb.tamnguyen.vn\/gomsu\/san-pham\/binh-hoa-loc-binh\/\"]}]},{\"@type\":\"BreadcrumbList\",\"@id\":\"https:\/\/mauweb.tamnguyen.vn\/gomsu\/san-pham\/binh-hoa-loc-binh\/#breadcrumb\",\"itemListElement\":[{\"@type\":\"ListItem\",\"position\":1,\"name\":\"Trang ch\u1ee7\",\"item\":\"https:\/\/mauweb.tamnguyen.vn\/gomsu\/\"},{\"@type\":\"ListItem\",\"position\":2,\"name\":\"Shop\",\"item\":\"https:\/\/mauweb.tamnguyen.vn\/gomsu\/shop\/\"},{\"@type\":\"ListItem\",\"position\":3,\"name\":\"B\u00ecnh hoa l\u1ed9c b\u00ecnh\"}]},{\"@type\":\"WebSite\",\"@id\":\"https:\/\/mauweb.tamnguyen.vn\/gomsu\/#website\",\"url\":\"https:\/\/mauweb.tamnguyen.vn\/gomsu\/\",\"name\":\"g\u1ed1m s\u1ee9\",\"description\":\"\",\"potentialAction\":[{\"@type\":\"SearchAction\",\"target\":{\"@type\":\"EntryPoint\",\"urlTemplate\":\"https:\/\/mauweb.tamnguyen.vn\/gomsu\/?s={search_term_string}\"},\"query-input\":\"required name=search_term_string\"}],\"inLanguage\":\"vi\"}]}<\/script>\n<!-- \/ Yoast SEO plugin. -->","yoast_head_json":{"title":"B\u00ecnh hoa l\u1ed9c b\u00ecnh - g\u1ed1m s\u1ee9","robots":{"index":"noindex","follow":"follow","max-snippet":"max-snippet:-1","max-image-preview":"max-image-preview:large","max-video-preview":"max-video-preview:-1"},"og_locale":"vi_VN","og_type":"article","og_title":"B\u00ecnh hoa l\u1ed9c b\u00ecnh - g\u1ed1m s\u1ee9","og_description":"M\u00f4 t\u1ea3 ng\u1eafn: Thi\u1ebft k\u1ebf g\u1ed3m 3 v\u00f9ng n\u1ea5u ri\u00eang bi\u1ec7t, b\u00ecnh g\u1ed1m cong m\u1ea3nh cho t\u1eebng khu v\u1ef1c. Th\u00f4ng s\u1ed1 c\u1ee5 th\u1ec3 3 v\u00f2ng c\u1ee7a b\u00ecnh g\u1ed1m Xem th\u00eam","og_url":"https:\/\/mauweb.tamnguyen.vn\/gomsu\/san-pham\/binh-hoa-loc-binh\/","og_site_name":"g\u1ed1m s\u1ee9","article_modified_time":"2022-06-08T08:07:47+00:00","og_image":[{"width":552,"height":548,"url":"https:\/\/mauweb.tamnguyen.vn\/gomsu\/wp-content\/uploads\/2022\/06\/IMAGE-13.png","type":"image\/png"}],"twitter_card":"summary_large_image","twitter_misc":{"\u01af\u1edbc t\u00ednh th\u1eddi gian \u0111\u1ecdc":"6 ph\u00fat"},"schema":{"@context":"https:\/\/schema.org","@graph":[{"@type":"WebPage","@id":"https:\/\/mauweb.tamnguyen.vn\/gomsu\/san-pham\/binh-hoa-loc-binh\/","url":"https:\/\/mauweb.tamnguyen.vn\/gomsu\/san-pham\/binh-hoa-loc-binh\/","name":"B\u00ecnh hoa l\u1ed9c b\u00ecnh - g\u1ed1m s\u1ee9","isPartOf":{"@id":"https:\/\/mauweb.tamnguyen.vn\/gomsu\/#website"},"datePublished":"2022-06-03T05:03:28+00:00","dateModified":"2022-06-08T08:07:47+00:00","breadcrumb":{"@id":"https:\/\/mauweb.tamnguyen.vn\/gomsu\/san-pham\/binh-hoa-loc-binh\/#breadcrumb"},"inLanguage":"vi","potentialAction":[{"@type":"ReadAction","target":["https:\/\/mauweb.tamnguyen.vn\/gomsu\/san-pham\/binh-hoa-loc-binh\/"]}]},{"@type":"BreadcrumbList","@id":"https:\/\/mauweb.tamnguyen.vn\/gomsu\/san-pham\/binh-hoa-loc-binh\/#breadcrumb","itemListElement":[{"@type":"ListItem","position":1,"name":"Trang ch\u1ee7","item":"https:\/\/mauweb.tamnguyen.vn\/gomsu\/"},{"@type":"ListItem","position":2,"name":"Shop","item":"https:\/\/mauweb.tamnguyen.vn\/gomsu\/shop\/"},{"@type":"ListItem","position":3,"name":"B\u00ecnh hoa l\u1ed9c b\u00ecnh"}]},{"@type":"WebSite","@id":"https:\/\/mauweb.tamnguyen.vn\/gomsu\/#website","url":"https:\/\/mauweb.tamnguyen.vn\/gomsu\/","name":"g\u1ed1m s\u1ee9","description":"","potentialAction":[{"@type":"SearchAction","target":{"@type":"EntryPoint","urlTemplate":"https:\/\/mauweb.tamnguyen.vn\/gomsu\/?s={search_term_string}"},"query-input":"required name=search_term_string"}],"inLanguage":"vi"}]}},"_links":{"self":[{"href":"https:\/\/mauweb.tamnguyen.vn\/gomsu\/wp-json\/wp\/v2\/product\/1287"}],"collection":[{"href":"https:\/\/mauweb.tamnguyen.vn\/gomsu\/wp-json\/wp\/v2\/product"}],"about":[{"href":"https:\/\/mauweb.tamnguyen.vn\/gomsu\/wp-json\/wp\/v2\/types\/product"}],"replies":[{"embeddable":true,"href":"https:\/\/mauweb.tamnguyen.vn\/gomsu\/wp-json\/wp\/v2\/comments?post=1287"}],"wp:featuredmedia":[{"embeddable":true,"href":"https:\/\/mauweb.tamnguyen.vn\/gomsu\/wp-json\/wp\/v2\/media\/1288"}],"wp:attachment":[{"href":"https:\/\/mauweb.tamnguyen.vn\/gomsu\/wp-json\/wp\/v2\/media?parent=1287"}],"wp:term":[{"taxonomy":"product_cat","embeddable":true,"href":"https:\/\/mauweb.tamnguyen.vn\/gomsu\/wp-json\/wp\/v2\/product_cat?post=1287"},{"taxonomy":"product_tag","embeddable":true,"href":"https:\/\/mauweb.tamnguyen.vn\/gomsu\/wp-json\/wp\/v2\/product_tag?post=1287"}],"curies":[{"name":"wp","href":"https:\/\/api.w.org\/{rel}","templated":true}]}}