{"id":1597,"date":"2022-06-22T01:37:58","date_gmt":"2022-06-22T01:37:58","guid":{"rendered":"https:\/\/mau3.maudep.com.vn\/gomsu\/?page_id=1597"},"modified":"2022-10-27T12:30:00","modified_gmt":"2022-10-27T12:30:00","slug":"triet-ly-thuong-hieu-cua-gomsuchudauhd","status":"publish","type":"page","link":"https:\/\/mauweb.tamnguyen.vn\/gomsu\/triet-ly-thuong-hieu-cua-gomsuchudauhd\/","title":{"rendered":"Tri\u1ebft l\u00fd th\u01b0\u01a1ng hi\u1ec7u"},"content":{"rendered":"\t<section class=\"section banner_gioi_thieu\" id=\"section_261009488\">\n\t\t<div class=\"bg section-bg fill bg-fill  bg-loaded\" >\n\n\t\t\t\n\t\t\t\n\t\t\t\n\n\t\t<\/div>\n\n\t\t\n\n\t\t<div class=\"section-content relative\">\n\t\t\t\n\n  <div class=\"banner has-hover\" id=\"banner-232654183\">\n          <div class=\"banner-inner fill\">\n        <div class=\"banner-bg fill\" >\n            <div class=\"bg fill bg-fill \"><\/div>\n                                    \n                    <\/div>\n\t\t\n        <div class=\"banner-layers container\">\n            <div class=\"fill banner-link\"><\/div>            \n   <div id=\"text-box-402631667\" class=\"text-box banner-layer x50 md-x50 lg-x50 y50 md-y50 lg-y50 res-text\">\n                                <div class=\"text-box-content text dark\">\n              \n              <div class=\"text-inner text-center\">\n                  \n\t<div class=\"img has-hover x md-x lg-x y md-y lg-y\" id=\"image_2057460930\">\n\t\t\t\t\t\t\t\t<div class=\"img-inner dark\" >\n\t\t\t<img loading=\"lazy\" decoding=\"async\" width=\"812\" height=\"307\" src=\"https:\/\/mauweb.tamnguyen.vn\/gomsu\/wp-content\/uploads\/2022\/10\/logo-removebg-preview.png\" class=\"attachment-original size-original\" alt=\"\" srcset=\"https:\/\/mauweb.tamnguyen.vn\/gomsu\/wp-content\/uploads\/2022\/10\/logo-removebg-preview.png 812w, https:\/\/mauweb.tamnguyen.vn\/gomsu\/wp-content\/uploads\/2022\/10\/logo-removebg-preview-800x302.png 800w, https:\/\/mauweb.tamnguyen.vn\/gomsu\/wp-content\/uploads\/2022\/10\/logo-removebg-preview-768x290.png 768w\" sizes=\"(max-width: 812px) 100vw, 812px\" \/>\t\t\t\t\t\t\n\t\t\t\t\t<\/div>\n\t\t\t\t\t\t\t\t\n<style>\n#image_2057460930 {\n  width: 31%;\n}\n<\/style>\n\t<\/div>\n\t\n<h4>L\u1ecaCH S\u1eec 100 N\u0102M H\u00ccNH TH\u00c0NH V\u00c0 PH\u00c1T TRI\u1ec2N\u00a0<\/h4>\n              <\/div>\n           <\/div>\n                            \n<style>\n#text-box-402631667 {\n  width: 60%;\n}\n#text-box-402631667 .text-box-content {\n  font-size: 100%;\n}\n<\/style>\n    <\/div>\n \n        <\/div>\n      <\/div>\n\n            \n<style>\n#banner-232654183 {\n  padding-top: 500px;\n}\n#banner-232654183 .bg.bg-loaded {\n  background-image: url(https:\/\/mauweb.tamnguyen.vn\/gomsu\/wp-content\/uploads\/2022\/06\/Group-42-1400x510.png);\n}\n#banner-232654183 .ux-shape-divider--top svg {\n  height: 150px;\n  --divider-top-width: 100%;\n}\n#banner-232654183 .ux-shape-divider--bottom svg {\n  height: 150px;\n  --divider-width: 100%;\n}\n<\/style>\n  <\/div>\n\n\n\t\t<\/div>\n\n\t\t\n<style>\n#section_261009488 {\n  padding-top: 0px;\n  padding-bottom: 0px;\n}\n#section_261009488 .ux-shape-divider--top svg {\n  height: 150px;\n  --divider-top-width: 100%;\n}\n#section_261009488 .ux-shape-divider--bottom svg {\n  height: 150px;\n  --divider-width: 100%;\n}\n<\/style>\n\t<\/section>\n\t\n\t<section class=\"section\" id=\"section_1924594390\">\n\t\t<div class=\"bg section-bg fill bg-fill  bg-loaded\" >\n\n\t\t\t\n\t\t\t\n\t\t\t\n\n\t\t<\/div>\n\n\t\t\n\n\t\t<div class=\"section-content relative\">\n\t\t\t\n<div class=\"row\"  id=\"row-902316767\">\n\n\t<div id=\"col-206519578\" class=\"col small-12 large-12\"  >\n\t\t\t\t<div class=\"col-inner\"  >\n\t\t\t\n\t\t\t\n\n  \n    <div class=\"row large-columns-3 medium-columns-1 small-columns-1 slider row-slider slider-nav-circle slider-nav-push\"  data-flickity-options='{\"imagesLoaded\": true, \"groupCells\": \"100%\", \"dragThreshold\" : 5, \"cellAlign\": \"left\",\"wrapAround\": true,\"prevNextButtons\": true,\"percentPosition\": true,\"pageDots\": false, \"rightToLeft\": false, \"autoPlay\" : false}'>\n\n  <div class=\"col post-item\" >\n\t\t\t<div class=\"col-inner\">\n\t\t\t<a href=\"https:\/\/mauweb.tamnguyen.vn\/gomsu\/gom-chu-dau-ban-sac-viet-toa-sang-nam-13\/\" class=\"plain\">\n\t\t\t\t<div class=\"box box-default box-text-bottom box-blog-post has-hover\">\n            \t\t\t\t\t<div class=\"box-image\" >\n  \t\t\t\t\t\t<div class=\"image-cover\" style=\"padding-top:56.25%;\">\n  \t\t\t\t\t\t\t<img loading=\"lazy\" decoding=\"async\" width=\"278\" height=\"276\" src=\"https:\/\/mauweb.tamnguyen.vn\/gomsu\/wp-content\/uploads\/2022\/06\/IMAGE-3-2.png\" class=\"attachment-medium size-medium wp-post-image\" alt=\"\" srcset=\"https:\/\/mauweb.tamnguyen.vn\/gomsu\/wp-content\/uploads\/2022\/06\/IMAGE-3-2.png 278w, https:\/\/mauweb.tamnguyen.vn\/gomsu\/wp-content\/uploads\/2022\/06\/IMAGE-3-2-100x100.png 100w\" sizes=\"(max-width: 278px) 100vw, 278px\" \/>  \t\t\t\t\t\t\t  \t\t\t\t\t\t\t  \t\t\t\t\t\t<\/div>\n  \t\t\t\t\t\t  \t\t\t\t\t<\/div>\n          \t\t\t\t\t<div class=\"box-text text-center\" >\n\t\t\t\t\t<div class=\"box-text-inner blog-post-inner\">\n\n\t\t\t\t\t\n\t\t\t\t\t\t\t\t\t\t<h5 class=\"post-title is-large \">G\u1ed1m Chu \u0110\u1eadu &#8211; B\u1ea3n s\u1eafc Vi\u1ec7t, t\u1ecfa s\u00e1ng n\u0103m &#8230;.<\/h5>\n\t\t\t\t\t\t\t\t\t\t<div class=\"is-divider\"><\/div>\n\t\t\t\t\t\t\t\t\t\t<p class=\"from_the_blog_excerpt \">Ch\u00fang t\u00f4i s\u1ea3n xu\u1ea5t theo ti\u00eau chu\u1ea9n n\u1ed9i b\u1ed9. So v\u1edbi s\u1ea3n ph\u1ea9m quy c\u00e1ch...\t\t\t\t\t<\/p>\n\t\t\t\t\t                    \n\t\t\t\t\t\n\t\t\t\t\t\n\t\t\t\t\t<\/div>\n\t\t\t\t\t<\/div>\n\t\t\t\t\t\t\t\t\t<\/div>\n\t\t\t\t<\/a>\n\t\t\t<\/div>\n\t\t<\/div><div class=\"col post-item\" >\n\t\t\t<div class=\"col-inner\">\n\t\t\t<a href=\"https:\/\/mauweb.tamnguyen.vn\/gomsu\/gom-chu-dau-ban-sac-viet-toa-sang-nam-12\/\" class=\"plain\">\n\t\t\t\t<div class=\"box box-default box-text-bottom box-blog-post has-hover\">\n            \t\t\t\t\t<div class=\"box-image\" >\n  \t\t\t\t\t\t<div class=\"image-cover\" style=\"padding-top:56.25%;\">\n  \t\t\t\t\t\t\t<img loading=\"lazy\" decoding=\"async\" width=\"380\" height=\"214\" src=\"https:\/\/mauweb.tamnguyen.vn\/gomsu\/wp-content\/uploads\/2022\/06\/IMAGE-19.png\" class=\"attachment-medium size-medium wp-post-image\" alt=\"\" \/>  \t\t\t\t\t\t\t  \t\t\t\t\t\t\t  \t\t\t\t\t\t<\/div>\n  \t\t\t\t\t\t  \t\t\t\t\t<\/div>\n          \t\t\t\t\t<div class=\"box-text text-center\" >\n\t\t\t\t\t<div class=\"box-text-inner blog-post-inner\">\n\n\t\t\t\t\t\n\t\t\t\t\t\t\t\t\t\t<h5 class=\"post-title is-large \">G\u1ed1m Chu \u0110\u1eadu &#8211; B\u1ea3n s\u1eafc Vi\u1ec7t, t\u1ecfa s\u00e1ng n\u0103m &#8230;.<\/h5>\n\t\t\t\t\t\t\t\t\t\t<div class=\"is-divider\"><\/div>\n\t\t\t\t\t\t\t\t\t\t<p class=\"from_the_blog_excerpt \">Ch\u00fang t\u00f4i s\u1ea3n xu\u1ea5t theo ti\u00eau chu\u1ea9n n\u1ed9i b\u1ed9. So v\u1edbi s\u1ea3n ph\u1ea9m quy c\u00e1ch...\t\t\t\t\t<\/p>\n\t\t\t\t\t                    \n\t\t\t\t\t\n\t\t\t\t\t\n\t\t\t\t\t<\/div>\n\t\t\t\t\t<\/div>\n\t\t\t\t\t\t\t\t\t<\/div>\n\t\t\t\t<\/a>\n\t\t\t<\/div>\n\t\t<\/div><div class=\"col post-item\" >\n\t\t\t<div class=\"col-inner\">\n\t\t\t<a href=\"https:\/\/mauweb.tamnguyen.vn\/gomsu\/gom-chu-dau-ban-sac-viet-toa-sang-nam-11\/\" class=\"plain\">\n\t\t\t\t<div class=\"box box-default box-text-bottom box-blog-post has-hover\">\n            \t\t\t\t\t<div class=\"box-image\" >\n  \t\t\t\t\t\t<div class=\"image-cover\" style=\"padding-top:56.25%;\">\n  \t\t\t\t\t\t\t<img loading=\"lazy\" decoding=\"async\" width=\"800\" height=\"293\" src=\"https:\/\/mauweb.tamnguyen.vn\/gomsu\/wp-content\/uploads\/2022\/06\/Group-36458-800x293.png\" class=\"attachment-medium size-medium wp-post-image\" alt=\"\" srcset=\"https:\/\/mauweb.tamnguyen.vn\/gomsu\/wp-content\/uploads\/2022\/06\/Group-36458-800x293.png 800w, https:\/\/mauweb.tamnguyen.vn\/gomsu\/wp-content\/uploads\/2022\/06\/Group-36458-1400x512.png 1400w, https:\/\/mauweb.tamnguyen.vn\/gomsu\/wp-content\/uploads\/2022\/06\/Group-36458-768x281.png 768w, https:\/\/mauweb.tamnguyen.vn\/gomsu\/wp-content\/uploads\/2022\/06\/Group-36458-1536x562.png 1536w, https:\/\/mauweb.tamnguyen.vn\/gomsu\/wp-content\/uploads\/2022\/06\/Group-36458.png 1920w\" sizes=\"(max-width: 800px) 100vw, 800px\" \/>  \t\t\t\t\t\t\t  \t\t\t\t\t\t\t  \t\t\t\t\t\t<\/div>\n  \t\t\t\t\t\t  \t\t\t\t\t<\/div>\n          \t\t\t\t\t<div class=\"box-text text-center\" >\n\t\t\t\t\t<div class=\"box-text-inner blog-post-inner\">\n\n\t\t\t\t\t\n\t\t\t\t\t\t\t\t\t\t<h5 class=\"post-title is-large \">G\u1ed1m Chu \u0110\u1eadu &#8211; B\u1ea3n s\u1eafc Vi\u1ec7t, t\u1ecfa s\u00e1ng n\u0103m &#8230;.<\/h5>\n\t\t\t\t\t\t\t\t\t\t<div class=\"is-divider\"><\/div>\n\t\t\t\t\t\t\t\t\t\t<p class=\"from_the_blog_excerpt \">Ch\u00fang t\u00f4i s\u1ea3n xu\u1ea5t theo ti\u00eau chu\u1ea9n n\u1ed9i b\u1ed9. So v\u1edbi s\u1ea3n ph\u1ea9m quy c\u00e1ch...\t\t\t\t\t<\/p>\n\t\t\t\t\t                    \n\t\t\t\t\t\n\t\t\t\t\t\n\t\t\t\t\t<\/div>\n\t\t\t\t\t<\/div>\n\t\t\t\t\t\t\t\t\t<\/div>\n\t\t\t\t<\/a>\n\t\t\t<\/div>\n\t\t<\/div><div class=\"col post-item\" >\n\t\t\t<div class=\"col-inner\">\n\t\t\t<a href=\"https:\/\/mauweb.tamnguyen.vn\/gomsu\/gom-chu-dau-ban-sac-viet-toa-sang-nam-10\/\" class=\"plain\">\n\t\t\t\t<div class=\"box box-default box-text-bottom box-blog-post has-hover\">\n            \t\t\t\t\t<div class=\"box-image\" >\n  \t\t\t\t\t\t<div class=\"image-cover\" style=\"padding-top:56.25%;\">\n  \t\t\t\t\t\t\t<img loading=\"lazy\" decoding=\"async\" width=\"380\" height=\"214\" src=\"https:\/\/mauweb.tamnguyen.vn\/gomsu\/wp-content\/uploads\/2022\/06\/IMAGE-18.png\" class=\"attachment-medium size-medium wp-post-image\" alt=\"\" \/>  \t\t\t\t\t\t\t  \t\t\t\t\t\t\t  \t\t\t\t\t\t<\/div>\n  \t\t\t\t\t\t  \t\t\t\t\t<\/div>\n          \t\t\t\t\t<div class=\"box-text text-center\" >\n\t\t\t\t\t<div class=\"box-text-inner blog-post-inner\">\n\n\t\t\t\t\t\n\t\t\t\t\t\t\t\t\t\t<h5 class=\"post-title is-large \">G\u1ed1m Chu \u0110\u1eadu &#8211; B\u1ea3n s\u1eafc Vi\u1ec7t, t\u1ecfa s\u00e1ng n\u0103m &#8230;.<\/h5>\n\t\t\t\t\t\t\t\t\t\t<div class=\"is-divider\"><\/div>\n\t\t\t\t\t\t\t\t\t\t<p class=\"from_the_blog_excerpt \">Ch\u00fang t\u00f4i s\u1ea3n xu\u1ea5t theo ti\u00eau chu\u1ea9n n\u1ed9i b\u1ed9. So v\u1edbi s\u1ea3n ph\u1ea9m quy c\u00e1ch...\t\t\t\t\t<\/p>\n\t\t\t\t\t                    \n\t\t\t\t\t\n\t\t\t\t\t\n\t\t\t\t\t<\/div>\n\t\t\t\t\t<\/div>\n\t\t\t\t\t\t\t\t\t<\/div>\n\t\t\t\t<\/a>\n\t\t\t<\/div>\n\t\t<\/div><div class=\"col post-item\" >\n\t\t\t<div class=\"col-inner\">\n\t\t\t<a href=\"https:\/\/mauweb.tamnguyen.vn\/gomsu\/gom-chu-dau-ban-sac-viet-toa-sang-nam-9\/\" class=\"plain\">\n\t\t\t\t<div class=\"box box-default box-text-bottom box-blog-post has-hover\">\n            \t\t\t\t\t<div class=\"box-image\" >\n  \t\t\t\t\t\t<div class=\"image-cover\" style=\"padding-top:56.25%;\">\n  \t\t\t\t\t\t\t<img loading=\"lazy\" decoding=\"async\" width=\"380\" height=\"214\" src=\"https:\/\/mauweb.tamnguyen.vn\/gomsu\/wp-content\/uploads\/2022\/06\/IMAGE-19.png\" class=\"attachment-medium size-medium wp-post-image\" alt=\"\" \/>  \t\t\t\t\t\t\t  \t\t\t\t\t\t\t  \t\t\t\t\t\t<\/div>\n  \t\t\t\t\t\t  \t\t\t\t\t<\/div>\n          \t\t\t\t\t<div class=\"box-text text-center\" >\n\t\t\t\t\t<div class=\"box-text-inner blog-post-inner\">\n\n\t\t\t\t\t\n\t\t\t\t\t\t\t\t\t\t<h5 class=\"post-title is-large \">G\u1ed1m Chu \u0110\u1eadu &#8211; B\u1ea3n s\u1eafc Vi\u1ec7t, t\u1ecfa s\u00e1ng n\u0103m &#8230;.<\/h5>\n\t\t\t\t\t\t\t\t\t\t<div class=\"is-divider\"><\/div>\n\t\t\t\t\t\t\t\t\t\t<p class=\"from_the_blog_excerpt \">Ch\u00fang t\u00f4i s\u1ea3n xu\u1ea5t theo ti\u00eau chu\u1ea9n n\u1ed9i b\u1ed9. So v\u1edbi s\u1ea3n ph\u1ea9m quy c\u00e1ch...\t\t\t\t\t<\/p>\n\t\t\t\t\t                    \n\t\t\t\t\t\n\t\t\t\t\t\n\t\t\t\t\t<\/div>\n\t\t\t\t\t<\/div>\n\t\t\t\t\t\t\t\t\t<\/div>\n\t\t\t\t<\/a>\n\t\t\t<\/div>\n\t\t<\/div><div class=\"col post-item\" >\n\t\t\t<div class=\"col-inner\">\n\t\t\t<a href=\"https:\/\/mauweb.tamnguyen.vn\/gomsu\/gom-chu-dau-ban-sac-viet-toa-sang-nam-8\/\" class=\"plain\">\n\t\t\t\t<div class=\"box box-default box-text-bottom box-blog-post has-hover\">\n            \t\t\t\t\t<div class=\"box-image\" >\n  \t\t\t\t\t\t<div class=\"image-cover\" style=\"padding-top:56.25%;\">\n  \t\t\t\t\t\t\t<img loading=\"lazy\" decoding=\"async\" width=\"800\" height=\"293\" src=\"https:\/\/mauweb.tamnguyen.vn\/gomsu\/wp-content\/uploads\/2022\/06\/Group-36458-800x293.png\" class=\"attachment-medium size-medium wp-post-image\" alt=\"\" srcset=\"https:\/\/mauweb.tamnguyen.vn\/gomsu\/wp-content\/uploads\/2022\/06\/Group-36458-800x293.png 800w, https:\/\/mauweb.tamnguyen.vn\/gomsu\/wp-content\/uploads\/2022\/06\/Group-36458-1400x512.png 1400w, https:\/\/mauweb.tamnguyen.vn\/gomsu\/wp-content\/uploads\/2022\/06\/Group-36458-768x281.png 768w, https:\/\/mauweb.tamnguyen.vn\/gomsu\/wp-content\/uploads\/2022\/06\/Group-36458-1536x562.png 1536w, https:\/\/mauweb.tamnguyen.vn\/gomsu\/wp-content\/uploads\/2022\/06\/Group-36458.png 1920w\" sizes=\"(max-width: 800px) 100vw, 800px\" \/>  \t\t\t\t\t\t\t  \t\t\t\t\t\t\t  \t\t\t\t\t\t<\/div>\n  \t\t\t\t\t\t  \t\t\t\t\t<\/div>\n          \t\t\t\t\t<div class=\"box-text text-center\" >\n\t\t\t\t\t<div class=\"box-text-inner blog-post-inner\">\n\n\t\t\t\t\t\n\t\t\t\t\t\t\t\t\t\t<h5 class=\"post-title is-large \">G\u1ed1m Chu \u0110\u1eadu &#8211; B\u1ea3n s\u1eafc Vi\u1ec7t, t\u1ecfa s\u00e1ng n\u0103m &#8230;.<\/h5>\n\t\t\t\t\t\t\t\t\t\t<div class=\"is-divider\"><\/div>\n\t\t\t\t\t\t\t\t\t\t<p class=\"from_the_blog_excerpt \">Ch\u00fang t\u00f4i s\u1ea3n xu\u1ea5t theo ti\u00eau chu\u1ea9n n\u1ed9i b\u1ed9. So v\u1edbi s\u1ea3n ph\u1ea9m quy c\u00e1ch...\t\t\t\t\t<\/p>\n\t\t\t\t\t                    \n\t\t\t\t\t\n\t\t\t\t\t\n\t\t\t\t\t<\/div>\n\t\t\t\t\t<\/div>\n\t\t\t\t\t\t\t\t\t<\/div>\n\t\t\t\t<\/a>\n\t\t\t<\/div>\n\t\t<\/div><div class=\"col post-item\" >\n\t\t\t<div class=\"col-inner\">\n\t\t\t<a href=\"https:\/\/mauweb.tamnguyen.vn\/gomsu\/gom-chu-dau-ban-sac-viet-toa-sang-nam-7\/\" class=\"plain\">\n\t\t\t\t<div class=\"box box-default box-text-bottom box-blog-post has-hover\">\n            \t\t\t\t\t<div class=\"box-image\" >\n  \t\t\t\t\t\t<div class=\"image-cover\" style=\"padding-top:56.25%;\">\n  \t\t\t\t\t\t\t<img loading=\"lazy\" decoding=\"async\" width=\"380\" height=\"214\" src=\"https:\/\/mauweb.tamnguyen.vn\/gomsu\/wp-content\/uploads\/2022\/06\/IMAGE-18.png\" class=\"attachment-medium size-medium wp-post-image\" alt=\"\" \/>  \t\t\t\t\t\t\t  \t\t\t\t\t\t\t  \t\t\t\t\t\t<\/div>\n  \t\t\t\t\t\t  \t\t\t\t\t<\/div>\n          \t\t\t\t\t<div class=\"box-text text-center\" >\n\t\t\t\t\t<div class=\"box-text-inner blog-post-inner\">\n\n\t\t\t\t\t\n\t\t\t\t\t\t\t\t\t\t<h5 class=\"post-title is-large \">G\u1ed1m Chu \u0110\u1eadu &#8211; B\u1ea3n s\u1eafc Vi\u1ec7t, t\u1ecfa s\u00e1ng n\u0103m &#8230;.<\/h5>\n\t\t\t\t\t\t\t\t\t\t<div class=\"is-divider\"><\/div>\n\t\t\t\t\t\t\t\t\t\t<p class=\"from_the_blog_excerpt \">Ch\u00fang t\u00f4i s\u1ea3n xu\u1ea5t theo ti\u00eau chu\u1ea9n n\u1ed9i b\u1ed9. So v\u1edbi s\u1ea3n ph\u1ea9m quy c\u00e1ch...\t\t\t\t\t<\/p>\n\t\t\t\t\t                    \n\t\t\t\t\t\n\t\t\t\t\t\n\t\t\t\t\t<\/div>\n\t\t\t\t\t<\/div>\n\t\t\t\t\t\t\t\t\t<\/div>\n\t\t\t\t<\/a>\n\t\t\t<\/div>\n\t\t<\/div><div class=\"col post-item\" >\n\t\t\t<div class=\"col-inner\">\n\t\t\t<a href=\"https:\/\/mauweb.tamnguyen.vn\/gomsu\/gom-chu-dau-ban-sac-viet-toa-sang-nam-6\/\" class=\"plain\">\n\t\t\t\t<div class=\"box box-default box-text-bottom box-blog-post has-hover\">\n            \t\t\t\t\t<div class=\"box-image\" >\n  \t\t\t\t\t\t<div class=\"image-cover\" style=\"padding-top:56.25%;\">\n  \t\t\t\t\t\t\t<img loading=\"lazy\" decoding=\"async\" width=\"380\" height=\"214\" src=\"https:\/\/mauweb.tamnguyen.vn\/gomsu\/wp-content\/uploads\/2022\/06\/IMAGE-19.png\" class=\"attachment-medium size-medium wp-post-image\" alt=\"\" \/>  \t\t\t\t\t\t\t  \t\t\t\t\t\t\t  \t\t\t\t\t\t<\/div>\n  \t\t\t\t\t\t  \t\t\t\t\t<\/div>\n          \t\t\t\t\t<div class=\"box-text text-center\" >\n\t\t\t\t\t<div class=\"box-text-inner blog-post-inner\">\n\n\t\t\t\t\t\n\t\t\t\t\t\t\t\t\t\t<h5 class=\"post-title is-large \">G\u1ed1m Chu \u0110\u1eadu &#8211; B\u1ea3n s\u1eafc Vi\u1ec7t, t\u1ecfa s\u00e1ng n\u0103m &#8230;.<\/h5>\n\t\t\t\t\t\t\t\t\t\t<div class=\"is-divider\"><\/div>\n\t\t\t\t\t\t\t\t\t\t<p class=\"from_the_blog_excerpt \">Ch\u00fang t\u00f4i s\u1ea3n xu\u1ea5t theo ti\u00eau chu\u1ea9n n\u1ed9i b\u1ed9. So v\u1edbi s\u1ea3n ph\u1ea9m quy c\u00e1ch...\t\t\t\t\t<\/p>\n\t\t\t\t\t                    \n\t\t\t\t\t\n\t\t\t\t\t\n\t\t\t\t\t<\/div>\n\t\t\t\t\t<\/div>\n\t\t\t\t\t\t\t\t\t<\/div>\n\t\t\t\t<\/a>\n\t\t\t<\/div>\n\t\t<\/div><\/div>\n\t\t<\/div>\n\t\t\t\t\t<\/div>\n\n\t\n<\/div>\n\t\t<\/div>\n\n\t\t\n<style>\n#section_1924594390 {\n  padding-top: 30px;\n  padding-bottom: 30px;\n}\n#section_1924594390 .ux-shape-divider--top svg {\n  height: 150px;\n  --divider-top-width: 100%;\n}\n#section_1924594390 .ux-shape-divider--bottom svg {\n  height: 150px;\n  --divider-width: 100%;\n}\n<\/style>\n\t<\/section>\n\t\n","protected":false},"excerpt":{"rendered":"","protected":false},"author":1,"featured_media":0,"parent":0,"menu_order":0,"comment_status":"closed","ping_status":"closed","template":"page-blank.php","meta":{"footnotes":""},"class_list":["post-1597","page","type-page","status-publish","hentry"],"acf":[],"yoast_head":"<!-- This site is optimized with the Yoast SEO plugin v19.9 - https:\/\/yoast.com\/wordpress\/plugins\/seo\/ -->\n<title>g\u1ed1m s\u1ee9<\/title>\n<meta name=\"robots\" content=\"noindex, follow, max-snippet:-1, max-image-preview:large, max-video-preview:-1\" \/>\n<meta property=\"og:locale\" content=\"vi_VN\" \/>\n<meta property=\"og:type\" content=\"article\" \/>\n<meta property=\"og:title\" content=\"g\u1ed1m s\u1ee9\" \/>\n<meta property=\"og:url\" content=\"https:\/\/mauweb.tamnguyen.vn\/gomsu\/triet-ly-thuong-hieu-cua-gomsuchudauhd\/\" \/>\n<meta property=\"og:site_name\" content=\"g\u1ed1m s\u1ee9\" \/>\n<meta property=\"article:modified_time\" content=\"2022-10-27T12:30:00+00:00\" \/>\n<meta name=\"twitter:card\" content=\"summary_large_image\" \/>\n<script type=\"application\/ld+json\" class=\"yoast-schema-graph\">{\"@context\":\"https:\/\/schema.org\",\"@graph\":[{\"@type\":\"WebPage\",\"@id\":\"https:\/\/mauweb.tamnguyen.vn\/gomsu\/triet-ly-thuong-hieu-cua-gomsuchudauhd\/\",\"url\":\"https:\/\/mauweb.tamnguyen.vn\/gomsu\/triet-ly-thuong-hieu-cua-gomsuchudauhd\/\",\"name\":\"g\u1ed1m s\u1ee9\",\"isPartOf\":{\"@id\":\"https:\/\/mauweb.tamnguyen.vn\/gomsu\/#website\"},\"datePublished\":\"2022-06-22T01:37:58+00:00\",\"dateModified\":\"2022-10-27T12:30:00+00:00\",\"breadcrumb\":{\"@id\":\"https:\/\/mauweb.tamnguyen.vn\/gomsu\/triet-ly-thuong-hieu-cua-gomsuchudauhd\/#breadcrumb\"},\"inLanguage\":\"vi\",\"potentialAction\":[{\"@type\":\"ReadAction\",\"target\":[\"https:\/\/mauweb.tamnguyen.vn\/gomsu\/triet-ly-thuong-hieu-cua-gomsuchudauhd\/\"]}]},{\"@type\":\"BreadcrumbList\",\"@id\":\"https:\/\/mauweb.tamnguyen.vn\/gomsu\/triet-ly-thuong-hieu-cua-gomsuchudauhd\/#breadcrumb\",\"itemListElement\":[{\"@type\":\"ListItem\",\"position\":1,\"name\":\"Trang ch\u1ee7\",\"item\":\"https:\/\/mauweb.tamnguyen.vn\/gomsu\/\"},{\"@type\":\"ListItem\",\"position\":2,\"name\":\"Tri\u1ebft l\u00fd th\u01b0\u01a1ng hi\u1ec7u\"}]},{\"@type\":\"WebSite\",\"@id\":\"https:\/\/mauweb.tamnguyen.vn\/gomsu\/#website\",\"url\":\"https:\/\/mauweb.tamnguyen.vn\/gomsu\/\",\"name\":\"g\u1ed1m s\u1ee9\",\"description\":\"\",\"potentialAction\":[{\"@type\":\"SearchAction\",\"target\":{\"@type\":\"EntryPoint\",\"urlTemplate\":\"https:\/\/mauweb.tamnguyen.vn\/gomsu\/?s={search_term_string}\"},\"query-input\":\"required name=search_term_string\"}],\"inLanguage\":\"vi\"}]}<\/script>\n<!-- \/ Yoast SEO plugin. -->","yoast_head_json":{"title":"g\u1ed1m s\u1ee9","robots":{"index":"noindex","follow":"follow","max-snippet":"max-snippet:-1","max-image-preview":"max-image-preview:large","max-video-preview":"max-video-preview:-1"},"og_locale":"vi_VN","og_type":"article","og_title":"g\u1ed1m s\u1ee9","og_url":"https:\/\/mauweb.tamnguyen.vn\/gomsu\/triet-ly-thuong-hieu-cua-gomsuchudauhd\/","og_site_name":"g\u1ed1m s\u1ee9","article_modified_time":"2022-10-27T12:30:00+00:00","twitter_card":"summary_large_image","schema":{"@context":"https:\/\/schema.org","@graph":[{"@type":"WebPage","@id":"https:\/\/mauweb.tamnguyen.vn\/gomsu\/triet-ly-thuong-hieu-cua-gomsuchudauhd\/","url":"https:\/\/mauweb.tamnguyen.vn\/gomsu\/triet-ly-thuong-hieu-cua-gomsuchudauhd\/","name":"g\u1ed1m s\u1ee9","isPartOf":{"@id":"https:\/\/mauweb.tamnguyen.vn\/gomsu\/#website"},"datePublished":"2022-06-22T01:37:58+00:00","dateModified":"2022-10-27T12:30:00+00:00","breadcrumb":{"@id":"https:\/\/mauweb.tamnguyen.vn\/gomsu\/triet-ly-thuong-hieu-cua-gomsuchudauhd\/#breadcrumb"},"inLanguage":"vi","potentialAction":[{"@type":"ReadAction","target":["https:\/\/mauweb.tamnguyen.vn\/gomsu\/triet-ly-thuong-hieu-cua-gomsuchudauhd\/"]}]},{"@type":"BreadcrumbList","@id":"https:\/\/mauweb.tamnguyen.vn\/gomsu\/triet-ly-thuong-hieu-cua-gomsuchudauhd\/#breadcrumb","itemListElement":[{"@type":"ListItem","position":1,"name":"Trang ch\u1ee7","item":"https:\/\/mauweb.tamnguyen.vn\/gomsu\/"},{"@type":"ListItem","position":2,"name":"Tri\u1ebft l\u00fd th\u01b0\u01a1ng hi\u1ec7u"}]},{"@type":"WebSite","@id":"https:\/\/mauweb.tamnguyen.vn\/gomsu\/#website","url":"https:\/\/mauweb.tamnguyen.vn\/gomsu\/","name":"g\u1ed1m s\u1ee9","description":"","potentialAction":[{"@type":"SearchAction","target":{"@type":"EntryPoint","urlTemplate":"https:\/\/mauweb.tamnguyen.vn\/gomsu\/?s={search_term_string}"},"query-input":"required name=search_term_string"}],"inLanguage":"vi"}]}},"_links":{"self":[{"href":"https:\/\/mauweb.tamnguyen.vn\/gomsu\/wp-json\/wp\/v2\/pages\/1597"}],"collection":[{"href":"https:\/\/mauweb.tamnguyen.vn\/gomsu\/wp-json\/wp\/v2\/pages"}],"about":[{"href":"https:\/\/mauweb.tamnguyen.vn\/gomsu\/wp-json\/wp\/v2\/types\/page"}],"author":[{"embeddable":true,"href":"https:\/\/mauweb.tamnguyen.vn\/gomsu\/wp-json\/wp\/v2\/users\/1"}],"replies":[{"embeddable":true,"href":"https:\/\/mauweb.tamnguyen.vn\/gomsu\/wp-json\/wp\/v2\/comments?post=1597"}],"version-history":[{"count":11,"href":"https:\/\/mauweb.tamnguyen.vn\/gomsu\/wp-json\/wp\/v2\/pages\/1597\/revisions"}],"predecessor-version":[{"id":1693,"href":"https:\/\/mauweb.tamnguyen.vn\/gomsu\/wp-json\/wp\/v2\/pages\/1597\/revisions\/1693"}],"wp:attachment":[{"href":"https:\/\/mauweb.tamnguyen.vn\/gomsu\/wp-json\/wp\/v2\/media?parent=1597"}],"curies":[{"name":"wp","href":"https:\/\/api.w.org\/{rel}","templated":true}]}}