{"id":347,"date":"2020-05-27T22:49:06","date_gmt":"2020-05-27T15:49:06","guid":{"rendered":"http:\/\/taphoa.ninhbinhsite.com\/?post_type=product&amp;p=347"},"modified":"2022-12-30T23:57:16","modified_gmt":"2022-12-30T16:57:16","slug":"combo-2-lon-wakodo-gungun-3-tu-3-tuoi-830g","status":"publish","type":"product","link":"https:\/\/mauweb.tamnguyen.vn\/gioithieu7\/combo-2-lon-wakodo-gungun-3-tu-3-tuoi-830g\/","title":{"rendered":"Combo 2 lon WAKODO GUNGUN 3, T\u1eeb 3 tu\u1ed5i, 830g"},"content":{"rendered":"<p>&#8221; S\u1eefa m\u1eb9 l\u00e0 th\u1ee9c \u0103n t\u1ed1t nh\u1ea5t cho s\u1ee9c kh\u1ecfe v\u00e0 s\u1ef1 ph\u00e1t tri\u1ec3n to\u00e0n di\u1ec7n c\u1ee7a tr\u1ebb nh\u1ecf&#8221;<\/p>\n<p>&#8221; S\u1ea3n ph\u1ea9m n\u00e0y l\u00e0 th\u1ee9c \u0103n b\u1ed5 sung v\u00e0 \u0111\u01b0\u1ee3c \u0103n th\u00eam c\u00f9ng v\u1edbi s\u1eefa m\u1eb9 d\u00f9ng cho tr\u1ebb tr\u00ean 06 th\u00e1ng tu\u1ed5i&#8221;<\/p>\n<p>&nbsp;<\/p>\n<p><img loading=\"lazy\" decoding=\"async\" src=\"https:\/\/concung.com\/storage\/images\/PhamNga\/a892c7a43c2b044eb719a847f931c273.jpg\" alt=\"WAKODO GUNGUN 3, T\u1eeb 3 tu\u1ed5i, 830g\" width=\"600\" height=\"600\" \/><\/p>\n<p>Th\u00e0nh ph\u1ea7n : Glucose syrup, s\u1eefa b\u1ed9t t\u00e1ch b\u00e9o, h\u1ed7n h\u1ee3p d\u1ea7u th\u1ef1c v\u1eadt (d\u1ea7u palm, d\u1ea7u palm kernel, d\u1ea7u \u0111\u1eadu n\u00e0nh), \u0111\u1ea1m whey th\u1ee7y ph\u00e2n c\u00f4 \u0111\u1eb7c (gi\u1ea3m \ua7b5-lactoglobulin), lactose, ch\u1ea5t x\u01a1 (galacto-oligosaccharides (GOS)), calcium carbonate, potassium phosphate dibasic, sodium phosphate dibasic, axit docosahexaenoic (DHA) t\u1eeb d\u1ea7u c\u00e1, ch\u1ea5t nh\u0169 h\u00f3a (lecithin \u0111\u1eadu n\u00e0nh), magnesium chloride, sodium-L-ascorbate, ferric diphosphate, ch\u1ea5t ch\u1ed1ng oxy h\u00f3a (ascorby palmitate, h\u1ed7n h\u1ee3p tocopherol t\u1ef1 nhi\u00ean), zinc sulphate, cytidine 5&#8242;-monophosphate, D-alpha-tocopherol, nicotinamide, calcium-D-pantothenate, retinyl palmitate, pyridoxine hydrochloride, disodium insosine 5&#8242;-monophosphate salt, disodium\u00a0 uridine 5&#8242;-monophosphate salt, disodium guanosine 5&#8242;-monophosphate salt, riboflavin, thiaminchloride hydrochloride, adenosine 5&#8242;-monophosphate, N-Pteroyl-L-glutamic acid, potassium iodide, sodium selenite, phylloquinone, cholecalciferol, D-biotin, cyanocobalamin. C\u00f3 ch\u1ee9a s\u1eefa.<\/p>\n<p>&#8211; Ch\u1ea5t x\u01a1 GOS;\u00a0Gi\u1ea3m \u03b2- lactogloblin;\u00a0Lactoferrin;\u00a0Vitamin A, C, E, B; s\u1eaft; Canxi<\/p>\n<p>H\u1ea1n s\u1eed d\u1ee5ng : 24 th\u00e1ng k\u1ec3 t\u1eeb ng\u00e0y s\u1ea3n xu\u1ea5t<\/p>\n<p><strong>C\u1ea3nh b\u00e1o:\u00a0<\/strong><\/p>\n<p>S\u1eed d\u1ee5ng s\u1ea3n ph\u1ea9m ngay sau khi pha.<\/p>\n<p>Lu\u00f4n s\u1eed d\u1ee5ng mu\u1ed7ng l\u01b0\u1eddng trong lon.<\/p>\n<p>R\u1eeda s\u1ea1ch v\u00e0 v\u00e0 lau kh\u00f4 mu\u1ed7ng l\u01b0\u1eddng sau khi s\u1eed d\u1ee5ng v\u00e0 \u0111\u1ec3 l\u1ea1i trong lon.<\/p>\n<p>C\u1ea9n th\u1eadn kh\u00f4ng \u0111\u1ec3 n\u01b0\u1edbc r\u01a1i v\u00e0o trong lon, b\u1ed9t c\u00f3 th\u1ec3 b\u1ecb v\u00f3n c\u1ee5c khi ti\u1ebfp x\u00fac v\u1edbi n\u01b0\u1edbc.<\/p>\n<p>Kh\u00f4ng ph\u00f9 h\u1ee3p cho tr\u1ebb s\u01a1 sinh.<\/p>\n","protected":false},"excerpt":{"rendered":"<p>R\u1eeda s\u1ea1ch v\u00e0 v\u00e0 lau kh\u00f4 mu\u1ed7ng l\u01b0\u1eddng sau khi s\u1eed d\u1ee5ng v\u00e0 \u0111\u1ec3 l\u1ea1i trong lon.<\/p>\n<p>C\u1ea9n th\u1eadn kh\u00f4ng \u0111\u1ec3 n\u01b0\u1edbc r\u01a1i v\u00e0o trong lon, b\u1ed9t c\u00f3 th\u1ec3 b\u1ecb v\u00f3n c\u1ee5c khi ti\u1ebfp x\u00fac v\u1edbi n\u01b0\u1edbc.<\/p>\n","protected":false},"featured_media":857,"comment_status":"open","ping_status":"closed","template":"","meta":[],"product_cat":[41],"product_tag":[],"class_list":["post-347","product","type-product","status-publish","has-post-thumbnail","hentry","product_cat-thuc-pham-chuc-nang"],"_links":{"self":[{"href":"https:\/\/mauweb.tamnguyen.vn\/gioithieu7\/wp-json\/wp\/v2\/product\/347","targetHints":{"allow":["GET"]}}],"collection":[{"href":"https:\/\/mauweb.tamnguyen.vn\/gioithieu7\/wp-json\/wp\/v2\/product"}],"about":[{"href":"https:\/\/mauweb.tamnguyen.vn\/gioithieu7\/wp-json\/wp\/v2\/types\/product"}],"replies":[{"embeddable":true,"href":"https:\/\/mauweb.tamnguyen.vn\/gioithieu7\/wp-json\/wp\/v2\/comments?post=347"}],"wp:featuredmedia":[{"embeddable":true,"href":"https:\/\/mauweb.tamnguyen.vn\/gioithieu7\/wp-json\/wp\/v2\/media\/857"}],"wp:attachment":[{"href":"https:\/\/mauweb.tamnguyen.vn\/gioithieu7\/wp-json\/wp\/v2\/media?parent=347"}],"wp:term":[{"taxonomy":"product_cat","embeddable":true,"href":"https:\/\/mauweb.tamnguyen.vn\/gioithieu7\/wp-json\/wp\/v2\/product_cat?post=347"},{"taxonomy":"product_tag","embeddable":true,"href":"https:\/\/mauweb.tamnguyen.vn\/gioithieu7\/wp-json\/wp\/v2\/product_tag?post=347"}],"curies":[{"name":"wp","href":"https:\/\/api.w.org\/{rel}","templated":true}]}}