{"id":377,"date":"2019-10-23T09:17:25","date_gmt":"2019-10-23T02:17:25","guid":{"rendered":"http:\/\/giatthamvanphong.ninhbinhweb.biz\/?page_id=377"},"modified":"2019-10-23T20:47:57","modified_gmt":"2019-10-23T13:47:57","slug":"giat-rem","status":"publish","type":"page","link":"https:\/\/mauweb.tamnguyen.vn\/giatthamvanphong\/giat-rem\/","title":{"rendered":"Gi\u1eb7t r\u00e8m"},"content":{"rendered":"\t<div class=\"img has-hover x md-x lg-x y md-y lg-y\" id=\"image_773318082\">\n\t\t\t\t\t\t\t\t<div class=\"img-inner dark\" >\n\t\t\t<img loading=\"lazy\" decoding=\"async\" width=\"1920\" height=\"432\" src=\"https:\/\/mauweb.tamnguyen.vn\/giatthamvanphong\/wp-content\/uploads\/2019\/10\/slider-3.jpg\" class=\"attachment-original size-original\" alt=\"\" srcset=\"https:\/\/mauweb.tamnguyen.vn\/giatthamvanphong\/wp-content\/uploads\/2019\/10\/slider-3.jpg 1920w, https:\/\/mauweb.tamnguyen.vn\/giatthamvanphong\/wp-content\/uploads\/2019\/10\/slider-3-300x68.jpg 300w, https:\/\/mauweb.tamnguyen.vn\/giatthamvanphong\/wp-content\/uploads\/2019\/10\/slider-3-768x173.jpg 768w, https:\/\/mauweb.tamnguyen.vn\/giatthamvanphong\/wp-content\/uploads\/2019\/10\/slider-3-1024x230.jpg 1024w\" sizes=\"(max-width: 1920px) 100vw, 1920px\" \/>\t\t\t\t\t\t\n\t\t\t\t\t<\/div>\n\t\t\t\t\t\t\t\t\n<style>\n#image_773318082 {\n  width: 100%;\n}\n<\/style>\n\t<\/div>\n\t\n\t<section class=\"section quy-trinh-giat-nem\" id=\"section_1059060825\">\n\t\t<div class=\"bg section-bg fill bg-fill  bg-loaded\" >\n\n\t\t\t\n\t\t\t\n\t\t\t\n\n\t\t<\/div>\n\n\t\t\n\n\t\t<div class=\"section-content relative\">\n\t\t\t\n<div class=\"row\"  id=\"row-2065753044\">\n\n\t<div id=\"col-1764218958\" class=\"col small-12 large-12\"  >\n\t\t\t\t<div class=\"col-inner\"  >\n\t\t\t\n\t\t\t\n<div class=\"container section-title-container\" ><h2 class=\"section-title section-title-center\"><b><\/b><span class=\"section-title-main\" >D\u1ecbch v\u1ee5 gi\u1eb7t r\u00e8m chuy\u00ean nghi\u1ec7p t\u1ea1i H\u00e0 N\u1ed9i<\/span><b><\/b><\/h2><\/div>\n\t\t<\/div>\n\t\t\t\t\t<\/div>\n\n\t\n\n\t<div id=\"col-2013266633\" class=\"col medium-6 small-12 large-6\"  >\n\t\t\t\t<div class=\"col-inner\"  >\n\t\t\t\n\t\t\t\n\t<div class=\"img has-hover x md-x lg-x y md-y lg-y\" id=\"image_1562296351\">\n\t\t\t\t\t\t\t\t<div class=\"img-inner image-cover dark\" style=\"padding-top:71%;\">\n\t\t\t<img loading=\"lazy\" decoding=\"async\" width=\"800\" height=\"533\" src=\"https:\/\/mauweb.tamnguyen.vn\/giatthamvanphong\/wp-content\/uploads\/2019\/10\/q-1.jpg\" class=\"attachment-original size-original\" alt=\"\" srcset=\"https:\/\/mauweb.tamnguyen.vn\/giatthamvanphong\/wp-content\/uploads\/2019\/10\/q-1.jpg 800w, https:\/\/mauweb.tamnguyen.vn\/giatthamvanphong\/wp-content\/uploads\/2019\/10\/q-1-300x200.jpg 300w, https:\/\/mauweb.tamnguyen.vn\/giatthamvanphong\/wp-content\/uploads\/2019\/10\/q-1-768x512.jpg 768w\" sizes=\"(max-width: 800px) 100vw, 800px\" \/>\t\t\t\t\t\t\n\t\t\t\t\t<\/div>\n\t\t\t\t\t\t\t\t\n<style>\n#image_1562296351 {\n  width: 100%;\n}\n<\/style>\n\t<\/div>\n\t\n\t\t<\/div>\n\t\t\t\t\t<\/div>\n\n\t\n\n\t<div id=\"col-1542994350\" class=\"col medium-6 small-12 large-6\"  >\n\t\t\t\t<div class=\"col-inner\"  >\n\t\t\t\n\t\t\t\n<p>M\u00e0n c\u1eeda, r\u00e8m c\u1eeda lu\u00f4n l\u00e0 1 ph\u1ea7n kh\u00f4ng th\u1ec3 thi\u1ebfu trong m\u1ed7i gia \u0111\u00ecnh hi\u1ec7n \u0111\u1ea1i ng\u00e0y nay. Ngo\u00e0i ch\u1ee9c n\u0103ng ch\u1ed1ng n\u1eafng ch\u1ed1ng n\u1eafng th\u00ec m\u00e0n c\u1eeda, r\u00e8m c\u1eeda c\u00f2n g\u00f3p ph\u1ea7n sang tr\u1ecdng \u1ea5m c\u00fang cho m\u1ed7i gia \u0111\u00ecnh. Theo th\u1eddi gian th\u00ec m\u00e0n c\u1eeda, r\u00e8m c\u1eeda s\u1ebd tr\u1edf b\u00ean d\u01a1 b\u1ea9n do nhi\u1ec1u y\u1ebfu t\u1ed1 nh\u01b0 b\u1ee5i b\u1ea9n, c\u00e1c v\u1ebft b\u1ea9n v\u00f4 \u00fd t\u1eeb con ng\u01b0\u1eddi. \u0110\u1ec3 gi\u1eef cho m\u00e0n c\u1eeda lu\u00f4n trong t\u00ecnh tr\u1ea1ng s\u1ea1ch \u0111\u1eb9p th\u00ec gia ch\u1ee7 c\u1ea7n ph\u1ea3i gi\u1eb7t m\u00e0n c\u1eeda, r\u00e8m c\u1eeda sau 1 kho\u1ea3ng th\u1eddi gian s\u1eed d\u1ee5ng. Tuy nhi\u00ean vi\u1ec7c gi\u1eb7t m\u00e0n c\u1eeda, gi\u1eb7t r\u00e8m c\u1eeda t\u01b0\u01a1ng \u0111\u1ed1i kh\u00f3 kh\u0103n v\u00e0 m\u1ea5t kh\u00e1 nhi\u1ec1u th\u1eddi gian, kh\u00f4ng nh\u1eefng v\u1eady m\u00e0 hi\u1ec7u qu\u1ea3 t\u1eeb vi\u1ec7c t\u1ef1 gi\u1eb7t m\u00e0n c\u1eeda, gi\u1eb7t r\u00e8m c\u1eeda kh\u00f4ng cao v\u00ec trang thi\u1ebft b\u1ecb gi\u1eb7t m\u00e0n c\u1eeda, gi\u1eb7t r\u00e8m c\u1eeda kh\u00f4ng ph\u00f9 h\u1ee3p\u2026 V\u1edbi x\u00e3 h\u1ed9i hi\u1ec7n \u0111\u1ea1i chuy\u00ean m\u00f4n h\u00f3a, c\u00e1c b\u1ea1n n\u00ean ti\u1ebft ki\u1ec7m th\u1eddi gian b\u1eb1ng c\u00e1ch t\u00ecm cho m\u00ecnh 1 c\u00f4ng ty chuy\u00ean d\u1ecbch v\u1ee5 gi\u1eb7t r\u00e8m c\u1eeda, m\u00e0n c\u1eeda t\u1ea1i nh\u00e0 chuy\u00ean nghi\u1ec7p.<\/p>\n<p>L\u00e0 nh\u00e0 cung c\u1ea5p d\u1ecbch v\u1ee5 gi\u1eb7t m\u00e0n c\u1eeda, r\u00e8m c\u1eeda chuy\u00ean nghi\u1ec7p V\u1ec7 Sinh Anh Th\u01b0 c\u00e1c b\u1ea1n ho\u00e0n to\u00e0n c\u00f3 th\u1ec3 y\u00ean t\u00e2m v\u1ec1 k\u1ebft qu\u1ea3 sau khi ch\u00fang th\u00f4i th\u1ef1c hi\u1ec7n quy tr\u00ecnh gi\u1eb7t m\u00e0n c\u1eeda, r\u00e8m c\u1eeda. Anh Th\u01b0 cam k\u1ebft l\u00e0 m\u1ed9t d\u1ecbch v\u1ee5 ch\u1ea5t l\u01b0\u1ee3ng v\u00ec kh\u00e1ch h\u00e0ng ph\u1ee5c v\u1ee5 t\u1eadn t\u00ecnh, t\u1eadn t\u00e2m.<\/p>\n\t\t<\/div>\n\t\t\t\t\t<\/div>\n\n\t\n<\/div>\n\t\t<\/div>\n\n\t\t\n<style>\n#section_1059060825 {\n  padding-top: 46px;\n  padding-bottom: 46px;\n}\n#section_1059060825 .ux-shape-divider--top svg {\n  height: 150px;\n  --divider-top-width: 100%;\n}\n#section_1059060825 .ux-shape-divider--bottom svg {\n  height: 150px;\n  --divider-width: 100%;\n}\n<\/style>\n\t<\/section>\n\t\n\t<section class=\"section quy-trinh-giat-nem quy-trinh-giat-nem2 dark\" id=\"section_1803026357\">\n\t\t<div class=\"bg section-bg fill bg-fill  \" >\n\n\t\t\t\n\t\t\t<div class=\"section-bg-overlay absolute fill\"><\/div>\n\t\t\t\n\n\t\t<\/div>\n\n\t\t\n\n\t\t<div class=\"section-content relative\">\n\t\t\t\n<div class=\"row\"  id=\"row-602773285\">\n\n\t<div id=\"col-649879197\" class=\"col small-12 large-12\"  >\n\t\t\t\t<div class=\"col-inner\"  >\n\t\t\t\n\t\t\t\n<div class=\"container section-title-container\" ><h2 class=\"section-title section-title-center\"><b><\/b><span class=\"section-title-main\" style=\"color:rgb(255, 255, 255);\">Quy tr\u00ecnh gi\u1eb7t r\u00e8m theo ti\u00eau chu\u1ea9n h\u00e0ng \u0111\u1ea7u Ch\u00e2u \u00e2u<\/span><b><\/b><\/h2><\/div>\n<p style=\"text-align: center;\">V\u1ec7 Sinh Thanh Xu\u00e2n cung c\u1ea5p d\u1ecbch v\u1ee5 gi\u1eb7t n\u1ec7m t\u1ea1i nh\u00e0 chuy\u00ean nghi\u1ec7p, gi\u00e1 r\u1ebb t\u1ea1i H\u00e0 N\u1ed9i v\u1edbi quy tr\u00ecnh l\u00e0m vi\u1ec7c sau \u0111\u00e2y:<\/p>\n\t\t<\/div>\n\t\t\t\t\t<\/div>\n\n\t\n\n\t<div id=\"col-933663432\" class=\"col medium-6 small-12 large-6\"  >\n\t\t\t\t<div class=\"col-inner\"  >\n\t\t\t\n\t\t\t\n<ul>\n<li class=\"bullet-star\">B\u01b0\u1edbc 1: Ki\u1ec3m tra t\u00ecnh tr\u1ea1ng r\u00e8m c\u1eeda, m\u00e0n c\u1eeda c\u1ee7a qu\u00fd kh\u00e1ch<\/li>\n<li class=\"bullet-star\">\u00a0B\u01b0\u1edbc 2: B\u00e1o gi\u00e1 ch\u00ednh x\u00e1c cho qu\u00fd kh\u00e1ch<\/li>\n<li class=\"bullet-star\">\u00a0B\u01b0\u1edbc 3: Th\u00e1o g\u1ee1 \u0111\u00e1nh d\u1ea5u t\u1eebng khu v\u1ef1c r\u00e8m v\u00e0 ph\u00e2n lo\u1ea1i r\u00e8m (\u0111\u1ec3 \u00e1p d\u1ee5ng ph\u01b0\u01a1ng ph\u00e1p gi\u1eb7t m\u00e0n c\u1eeda,\u00a0gi\u1eb7t r\u00e8m\u00a0c\u1eeda ph\u00f9 h\u1ee3p)<\/li>\n<li class=\"bullet-star\">\u00a0B\u01b0\u1edbc 4: Gi\u1eb7t, l\u00e0m s\u1ea1ch m\u00e0n (m\u1ed7i lo\u1ea1i r\u00e8m c\u00f3 c\u00e1ch gi\u1eb7t kh\u00e1c nhau)<\/li>\n<li class=\"bullet-star\">\u00a0B\u01b0\u1edbc 5: V\u1ec7 sinh, gia c\u1ed1 l\u1ea1i thanh treo<\/li>\n<li class=\"bullet-star\">\u00a0B\u01b0\u1edbc 6: L\u1eafp \u0111\u1eb7t r\u00e8m v\u1ec1 v\u1ecb tr\u00ed ban \u0111\u1ea7u \u2013 c\u00e2n ch\u1ec9nh<\/li>\n<li class=\"bullet-star\">\u00a0B\u01b0\u1edbc 7: K\u00fd bi\u00ean b\u1ea3n nghi\u1ec7m thu<\/li>\n<\/ul>\n\t\t<\/div>\n\t\t\t\t\t<\/div>\n\n\t\n\n\t<div id=\"col-1550502916\" class=\"col medium-6 small-12 large-6\"  >\n\t\t\t\t<div class=\"col-inner\"  >\n\t\t\t\n\t\t\t\n\t<div class=\"img has-hover x md-x lg-x y md-y lg-y\" id=\"image_1956394078\">\n\t\t\t\t\t\t\t\t<div class=\"img-inner image-cover dark\" style=\"padding-top:73%;\">\n\t\t\t<img loading=\"lazy\" decoding=\"async\" width=\"800\" height=\"533\" src=\"https:\/\/mauweb.tamnguyen.vn\/giatthamvanphong\/wp-content\/uploads\/2019\/10\/da.jpg\" class=\"attachment-original size-original\" alt=\"\" srcset=\"https:\/\/mauweb.tamnguyen.vn\/giatthamvanphong\/wp-content\/uploads\/2019\/10\/da.jpg 800w, https:\/\/mauweb.tamnguyen.vn\/giatthamvanphong\/wp-content\/uploads\/2019\/10\/da-300x200.jpg 300w, https:\/\/mauweb.tamnguyen.vn\/giatthamvanphong\/wp-content\/uploads\/2019\/10\/da-768x512.jpg 768w\" sizes=\"(max-width: 800px) 100vw, 800px\" \/>\t\t\t\t\t\t\n\t\t\t\t\t<\/div>\n\t\t\t\t\t\t\t\t\n<style>\n#image_1956394078 {\n  width: 100%;\n}\n<\/style>\n\t<\/div>\n\t\n\t\t<\/div>\n\t\t\t\t\t<\/div>\n\n\t\n<\/div>\n\t\t<\/div>\n\n\t\t\n<style>\n#section_1803026357 {\n  padding-top: 45px;\n  padding-bottom: 45px;\n}\n#section_1803026357 .section-bg-overlay {\n  background-color: rgba(0, 7, 32, 0.92);\n}\n#section_1803026357 .section-bg.bg-loaded {\n  background-image: url(https:\/\/mauweb.tamnguyen.vn\/giatthamvanphong\/wp-content\/uploads\/2019\/10\/4-1.jpg);\n}\n#section_1803026357 .ux-shape-divider--top svg {\n  height: 150px;\n  --divider-top-width: 100%;\n}\n#section_1803026357 .ux-shape-divider--bottom svg {\n  height: 150px;\n  --divider-width: 100%;\n}\n<\/style>\n\t<\/section>\n\t\n\t<section class=\"section quy-trinh-giat-nem\" id=\"section_2069055275\">\n\t\t<div class=\"bg section-bg fill bg-fill  bg-loaded\" >\n\n\t\t\t\n\t\t\t\n\t\t\t\n\n\t\t<\/div>\n\n\t\t\n\n\t\t<div class=\"section-content relative\">\n\t\t\t\n<div class=\"row\"  id=\"row-329313776\">\n\n\t<div id=\"col-795877685\" class=\"col small-12 large-12\"  >\n\t\t\t\t<div class=\"col-inner\"  >\n\t\t\t\n\t\t\t\n<div class=\"container section-title-container\" ><h2 class=\"section-title section-title-center\"><b><\/b><span class=\"section-title-main\" >L\u00fd do n\u00ean ch\u1ecdn ch\u00fang t\u00f4i gi\u1eb7t n\u1ec7m cho b\u1ea1n?<\/span><b><\/b><\/h2><\/div>\n<p style=\"text-align: center;\">V\u1edbi \u0111\u1ed9i ng\u0169 nh\u00e2n vi\u00ean chuy\u00ean nghi\u1ec7p, \u0111\u1ea1o \u0111\u1ee9c v\u00e0 c\u00f3 chuy\u00ean m\u00f4n cao trong l\u0129nh v\u1ef1c v\u1ec7 sinh nh\u00e0 n\u00f3i chung v\u00e0 gi\u1eb7t m\u00e0n c\u1eeda, r\u00e8m c\u1eeda n\u00f3i ri\u00eang ch\u00fang t\u00f4i t\u01b0 tin cam k\u1ebft v\u1edbi kh\u00e1ch h\u00e0ng:<\/p>\n\t\t<\/div>\n\t\t\t\t\t<\/div>\n\n\t\n\n\t<div id=\"col-72831476\" class=\"col medium-6 small-12 large-6\"  >\n\t\t\t\t<div class=\"col-inner\"  >\n\t\t\t\n\t\t\t\n<ul>\n<li>Cam k\u1ebft gi\u00e1 r\u1ebb nh\u1ea5t<\/li>\n<li>\u00a0Ph\u1ee5c v\u1ee5 t\u1ea5t c\u1ea3 kh\u00e1ch h\u00e0ng \u1edf 24 Qu\u1eadn Huy\u1ec7n t\u1ea1i TPHCM(Kh\u00f4ng ng\u1ea1i xa)<\/li>\n<li>\u00a0L\u00e0m vi\u1ec7c 24\/7 kh\u00f4ng ng\u1ea1i ng\u00e0y \u0111\u00eam<\/li>\n<li>\u00a0\u0110\u01b0\u1ee3c B\u1ed9 Y T\u1ebf ch\u1ee9ng nh\u1eadn dung d\u1ecbch gi\u1eb7t r\u00e8m c\u1eeda \u2013 m\u00e0n c\u1eeda an to\u00e0n<\/li>\n<li>\u00a0Nh\u00e2n vi\u00ean \u0111\u01b0\u1ee3c \u0111\u00e0o t\u1ea1o k\u1ef9 l\u01b0\u1ee1ng \u2013 c\u1ea5p ch\u1ee9ng ch\u1ec9<\/li>\n<li>\u00a0D\u1eabn \u0111\u1ea7u v\u1ec1 Uy T\u00edn \u2013 Chuy\u00ean Nghi\u1ec7p \u2013 L\u1ecbch S\u1ef1<\/li>\n<\/ul>\n<p>C\u00e1c b\u1ea1n ho\u00e0n to\u00e0n c\u00f3 th\u1ec3 th\u1ea5y \u0111\u01b0\u1ee3c hi\u1ec7u qu\u1ea3 r\u00f5 n\u00e9t sau khi s\u1eed d\u1ee5ng d\u1ecbch v\u1ee5 m\u00e0n c\u1eeda, r\u00e8m c\u1eeda chuy\u00ean nghi\u1ec7p c\u1ee7a Anh Th\u01b0. Anh Th\u01b0 lu\u00f4n \u0111i \u0111\u1ea7u trong l\u0129nh v\u1ef1c v\u1ec7 sinh gi\u1eb7t n\u1ec7m, gi\u1eb7t gh\u1ebf sofa, gi\u1eb7t r\u00e8m c\u1eeda\u2026 t\u1ea1i TP H\u1ed3 Ch\u00ed Minh v\u00ec v\u1eady ch\u00fang t\u00f4i lu\u00f4n nghi\u00ean c\u1ee9u v\u00e0 \u00e1p d\u1ee5ng c\u00e1c k\u1ef9 thu\u1eadt l\u00e0m s\u1ea1ch ti\u00ean ti\u1ebfn nh\u1ea5t tr\u00ean th\u1ebf gi\u1edbi \u0111\u1ec3 \u0111em \u0111\u1ebfn cho kh\u00e1ch h\u00e0ng ch\u1ea5t l\u01b0\u1ee3ng d\u1ecbch v\u1ee5 t\u1ed1t nh\u1ea5t c\u0169ng nh\u01b0 n\u00e2ng cao s\u1ee9c kh\u1ecfe cho m\u1ecdi ng\u01b0\u1eddi.<\/p>\n\t\t<\/div>\n\t\t\t\t\t<\/div>\n\n\t\n\n\t<div id=\"col-784378595\" class=\"col medium-6 small-12 large-6\"  >\n\t\t\t\t<div class=\"col-inner\"  >\n\t\t\t\n\t\t\t\n<p>V\u1edbi ph\u01b0\u01a1ng ch\u00e2m ph\u00e1t tri\u00ean b\u1ec1n v\u1eefng, kh\u00f4ng ch\u1ec9 quan t\u00e2m \u0111\u1ebfn hi\u1ec7u qu\u1ea3 l\u00e0m s\u1ea1ch c\u1ee7a d\u1ecbch v\u1ee5 gi\u1eb7t gh\u1ebf sofa m\u00e0 ch\u00fang t\u00f4i c\u00f2n ch\u00fa tr\u1ecdng \u0111\u1ebf s\u1ee9c kho\u1ebb ng\u01b0\u1eddi d\u00f9ng v\u00e0 \u0111\u1eb7c bi\u1ec7t m\u00e0 m\u00f4i tr\u01b0\u1eddng. Ch\u00ednh v\u00ec v\u1eady m\u00e0 ch\u00fang t\u00f4i lu\u00f4n ch\u1ecdn l\u1ef1a nh\u1eefng s\u1ea3n ph\u1ea9m ho\u00e1 ch\u1ea5t an to\u00e0n nh\u1ea5t kh\u00f4ng ch\u1ec9 \u0111\u01b0\u1ee3c b\u1ed9 y t\u1ebf Vi\u1ec7t Nam c\u1ea5p ph\u00e9p m\u00e0 c\u00f2n \u0111\u01b0\u1ee3c c\u00e1c trung t\u00e2m ki\u1ec3m \u0111\u1ecbnh ch\u1ea5t l\u01b0\u1ee3ng Qu\u1ed1c T\u1ebf ch\u1ee9ng nh\u1eadn.<\/p>\n\t<div class=\"img has-hover x md-x lg-x y md-y lg-y\" id=\"image_1321240793\">\n\t\t\t\t\t\t\t\t<div class=\"img-inner image-cover dark\" style=\"padding-top:47%;\">\n\t\t\t<img loading=\"lazy\" decoding=\"async\" width=\"1920\" height=\"432\" src=\"https:\/\/mauweb.tamnguyen.vn\/giatthamvanphong\/wp-content\/uploads\/2019\/10\/slider2.jpg\" class=\"attachment-original size-original\" alt=\"\" srcset=\"https:\/\/mauweb.tamnguyen.vn\/giatthamvanphong\/wp-content\/uploads\/2019\/10\/slider2.jpg 1920w, https:\/\/mauweb.tamnguyen.vn\/giatthamvanphong\/wp-content\/uploads\/2019\/10\/slider2-300x68.jpg 300w, https:\/\/mauweb.tamnguyen.vn\/giatthamvanphong\/wp-content\/uploads\/2019\/10\/slider2-768x173.jpg 768w, https:\/\/mauweb.tamnguyen.vn\/giatthamvanphong\/wp-content\/uploads\/2019\/10\/slider2-1024x230.jpg 1024w\" sizes=\"(max-width: 1920px) 100vw, 1920px\" \/>\t\t\t\t\t\t\n\t\t\t\t\t<\/div>\n\t\t\t\t\t\t\t\t\n<style>\n#image_1321240793 {\n  width: 100%;\n}\n<\/style>\n\t<\/div>\n\t\n\t\t<\/div>\n\t\t\t\t\t<\/div>\n\n\t\n<\/div>\n\t\t<\/div>\n\n\t\t\n<style>\n#section_2069055275 {\n  padding-top: 45px;\n  padding-bottom: 45px;\n}\n#section_2069055275 .ux-shape-divider--top svg {\n  height: 150px;\n  --divider-top-width: 100%;\n}\n#section_2069055275 .ux-shape-divider--bottom svg {\n  height: 150px;\n  --divider-width: 100%;\n}\n<\/style>\n\t<\/section>\n\t\n\t<section class=\"section gioi-thieu-section\" id=\"section_683250220\">\n\t\t<div class=\"bg section-bg fill bg-fill  bg-loaded\" >\n\n\t\t\t\n\t\t\t\n\t\t\t\n\n\t\t<\/div>\n\n\t\t\n\n\t\t<div class=\"section-content relative\">\n\t\t\t\n<div class=\"row\"  id=\"row-58996740\">\n\n\t<div id=\"col-343796485\" class=\"col medium-6 small-12 large-6\"  >\n\t\t\t\t<div class=\"col-inner\"  >\n\t\t\t\n\t\t\t\n<div class=\"row row-small\"  id=\"row-1826355904\">\n\n\t<div id=\"col-723650427\" class=\"col medium-4 small-12 large-4\"  >\n\t\t\t\t<div class=\"col-inner\"  >\n\t\t\t\n\t\t\t\n\n\t<a class=\"plain\" href=\"\/lau-kinh\/\"  >\t<div class=\"icon-box featured-box icon-box-center text-center\"  >\n\t\t\t\t\t<div class=\"icon-box-img\" style=\"width: 70px\">\n\t\t\t\t<div class=\"icon\">\n\t\t\t\t\t<div class=\"icon-inner\" >\n\t\t\t\t\t\t<img loading=\"lazy\" decoding=\"async\" width=\"71\" height=\"71\" src=\"https:\/\/mauweb.tamnguyen.vn\/giatthamvanphong\/wp-content\/uploads\/2019\/10\/dich-vu-lau-kinh.jpg\" class=\"attachment-medium size-medium\" alt=\"\" \/>\t\t\t\t\t<\/div>\n\t\t\t\t<\/div>\n\t\t\t<\/div>\n\t\t\t\t<div class=\"icon-box-text last-reset\">\n\t\t\t\t\t\t\t\t\t\n<p style=\"text-align: center;\">D\u1ecbch v\u1ee5 lau k\u00ednh<\/p>\n\t\t<\/div>\n\t<\/div>\n\t<\/a>\n\t\n\t\t<\/div>\n\t\t\t\t\t<\/div>\n\n\t\n\n\t<div id=\"col-743664705\" class=\"col medium-4 small-12 large-4\"  >\n\t\t\t\t<div class=\"col-inner\"  >\n\t\t\t\n\t\t\t\n\n\t<a class=\"plain\" href=\"\/giat-dem\/\"  >\t<div class=\"icon-box featured-box icon-box-center text-center\"  >\n\t\t\t\t\t<div class=\"icon-box-img\" style=\"width: 70px\">\n\t\t\t\t<div class=\"icon\">\n\t\t\t\t\t<div class=\"icon-inner\" >\n\t\t\t\t\t\t<img loading=\"lazy\" decoding=\"async\" width=\"71\" height=\"71\" src=\"https:\/\/mauweb.tamnguyen.vn\/giatthamvanphong\/wp-content\/uploads\/2019\/10\/Dich-vu-ve-sinh-sau-xay-d\u1ee5ng.jpg\" class=\"attachment-medium size-medium\" alt=\"\" \/>\t\t\t\t\t<\/div>\n\t\t\t\t<\/div>\n\t\t\t<\/div>\n\t\t\t\t<div class=\"icon-box-text last-reset\">\n\t\t\t\t\t\t\t\t\t\n<p style=\"text-align: center;\">Gi\u1eb7t \u0111\u1ec7m v\u0103n ph\u00f2ng<\/p>\n\t\t<\/div>\n\t<\/div>\n\t<\/a>\n\t\n\t\t<\/div>\n\t\t\t\t\t<\/div>\n\n\t\n\n\t<div id=\"col-1888667839\" class=\"col medium-4 small-12 large-4\"  >\n\t\t\t\t<div class=\"col-inner\"  >\n\t\t\t\n\t\t\t\n\n\t<a class=\"plain\" href=\"\/giat-rem\/\"  >\t<div class=\"icon-box featured-box icon-box-center text-center\"  >\n\t\t\t\t\t<div class=\"icon-box-img\" style=\"width: 70px\">\n\t\t\t\t<div class=\"icon\">\n\t\t\t\t\t<div class=\"icon-inner\" >\n\t\t\t\t\t\t<img loading=\"lazy\" decoding=\"async\" width=\"71\" height=\"71\" src=\"https:\/\/mauweb.tamnguyen.vn\/giatthamvanphong\/wp-content\/uploads\/2019\/10\/dich-vu-giat-rem.jpg\" class=\"attachment-medium size-medium\" alt=\"\" \/>\t\t\t\t\t<\/div>\n\t\t\t\t<\/div>\n\t\t\t<\/div>\n\t\t\t\t<div class=\"icon-box-text last-reset\">\n\t\t\t\t\t\t\t\t\t\n<p style=\"text-align: center;\">D\u1ecbch v\u1ee5 gi\u1eb7t r\u00e8m<\/p>\n\t\t<\/div>\n\t<\/div>\n\t<\/a>\n\t\n\t\t<\/div>\n\t\t\t\t\t<\/div>\n\n\t\n\n\t<div id=\"col-1057407952\" class=\"col medium-4 small-12 large-4\"  >\n\t\t\t\t<div class=\"col-inner\"  >\n\t\t\t\n\t\t\t\n\n\t<a class=\"plain\" href=\"\/giat-sofa-tai-nha\/\"  >\t<div class=\"icon-box featured-box icon-box-center text-center\"  >\n\t\t\t\t\t<div class=\"icon-box-img\" style=\"width: 70px\">\n\t\t\t\t<div class=\"icon\">\n\t\t\t\t\t<div class=\"icon-inner\" >\n\t\t\t\t\t\t<img loading=\"lazy\" decoding=\"async\" width=\"71\" height=\"71\" src=\"https:\/\/mauweb.tamnguyen.vn\/giatthamvanphong\/wp-content\/uploads\/2019\/10\/dich-vu-giat-tham.jpg\" class=\"attachment-medium size-medium\" alt=\"\" \/>\t\t\t\t\t<\/div>\n\t\t\t\t<\/div>\n\t\t\t<\/div>\n\t\t\t\t<div class=\"icon-box-text last-reset\">\n\t\t\t\t\t\t\t\t\t\n<p style=\"text-align: center;\">Gi\u1eb7t sofa t\u1ea1i nh\u00e0<\/p>\n\t\t<\/div>\n\t<\/div>\n\t<\/a>\n\t\n\t\t<\/div>\n\t\t\t\t\t<\/div>\n\n\t\n\n\t<div id=\"col-663522311\" class=\"col medium-4 small-12 large-4\"  >\n\t\t\t\t<div class=\"col-inner\"  >\n\t\t\t\n\t\t\t\n\n\t<a class=\"plain\" href=\"\/giat-tham\/\"  >\t<div class=\"icon-box featured-box icon-box-center text-center\"  >\n\t\t\t\t\t<div class=\"icon-box-img\" style=\"width: 70px\">\n\t\t\t\t<div class=\"icon\">\n\t\t\t\t\t<div class=\"icon-inner\" >\n\t\t\t\t\t\t<img loading=\"lazy\" decoding=\"async\" width=\"71\" height=\"71\" src=\"https:\/\/mauweb.tamnguyen.vn\/giatthamvanphong\/wp-content\/uploads\/2019\/10\/dich-vu-giat-dem.jpg\" class=\"attachment-medium size-medium\" alt=\"\" \/>\t\t\t\t\t<\/div>\n\t\t\t\t<\/div>\n\t\t\t<\/div>\n\t\t\t\t<div class=\"icon-box-text last-reset\">\n\t\t\t\t\t\t\t\t\t\n<p style=\"text-align: center;\">Gi\u1eb7t th\u1ea3m<\/p>\n\t\t<\/div>\n\t<\/div>\n\t<\/a>\n\t\n\t\t<\/div>\n\t\t\t\t\t<\/div>\n\n\t\n\n\t<div id=\"col-335589475\" class=\"col medium-4 small-12 large-4\"  >\n\t\t\t\t<div class=\"col-inner\"  >\n\t\t\t\n\t\t\t\n\n\t<a class=\"plain\" href=\"\/ve-sinh-sau-xay-dung\/\"  >\t<div class=\"icon-box featured-box icon-box-center text-center\"  >\n\t\t\t\t\t<div class=\"icon-box-img\" style=\"width: 70px\">\n\t\t\t\t<div class=\"icon\">\n\t\t\t\t\t<div class=\"icon-inner\" >\n\t\t\t\t\t\t<img loading=\"lazy\" decoding=\"async\" width=\"71\" height=\"71\" src=\"https:\/\/mauweb.tamnguyen.vn\/giatthamvanphong\/wp-content\/uploads\/2019\/10\/dich-vu-giat-sofa.jpg\" class=\"attachment-medium size-medium\" alt=\"\" \/>\t\t\t\t\t<\/div>\n\t\t\t\t<\/div>\n\t\t\t<\/div>\n\t\t\t\t<div class=\"icon-box-text last-reset\">\n\t\t\t\t\t\t\t\t\t\n<p style=\"text-align: center;\">V\u1ec7 sinh sau x\u00e2y d\u1ef1ng<\/p>\n\t\t<\/div>\n\t<\/div>\n\t<\/a>\n\t\n\t\t<\/div>\n\t\t\t\t\t<\/div>\n\n\t\n<\/div>\n\t\t<\/div>\n\t\t\t\t\t<\/div>\n\n\t\n\n\t<div id=\"col-278197271\" class=\"col medium-6 small-12 large-6\"  >\n\t\t\t\t<div class=\"col-inner\"  >\n\t\t\t\n\t\t\t\n<h2>V\u1ec1 ch\u00fang t\u00f4i<\/h2>\n<p>L\u00e0 \u0111\u01a1n v\u1ecb c\u00f3 th\u00e2m ni\u00ean trong ng\u00e0nh v\u1ec7 sinh v\u0103n ph\u00f2ng v\u00e0 nh\u00e0 \u1edf, ch\u00fang t\u00f4i t\u00edch l\u0169y \u0111\u01b0\u1ee3c nhi\u1ec1u kinh nghi\u1ec7m khi thi c\u00f4ng d\u1ecbch v\u1ee5. V\u1edbi nh\u01b0ng kinh nghi\u1ec7m \u0111\u00f3 gi\u00fap ch\u00fang t\u00f4i r\u00fat ng\u1eafn \u0111\u01b0\u1ee3c th\u1eddi gian th\u1ef1c hi\u1ec7n v\u00e0 v\u00ec v\u1eady gi\u00e1 th\u00e0nh lu\u00f4n \u0111\u01b0\u1ee3c \u0111\u1ea3m b\u1ea3o t\u1ed1t nh\u1ea5t.<\/p>\n<p>Ch\u00fang t\u00f4i t\u1ef1 tin s\u1ebd l\u00e0 l\u1ef1a ch\u1ecdn t\u1ed1t nh\u1ea5t c\u1ee7a qu\u00fd kh\u00e1ch h\u00e0ng v\u00e0 ho\u1ea1t \u0111\u1ed9ng v\u1edbi ph\u01b0\u01a1ng ch\u00e2m lu\u00f4n \u0111\u1ec1 cao ch\u1ea5t l\u01b0\u1ee3ng d\u1ecbch v\u1ee5 t\u1ed1t nh\u1ea5t, gi\u00e1 th\u00e0nh h\u1ee3p l\u00fd, \u0111\u00e1p \u1ee9ng \u0111\u01b0\u1ee3c y\u00eau c\u1ea7u cao t\u1eeb qu\u00fd kh\u00e1ch h\u00e0ng.<\/p>\n<a href=\"\/gioi-thieu\/\" target=\"_self\" class=\"button primary lowercase\"  style=\"border-radius:99px;\">\n    <span>Xem chi ti\u1ebft<\/span>\n  <i class=\"icon-angle-right\" aria-hidden=\"true\" ><\/i><\/a>\n\n\t\t<\/div>\n\t\t\t\t\t<\/div>\n\n\t\n<\/div>\n\t\t<\/div>\n\n\t\t\n<style>\n#section_683250220 {\n  padding-top: 60px;\n  padding-bottom: 60px;\n  background-color: rgb(247, 247, 247);\n}\n#section_683250220 .ux-shape-divider--top svg {\n  height: 150px;\n  --divider-top-width: 100%;\n}\n#section_683250220 .ux-shape-divider--bottom svg {\n  height: 150px;\n  --divider-width: 100%;\n}\n<\/style>\n\t<\/section>\n\t\n","protected":false},"excerpt":{"rendered":"","protected":false},"author":1,"featured_media":0,"parent":0,"menu_order":0,"comment_status":"closed","ping_status":"closed","template":"page-blank.php","meta":{"footnotes":""},"yst_prominent_words":[],"class_list":["post-377","page","type-page","status-publish","hentry"],"_links":{"self":[{"href":"https:\/\/mauweb.tamnguyen.vn\/giatthamvanphong\/wp-json\/wp\/v2\/pages\/377"}],"collection":[{"href":"https:\/\/mauweb.tamnguyen.vn\/giatthamvanphong\/wp-json\/wp\/v2\/pages"}],"about":[{"href":"https:\/\/mauweb.tamnguyen.vn\/giatthamvanphong\/wp-json\/wp\/v2\/types\/page"}],"author":[{"embeddable":true,"href":"https:\/\/mauweb.tamnguyen.vn\/giatthamvanphong\/wp-json\/wp\/v2\/users\/1"}],"replies":[{"embeddable":true,"href":"https:\/\/mauweb.tamnguyen.vn\/giatthamvanphong\/wp-json\/wp\/v2\/comments?post=377"}],"version-history":[{"count":0,"href":"https:\/\/mauweb.tamnguyen.vn\/giatthamvanphong\/wp-json\/wp\/v2\/pages\/377\/revisions"}],"wp:attachment":[{"href":"https:\/\/mauweb.tamnguyen.vn\/giatthamvanphong\/wp-json\/wp\/v2\/media?parent=377"}],"wp:term":[{"taxonomy":"yst_prominent_words","embeddable":true,"href":"https:\/\/mauweb.tamnguyen.vn\/giatthamvanphong\/wp-json\/wp\/v2\/yst_prominent_words?post=377"}],"curies":[{"name":"wp","href":"https:\/\/api.w.org\/{rel}","templated":true}]}}