{"id":375,"date":"2019-10-23T09:17:20","date_gmt":"2019-10-23T02:17:20","guid":{"rendered":"http:\/\/giatthamvanphong.ninhbinhweb.biz\/?page_id=375"},"modified":"2019-10-23T20:47:40","modified_gmt":"2019-10-23T13:47:40","slug":"giat-dem","status":"publish","type":"page","link":"https:\/\/mauweb.tamnguyen.vn\/giatthamvanphong\/giat-dem\/","title":{"rendered":"Gi\u1eb7t \u0111\u1ec7m"},"content":{"rendered":"\t<div class=\"img has-hover x md-x lg-x y md-y lg-y\" id=\"image_2143865476\">\n\t\t\t\t\t\t\t\t<div class=\"img-inner dark\" >\n\t\t\t<img loading=\"lazy\" decoding=\"async\" width=\"1920\" height=\"432\" src=\"https:\/\/mauweb.tamnguyen.vn\/giatthamvanphong\/wp-content\/uploads\/2019\/10\/slider-3.jpg\" class=\"attachment-original size-original\" alt=\"\" srcset=\"https:\/\/mauweb.tamnguyen.vn\/giatthamvanphong\/wp-content\/uploads\/2019\/10\/slider-3.jpg 1920w, https:\/\/mauweb.tamnguyen.vn\/giatthamvanphong\/wp-content\/uploads\/2019\/10\/slider-3-300x68.jpg 300w, https:\/\/mauweb.tamnguyen.vn\/giatthamvanphong\/wp-content\/uploads\/2019\/10\/slider-3-768x173.jpg 768w, https:\/\/mauweb.tamnguyen.vn\/giatthamvanphong\/wp-content\/uploads\/2019\/10\/slider-3-1024x230.jpg 1024w\" sizes=\"(max-width: 1920px) 100vw, 1920px\" \/>\t\t\t\t\t\t\n\t\t\t\t\t<\/div>\n\t\t\t\t\t\t\t\t\n<style>\n#image_2143865476 {\n  width: 100%;\n}\n<\/style>\n\t<\/div>\n\t\n\t<section class=\"section quy-trinh-giat-nem\" id=\"section_115759361\">\n\t\t<div class=\"bg section-bg fill bg-fill  bg-loaded\" >\n\n\t\t\t\n\t\t\t\n\t\t\t\n\n\t\t<\/div>\n\n\t\t\n\n\t\t<div class=\"section-content relative\">\n\t\t\t\n<div class=\"row\"  id=\"row-700782893\">\n\n\t<div id=\"col-221715167\" class=\"col small-12 large-12\"  >\n\t\t\t\t<div class=\"col-inner\"  >\n\t\t\t\n\t\t\t\n<div class=\"container section-title-container\" ><h2 class=\"section-title section-title-center\"><b><\/b><span class=\"section-title-main\" >D\u1ecbch v\u1ee5 gi\u1eb7t n\u1ec7m chuy\u00ean nghi\u1ec7p t\u1ea1i nh\u00e0 v\u00e0 v\u0103n ph\u00f2ng c\u00f4ng ty<\/span><b><\/b><\/h2><\/div>\n\t\t<\/div>\n\t\t\t\t\t<\/div>\n\n\t\n\n\t<div id=\"col-421243818\" class=\"col medium-6 small-12 large-6\"  >\n\t\t\t\t<div class=\"col-inner\"  >\n\t\t\t\n\t\t\t\n<p>Gi\u1eb7t n\u1ec7m th\u01b0\u1eddng xuy\u00ean l\u00e0 c\u00e1ch duy nh\u1ea5t \u0111\u1ec3 lo\u1ea1i b\u1ecf ho\u00e0n to\u00e0n b\u1ee5i \u0111\u1ea5t, v\u1ebft b\u1ea9n v\u00e0 cao su ch\u1ebft tr\u00ean n\u1ec7m c\u0169ng nh\u01b0 ng\u0103n ch\u1eb7n s\u1ef1 ph\u00e1t tri\u1ec3n c\u1ee7a vi sinh v\u1eadt, n\u1ea5m m\u1ed1c v\u00e0 vi khu\u1ea9n b\u00ean trong n\u1ec7m nh\u1eb1m \u0111em \u0111\u1ebfn cho gia \u0111\u00ecnh b\u1ea1n gi\u1ea5c ng\u1ee7 ngon nh\u1ea5t.<\/p>\n<p>N\u1ebfu b\u1ea1n v\u00e0 c\u00e1c th\u00e0nh vi\u00ean trong gia \u0111\u00ecnh \u0111ang c\u00f3 nh\u1eefng tri\u1ec7u ch\u1ee9ng nh\u01b0 hen suy\u1ec5n, Eczema, v\u1ea3y n\u1ebfn, s\u1ed1t, vi\u00eam m\u0169i, vi\u00eam xoang, d\u1ecb \u1ee9ng, ng\u1ee9a m\u1eaft, ng\u1ee9a to\u00e0n th\u00e2n, kh\u00f3 ng\u1ee7, tr\u1ea7m c\u1ea3m..Nh\u1eefng tri\u1ec7u ch\u1ee9ng n\u00e0y ch\u1ee9ng t\u1ecf \u0111\u00e3 \u0111\u1ebfn l\u00fac c\u1ea7n gi\u1eb7t n\u1ec7m ngay l\u1eadp t\u1ee9c.<\/p>\n<p>Nhi\u1ec1u gia \u0111\u00ecnh s\u1eed d\u1ee5ng n\u1ec7m l\u00e2u n\u0103m v\u1eabn ch\u01b0a m\u1ed9t l\u1ea7n gi\u1eb7t n\u1ec7m, tr\u00ean b\u1ec1 m\u1eb7t n\u1ec7m t\u00edch t\u1ee5 nhi\u1ec1u b\u1ee5i b\u1ea9n, m\u1ed3 h\u00f4i v\u00e0 n\u01b0\u1edbc ti\u1ec3u tr\u1ebb nh\u1ecf g\u00e2y \u1ea9m m\u1ed1c t\u1ea1o \u0111i\u1ec1u ki\u1ec7n thu\u1eadn l\u1ee3i cho vi khu\u1ea9n v\u00e0 k\u00ed sinh tr\u00f9ng ph\u00e1t tri\u1ec3n g\u00e2y m\u1eabn ng\u1ee9a trong khi n\u1eb1m ng\u1ee7, g\u00e2y c\u1ea3m gi\u00e1c kh\u00f3 ch\u1ecbu khi s\u1eed d\u1ee5ng n\u1ec7m h\u00e0ng ng\u00e0y.<\/p>\n<p>V\u1edbi kinh nghi\u1ec7m nhi\u1ec1u n\u0103m trong ng\u00e0nh Gi\u1eb7t N\u1ec7m, c\u00f4ng ty v\u1ec7 sinh Anh Th\u01b0 l\u00e0 s\u1ef1 l\u1ef1a ch\u1ecdn \u0111\u00e1ng tin c\u1eady cho b\u1ea1n.<\/p>\n\t\t<\/div>\n\t\t\t\t\t<\/div>\n\n\t\n\n\t<div id=\"col-1722541153\" class=\"col medium-6 small-12 large-6\"  >\n\t\t\t\t<div class=\"col-inner\"  >\n\t\t\t\n\t\t\t\n\t<div class=\"img has-hover x md-x lg-x y md-y lg-y\" id=\"image_1586075983\">\n\t\t\t\t\t\t\t\t<div class=\"img-inner image-cover dark\" style=\"padding-top:71%;\">\n\t\t\t<img loading=\"lazy\" decoding=\"async\" width=\"600\" height=\"391\" src=\"https:\/\/mauweb.tamnguyen.vn\/giatthamvanphong\/wp-content\/uploads\/2019\/10\/giat-nem-tai-nha1-1.jpg\" class=\"attachment-original size-original\" alt=\"\" srcset=\"https:\/\/mauweb.tamnguyen.vn\/giatthamvanphong\/wp-content\/uploads\/2019\/10\/giat-nem-tai-nha1-1.jpg 600w, https:\/\/mauweb.tamnguyen.vn\/giatthamvanphong\/wp-content\/uploads\/2019\/10\/giat-nem-tai-nha1-1-300x196.jpg 300w\" sizes=\"(max-width: 600px) 100vw, 600px\" \/>\t\t\t\t\t\t\n\t\t\t\t\t<\/div>\n\t\t\t\t\t\t\t\t\n<style>\n#image_1586075983 {\n  width: 100%;\n}\n<\/style>\n\t<\/div>\n\t\n\t\t<\/div>\n\t\t\t\t\t<\/div>\n\n\t\n<\/div>\n\t\t<\/div>\n\n\t\t\n<style>\n#section_115759361 {\n  padding-top: 46px;\n  padding-bottom: 46px;\n}\n#section_115759361 .ux-shape-divider--top svg {\n  height: 150px;\n  --divider-top-width: 100%;\n}\n#section_115759361 .ux-shape-divider--bottom svg {\n  height: 150px;\n  --divider-width: 100%;\n}\n<\/style>\n\t<\/section>\n\t\n\t<section class=\"section quy-trinh-giat-nem dark\" id=\"section_134002649\">\n\t\t<div class=\"bg section-bg fill bg-fill  \" >\n\n\t\t\t\n\t\t\t<div class=\"section-bg-overlay absolute fill\"><\/div>\n\t\t\t\n\n\t\t<\/div>\n\n\t\t\n\n\t\t<div class=\"section-content relative\">\n\t\t\t\n<div class=\"row\"  id=\"row-1783320858\">\n\n\t<div id=\"col-52341525\" class=\"col small-12 large-12\"  >\n\t\t\t\t<div class=\"col-inner\"  >\n\t\t\t\n\t\t\t\n<div class=\"container section-title-container\" ><h2 class=\"section-title section-title-center\"><b><\/b><span class=\"section-title-main\" style=\"color:rgb(255, 255, 255);\">Quy tr\u00ecnh k\u00e9p gi\u1eb7t n\u1ec7m theo ti\u00eau chu\u1ea9n h\u00e0ng \u0111\u1ea7u Ch\u00e2u \u00e2u<\/span><b><\/b><\/h2><\/div>\n\t<div id=\"gap-1844516529\" class=\"gap-element clearfix\" style=\"display:block; height:auto;\">\n\t\t\n<style>\n#gap-1844516529 {\n  padding-top: 30px;\n}\n<\/style>\n\t<\/div>\n\t\n\t\t<\/div>\n\t\t\t\t\t<\/div>\n\n\t\n\n\t<div id=\"col-479056537\" class=\"col medium-6 small-12 large-6\"  >\n\t\t\t\t<div class=\"col-inner\"  >\n\t\t\t\n\t\t\t\n<p>V\u1ec7 Sinh Thanh Xu\u00e2n cung c\u1ea5p d\u1ecbch v\u1ee5 gi\u1eb7t n\u1ec7m t\u1ea1i nh\u00e0 chuy\u00ean nghi\u1ec7p, gi\u00e1 r\u1ebb t\u1ea1i H\u00e0 N\u1ed9i v\u1edbi quy tr\u00ecnh l\u00e0m vi\u1ec7c sau \u0111\u00e2y:<\/p>\n<ul>\n<li class=\"bullet-star\">\u00a0B\u01b0\u1edbc 1: Ki\u1ec3m tra t\u00ecnh tr\u1ea1ng v\u1ebft b\u1ea9n, d\u1ecdn d\u1eb9p b\u1ec1 m\u1eb7t n\u1ec7m..<\/li>\n<li class=\"bullet-star\">\u00a0B\u01b0\u1edbc 2: S\u1eed d\u1ee5ng m\u00e1y h\u00fat chuy\u00ean d\u1ee5ng h\u00fat s\u1ea1ch c\u00e1c b\u1ee5i b\u1ea9n, cao su ch\u1ebft (nguy\u00ean nh\u00e2n g\u00e2y b\u1ec7nhv\u1ec1 \u0111\u01b0\u1eddng h\u00f4 h\u1ea5p) ra kh\u1ecfi c\u00e1c l\u1ed7 v\u00e0 tr\u00ean b\u1ec1 m\u1eb7t n\u1ec7m.<\/li>\n<li class=\"bullet-star\">\u00a0B\u01b0\u1edbc 3: \u00c1p d\u1ee5ng c\u00f4ng ngh\u1ec7 gi\u1eb7t phun h\u01a1i n\u01b0\u1edbc n\u00f3ng Italy kh\u1eed tr\u00f9ng, kh\u1eed m\u00f9i v\u00e0 ti\u00eau di\u1ec7t n\u1ea5mkhu\u1ea9n c\u00f9ng c\u00e1c sinh v\u1eadt k\u00fd sinh h\u00fat m\u00e1u nh\u01b0 m\u1ea1t b\u1ee5i, ve, r\u1ec7p \u1ea9n n\u00e1u trong n\u1ec7m.<\/li>\n<li class=\"bullet-star\">\u00a0B\u01b0\u1edbc 4: Pha v\u00e0 phun dung d\u1ecbch\u00a0gi\u1eb7t n\u1ec7m\u00a0chuy\u00ean d\u1ee5ng (Amway Home) tr\u1ea3i \u0111\u1ec1u l\u00ean b\u1ec1 m\u1eb7t n\u1ec7m..<\/li>\n<li class=\"bullet-star\">\u00a0B\u01b0\u1edbc 5: \u0110\u00e1nh tan v\u1ebft b\u1ea9n, b\u1ee5i b\u1ea9n v\u00e0 n\u1ea5m khu\u1ea9n b\u1eb1ng m\u00e1y ch\u00e0 tay chuy\u00ean d\u1ee5ng.<\/li>\n<\/ul>\n\t\t<\/div>\n\t\t\t\t\t<\/div>\n\n\t\n\n\t<div id=\"col-1805077250\" class=\"col medium-6 small-12 large-6\"  >\n\t\t\t\t<div class=\"col-inner\"  >\n\t\t\t\n\t\t\t\n<ul>\n<li class=\"bullet-star\">B\u01b0\u1edbc 6: Phun dung d\u1ecbch kh\u1eed tr\u00f9ng v\u00e0 ti\u00eau di\u1ec7t t\u1eadn g\u1ed1c 100% n\u1ea5m khu\u1ea9n c\u00f9ng c\u00e1c sinh v\u1eadt k\u00fdsinh nguy hi\u1ec3m b\u1eb1ng c\u00f4ng ngh\u1ec7 h\u01a1i n\u01b0\u1edbc n\u00f3ng th\u00eam nhi\u1ec1u l\u1ea7n n\u1eefa.<\/li>\n<li class=\"bullet-star\">\u00a0B\u01b0\u1edbc 7: S\u1eed d\u1ee5ng m\u00e1y c\u00f4ng nghi\u1ec7p Hi Clean 2400W h\u00fat t\u00e1ch th\u1eadt k\u0129 ch\u1ea5t d\u01a1, dung d\u1ecbch ch\u1ee9a \u0111\u1ea7y b\u1ee5i b\u1ea9n,n\u1ea5m b\u1ec7nh v\u00e0 vi khu\u1ea9n ra kh\u1ecfi n\u1ec7m.<\/li>\n<li class=\"bullet-star\">\u00a0B\u01b0\u1edbc 8: Phun thu\u1ed1c kh\u1eed tr\u00f9ng d\u1ea1ng kh\u00f3i to\u00e0n b\u1ed9 m\u1eb7t d\u01b0\u1edbi n\u1ec7m (l\u1ed7 tho\u00e1t kh\u00ed) \u0111\u1ea3m b\u1ea3o men n\u1ea5m, vi khu\u1ea9n v\u00e0 c\u00f4n tr\u00f9ng k\u00ed sinh b\u1ecb di\u1ec7t tr\u1eeb ho\u00e0n to\u00e0n.<\/li>\n<li class=\"bullet-star\">\u00a0B\u01b0\u1edbc 9: Phun kh\u1eed tr\u00f9ng kh\u1eafp m\u1ecdi ng\u00f3c ng\u00e1ch v\u00e0 b\u1ec1 m\u1eb7t gi\u01b0\u1eddng nh\u1eb1m xua \u0111u\u1ed5i v\u00e0 ph\u00e1 h\u1ee7y m\u00f4itr\u01b0\u1eddng sinh s\u1ed1ng v\u00e0 \u1ea9n n\u1ea5p c\u1ee7a vi khu\u1ea9n, n\u1ea5m b\u1ec7nh v\u00e0 c\u00f4n tr\u00f9ng k\u00ed sinh.<\/li>\n<li class=\"bullet-star\">\u00a0B\u01b0\u1edbc 10: Phun dung d\u1ecbch d\u01b0\u1ee1ng n\u1ec7m \u0111\u1ec3 b\u1ea3o v\u1ec7 v\u00e0 ng\u0103n ng\u1eeba n\u1ea5m khu\u1ea9n, k\u00fd sinh quay l\u1ea1i (Dung d\u1ecbch \u0111\u01b0\u1ee3c nh\u1eadp kh\u1ea9u t\u1eeb M\u1ef9, \u0111\u01b0\u1ee3c B\u1ed9 Y T\u1ebf c\u1ea5p ph\u00e9p an to\u00e0n v\u1edbi s\u1ee9c kh\u1ecfe).<\/li>\n<\/ul>\n\t\t<\/div>\n\t\t\t\t\t<\/div>\n\n\t\n<\/div>\n\t\t<\/div>\n\n\t\t\n<style>\n#section_134002649 {\n  padding-top: 45px;\n  padding-bottom: 45px;\n}\n#section_134002649 .section-bg-overlay {\n  background-color: rgba(39, 164, 73, 0.94);\n}\n#section_134002649 .section-bg.bg-loaded {\n  background-image: url(https:\/\/mauweb.tamnguyen.vn\/giatthamvanphong\/wp-content\/uploads\/2019\/10\/4-1.jpg);\n}\n#section_134002649 .ux-shape-divider--top svg {\n  height: 150px;\n  --divider-top-width: 100%;\n}\n#section_134002649 .ux-shape-divider--bottom svg {\n  height: 150px;\n  --divider-width: 100%;\n}\n<\/style>\n\t<\/section>\n\t\n\t<section class=\"section quy-trinh-giat-nem\" id=\"section_502847309\">\n\t\t<div class=\"bg section-bg fill bg-fill  bg-loaded\" >\n\n\t\t\t\n\t\t\t\n\t\t\t\n\n\t\t<\/div>\n\n\t\t\n\n\t\t<div class=\"section-content relative\">\n\t\t\t\n<div class=\"row\"  id=\"row-1075248866\">\n\n\t<div id=\"col-1238974604\" class=\"col small-12 large-12\"  >\n\t\t\t\t<div class=\"col-inner\"  >\n\t\t\t\n\t\t\t\n<div class=\"container section-title-container\" ><h2 class=\"section-title section-title-center\"><b><\/b><span class=\"section-title-main\" >L\u00fd do n\u00ean ch\u1ecdn ch\u00fang t\u00f4i gi\u1eb7t n\u1ec7m cho b\u1ea1n?<\/span><b><\/b><\/h2><\/div>\n<p style=\"text-align: center;\">V\u1edbi \u0111\u1ed9i ng\u0169 nh\u00e2n vi\u00ean chuy\u00ean nghi\u1ec7p, \u0111\u1ea1o \u0111\u1ee9c v\u00e0 c\u00f3 chuy\u00ean m\u00f4n cao trong<br \/>\nl\u0129nh v\u1ef1c v\u1ec7 sinh nh\u00e0 n\u00f3i chung v\u00e0 v\u1ec7 sinh n\u1ec7m n\u00f3i ri\u00eang ch\u00fang t\u00f4i t\u01b0 tin cam k\u1ebft v\u1edbi kh\u00e1ch h\u00e0ng:<\/p>\n\t\t<\/div>\n\t\t\t\t\t<\/div>\n\n\t\n\n\t<div id=\"col-36916880\" class=\"col medium-6 small-12 large-6\"  >\n\t\t\t\t<div class=\"col-inner\"  >\n\t\t\t\n\t\t\t\n<ul>\n<li>\u00a0Ch\u00fang t\u00f4i l\u00e0 1 trong 5 c\u00f4ng ty cung c\u1ea5p d\u1ecbch v\u1ee5 t\u1ed1t nh\u1ea5t t\u1ea1i H\u00e0 N\u1ed9i d\u1ef1a tr\u00ean s\u1ef1 \u0111\u00e1nh gi\u00e1 c\u1ee7a c\u1ed9ng \u0111\u1ed3ng.<\/li>\n<li>\u00a0Lo\u1ea1i s\u1ea1ch ho\u00e0n to\u00e0n v\u1ebft b\u1ea9n v\u00e0 m\u00f9i h\u00f4i: N\u1ec7m l\u00e0 n\u01a1i t\u00edch t\u1ee5 r\u1ea5t nhi\u1ec1u b\u1ee5i b\u1ea9n: l\u00f4ng t\u00f3c, m\u1ed3 h\u00f4i, t\u1ebf b\u00e0o da ch\u1ebft, n\u01b0\u1edbc ti\u1ec3u em b\u00e9,.. n\u1ebfu kh\u00f4ng \u0111\u01b0\u1ee3c gi\u1eb7t s\u1ea1ch s\u1ebd t\u1ea1o m\u00f4i tr\u01b0\u1eddng thu\u1eadn lo\u1ea1i \u0111\u1ec3 vi khu\u1ea9n n\u1ea5m m\u1ed1c ph\u00e1t tri\u1ec3n g\u00e2y m\u00f9i h\u00f4i \u1ea3nh h\u01b0\u1edfng nghi\u00eam tr\u1ecdng \u0111\u1ebfn s\u1ee9c kh\u1ecfe c\u1ee7a gia \u0111\u00ecnh b\u1ea1n. V\u1edbi quy tr\u00ecnh gi\u1eb7t n\u1ec7m theo ti\u00eau chu\u1ea9n c\u1ee7a H\u1ea3o T\u00e2m s\u1ebd lo\u1ea1i b\u1ecf ho\u00e0n to\u00e0n b\u1ee5i b\u1ea9n n\u1eb1m s\u00e2u trong n\u1ec7m, ph\u00e1 v\u1ee1 m\u00f4i tr\u01b0\u1eddng sinh s\u00f4i ph\u00e1t tri\u1ec3n c\u1ee7a vi khu\u1ea9n n\u1ea5m m\u1ed1c \u0111em \u0111\u1ebfn v\u1ebb \u0111\u1eb9p th\u1eabm m\u1ef9 c\u0169ng nh\u01b0 lo\u1ea1i b\u1ecf c\u00e1c t\u00e1c nh\u00e2n d\u1ecb \u1ee9ng v\u00e0 m\u00f9i h\u00f4i.<\/li>\n<li>\u00a0\u00c1p d\u1ee5ng c\u00f4ng ngh\u1ec7 phun h\u01a1i n\u01b0\u1edbc n\u00f3ng Italy: Kh\u1eed tr\u00f9ng, kh\u1eed m\u00f9i v\u00e0 ti\u00eau di\u1ec7t t\u1eadn g\u1ed1c 100% c\u00e1c sinh v\u1eadt k\u00fd sinh h\u00fat m\u00e1u nh\u01b0 m\u1ea1t b\u1ee5i, ve, r\u1ec7p \u1ea9n n\u00e1u trong n\u1ec7m Kymdan b\u1eb1ng c\u00f4ng ngh\u1ec7 phun h\u01a1i n\u01b0\u1edbc n\u00f3ng hi\u1ec7n \u0111\u1ea1i<\/li>\n<\/ul>\n\t\t<\/div>\n\t\t\t\t\t<\/div>\n\n\t\n\n\t<div id=\"col-1454373491\" class=\"col medium-6 small-12 large-6\"  >\n\t\t\t\t<div class=\"col-inner\"  >\n\t\t\t\n\t\t\t\n<ul>\n<li>Di\u1ec7t s\u1ea1ch vi khu\u1ea9n n\u1ea5m m\u1ed1c b\u1eb1ng dung d\u1ecbch Amway Home: N\u1ec7m l\u00e0 m\u00f4i tr\u01b0\u1eddng thu\u1eadn l\u1ee3i \u0111\u1ec3 vi khu\u1ea9n n\u1ea5m m\u1ed1c ph\u00e1t tri\u1ec3n, \u0111\u1eb7t bi\u1ec7t l\u00e0 c\u00e1c vi sinh v\u1eadt nh\u01b0 b\u1ecd ve, m\u1ea1t b\u1ee5i, r\u1ec7p.. c\u00e1c sinh v\u1eadt n\u00e0y s\u1ebd h\u00fat m\u00e1u ho\u1eb7c k\u00fd sinh s\u00e0o c\u01a1 th\u1ec3 ng\u01b0\u1eddi g\u00e2y n\u00ean ng\u1ee9a ng\u00e1y l\u1edf lo\u00e9t \u1ea3nh h\u01b0\u1edfng r\u1ea5t nhi\u1ec1u \u0111\u1ebfn gi\u1ea5c ng\u1ee7 c\u1ee7a nh\u1eefng ng\u01b0\u1eddi th\u00e2n y\u00eau. S\u1eed d\u1ee5ng dung d\u1ecbch gi\u1eb7t n\u1ec7m Amway Home \u0111\u01b0\u1ee3c chi\u1ebft xu\u1ea5t t\u1eeb thi\u00ean nhi\u00ean an to\u00e0n tuy\u1ec7t \u0111\u1ed1i v\u1edbi s\u1ee9c kh\u1ecfe v\u00e0 l\u00e0n da (\u0111\u1eb7c bi\u1ec7t l\u00e0 ng\u01b0\u1eddi gi\u00e0 v\u00e0 tr\u1ebb nh\u1ecf), c\u00f3 t\u00ednh n\u0103ng k\u00e9p kh\u1eed tr\u00f9ng v\u00e0 di\u1ec7t khu\u1ea9n s\u1ebd ti\u00eau di\u1ec7t v\u00e0 ph\u00e1 h\u1ee7y ho\u00e0n to\u00e0n m\u00f4i tr\u01b0\u1eddng s\u1ed1ng c\u1ee7a ch\u00fang.<\/li>\n<li>\u00a0Th\u1eddi gian l\u00e0m kh\u00f4 nhanh ch\u00f3ng: Ch\u1ec9 m\u1ea5t 45 \u2013 60 ph\u00fat sau khi gi\u1eb7t, n\u1ec7m c\u00f3 th\u1ec3 s\u1eed d\u1ee5ng l\u1ea1i b\u00ecnhth\u01b0\u1eddng. Th\u1eddi gian l\u00e0m kh\u00f4 nhanh ch\u00f3ng s\u1ebd gi\u1ea3m nguy c\u01a1 ph\u00e1t tri\u1ec3n c\u1ee7a n\u1ea5m m\u1ed1c, tr\u00e1nh t\u00ecnh<\/li>\n<li>\u00a0Cam k\u1ebft b\u1ea3o \u0111\u1ea3m an to\u00e0n tuy\u1ec7t \u0111\u1ed1i v\u1edbi s\u1ee9c kh\u1ecfe cho ng\u01b0\u1eddi s\u1eed d\u1ee5ng, v\u00ec ch\u00fang t\u00f4i lu\u00f4n s\u1eed d\u1ee5ng c\u00e1c lo\u1ea1i h\u00f3a ch\u1ea5t an to\u00e0n v\u00e0 \u0111\u01b0\u1ee3c c\u1ea5p ph\u00e9p c\u1ee7a b\u1ed9 t\u00e0i nguy\u00ean v\u00e0 m\u00f4i tr\u01b0\u1eddng.<\/li>\n<\/ul>\n\t\t<\/div>\n\t\t\t\t\t<\/div>\n\n\t\n<\/div>\n\t\t<\/div>\n\n\t\t\n<style>\n#section_502847309 {\n  padding-top: 45px;\n  padding-bottom: 45px;\n}\n#section_502847309 .ux-shape-divider--top svg {\n  height: 150px;\n  --divider-top-width: 100%;\n}\n#section_502847309 .ux-shape-divider--bottom svg {\n  height: 150px;\n  --divider-width: 100%;\n}\n<\/style>\n\t<\/section>\n\t\n\t<section class=\"section gioi-thieu-section\" id=\"section_1392479493\">\n\t\t<div class=\"bg section-bg fill bg-fill  bg-loaded\" >\n\n\t\t\t\n\t\t\t\n\t\t\t\n\n\t\t<\/div>\n\n\t\t\n\n\t\t<div class=\"section-content relative\">\n\t\t\t\n<div class=\"row\"  id=\"row-856734661\">\n\n\t<div id=\"col-1083515284\" class=\"col medium-6 small-12 large-6\"  >\n\t\t\t\t<div class=\"col-inner\"  >\n\t\t\t\n\t\t\t\n<div class=\"row row-small\"  id=\"row-633726459\">\n\n\t<div id=\"col-1659551155\" class=\"col medium-4 small-12 large-4\"  >\n\t\t\t\t<div class=\"col-inner\"  >\n\t\t\t\n\t\t\t\n\n\t<a class=\"plain\" href=\"\/lau-kinh\/\"  >\t<div class=\"icon-box featured-box icon-box-center text-center\"  >\n\t\t\t\t\t<div class=\"icon-box-img\" style=\"width: 70px\">\n\t\t\t\t<div class=\"icon\">\n\t\t\t\t\t<div class=\"icon-inner\" >\n\t\t\t\t\t\t<img loading=\"lazy\" decoding=\"async\" width=\"71\" height=\"71\" src=\"https:\/\/mauweb.tamnguyen.vn\/giatthamvanphong\/wp-content\/uploads\/2019\/10\/dich-vu-lau-kinh.jpg\" class=\"attachment-medium size-medium\" alt=\"\" \/>\t\t\t\t\t<\/div>\n\t\t\t\t<\/div>\n\t\t\t<\/div>\n\t\t\t\t<div class=\"icon-box-text last-reset\">\n\t\t\t\t\t\t\t\t\t\n<p style=\"text-align: center;\">D\u1ecbch v\u1ee5 lau k\u00ednh<\/p>\n\t\t<\/div>\n\t<\/div>\n\t<\/a>\n\t\n\t\t<\/div>\n\t\t\t\t\t<\/div>\n\n\t\n\n\t<div id=\"col-1087655714\" class=\"col medium-4 small-12 large-4\"  >\n\t\t\t\t<div class=\"col-inner\"  >\n\t\t\t\n\t\t\t\n\n\t<a class=\"plain\" href=\"\/giat-dem\/\"  >\t<div class=\"icon-box featured-box icon-box-center text-center\"  >\n\t\t\t\t\t<div class=\"icon-box-img\" style=\"width: 70px\">\n\t\t\t\t<div class=\"icon\">\n\t\t\t\t\t<div class=\"icon-inner\" >\n\t\t\t\t\t\t<img loading=\"lazy\" decoding=\"async\" width=\"71\" height=\"71\" src=\"https:\/\/mauweb.tamnguyen.vn\/giatthamvanphong\/wp-content\/uploads\/2019\/10\/Dich-vu-ve-sinh-sau-xay-d\u1ee5ng.jpg\" class=\"attachment-medium size-medium\" alt=\"\" \/>\t\t\t\t\t<\/div>\n\t\t\t\t<\/div>\n\t\t\t<\/div>\n\t\t\t\t<div class=\"icon-box-text last-reset\">\n\t\t\t\t\t\t\t\t\t\n<p style=\"text-align: center;\">Gi\u1eb7t \u0111\u1ec7m v\u0103n ph\u00f2ng<\/p>\n\t\t<\/div>\n\t<\/div>\n\t<\/a>\n\t\n\t\t<\/div>\n\t\t\t\t\t<\/div>\n\n\t\n\n\t<div id=\"col-1209043506\" class=\"col medium-4 small-12 large-4\"  >\n\t\t\t\t<div class=\"col-inner\"  >\n\t\t\t\n\t\t\t\n\n\t<a class=\"plain\" href=\"\/giat-rem\/\"  >\t<div class=\"icon-box featured-box icon-box-center text-center\"  >\n\t\t\t\t\t<div class=\"icon-box-img\" style=\"width: 70px\">\n\t\t\t\t<div class=\"icon\">\n\t\t\t\t\t<div class=\"icon-inner\" >\n\t\t\t\t\t\t<img loading=\"lazy\" decoding=\"async\" width=\"71\" height=\"71\" src=\"https:\/\/mauweb.tamnguyen.vn\/giatthamvanphong\/wp-content\/uploads\/2019\/10\/dich-vu-giat-rem.jpg\" class=\"attachment-medium size-medium\" alt=\"\" \/>\t\t\t\t\t<\/div>\n\t\t\t\t<\/div>\n\t\t\t<\/div>\n\t\t\t\t<div class=\"icon-box-text last-reset\">\n\t\t\t\t\t\t\t\t\t\n<p style=\"text-align: center;\">D\u1ecbch v\u1ee5 gi\u1eb7t r\u00e8m<\/p>\n\t\t<\/div>\n\t<\/div>\n\t<\/a>\n\t\n\t\t<\/div>\n\t\t\t\t\t<\/div>\n\n\t\n\n\t<div id=\"col-818766349\" class=\"col medium-4 small-12 large-4\"  >\n\t\t\t\t<div class=\"col-inner\"  >\n\t\t\t\n\t\t\t\n\n\t<a class=\"plain\" href=\"\/giat-sofa-tai-nha\/\"  >\t<div class=\"icon-box featured-box icon-box-center text-center\"  >\n\t\t\t\t\t<div class=\"icon-box-img\" style=\"width: 70px\">\n\t\t\t\t<div class=\"icon\">\n\t\t\t\t\t<div class=\"icon-inner\" >\n\t\t\t\t\t\t<img loading=\"lazy\" decoding=\"async\" width=\"71\" height=\"71\" src=\"https:\/\/mauweb.tamnguyen.vn\/giatthamvanphong\/wp-content\/uploads\/2019\/10\/dich-vu-giat-tham.jpg\" class=\"attachment-medium size-medium\" alt=\"\" \/>\t\t\t\t\t<\/div>\n\t\t\t\t<\/div>\n\t\t\t<\/div>\n\t\t\t\t<div class=\"icon-box-text last-reset\">\n\t\t\t\t\t\t\t\t\t\n<p style=\"text-align: center;\">Gi\u1eb7t sofa t\u1ea1i nh\u00e0<\/p>\n\t\t<\/div>\n\t<\/div>\n\t<\/a>\n\t\n\t\t<\/div>\n\t\t\t\t\t<\/div>\n\n\t\n\n\t<div id=\"col-852932940\" class=\"col medium-4 small-12 large-4\"  >\n\t\t\t\t<div class=\"col-inner\"  >\n\t\t\t\n\t\t\t\n\n\t<a class=\"plain\" href=\"\/giat-tham\/\"  >\t<div class=\"icon-box featured-box icon-box-center text-center\"  >\n\t\t\t\t\t<div class=\"icon-box-img\" style=\"width: 70px\">\n\t\t\t\t<div class=\"icon\">\n\t\t\t\t\t<div class=\"icon-inner\" >\n\t\t\t\t\t\t<img loading=\"lazy\" decoding=\"async\" width=\"71\" height=\"71\" src=\"https:\/\/mauweb.tamnguyen.vn\/giatthamvanphong\/wp-content\/uploads\/2019\/10\/dich-vu-giat-dem.jpg\" class=\"attachment-medium size-medium\" alt=\"\" \/>\t\t\t\t\t<\/div>\n\t\t\t\t<\/div>\n\t\t\t<\/div>\n\t\t\t\t<div class=\"icon-box-text last-reset\">\n\t\t\t\t\t\t\t\t\t\n<p style=\"text-align: center;\">Gi\u1eb7t th\u1ea3m<\/p>\n\t\t<\/div>\n\t<\/div>\n\t<\/a>\n\t\n\t\t<\/div>\n\t\t\t\t\t<\/div>\n\n\t\n\n\t<div id=\"col-1079641413\" class=\"col medium-4 small-12 large-4\"  >\n\t\t\t\t<div class=\"col-inner\"  >\n\t\t\t\n\t\t\t\n\n\t<a class=\"plain\" href=\"\/ve-sinh-sau-xay-dung\/\"  >\t<div class=\"icon-box featured-box icon-box-center text-center\"  >\n\t\t\t\t\t<div class=\"icon-box-img\" style=\"width: 70px\">\n\t\t\t\t<div class=\"icon\">\n\t\t\t\t\t<div class=\"icon-inner\" >\n\t\t\t\t\t\t<img loading=\"lazy\" decoding=\"async\" width=\"71\" height=\"71\" src=\"https:\/\/mauweb.tamnguyen.vn\/giatthamvanphong\/wp-content\/uploads\/2019\/10\/dich-vu-giat-sofa.jpg\" class=\"attachment-medium size-medium\" alt=\"\" \/>\t\t\t\t\t<\/div>\n\t\t\t\t<\/div>\n\t\t\t<\/div>\n\t\t\t\t<div class=\"icon-box-text last-reset\">\n\t\t\t\t\t\t\t\t\t\n<p style=\"text-align: center;\">V\u1ec7 sinh sau x\u00e2y d\u1ef1ng<\/p>\n\t\t<\/div>\n\t<\/div>\n\t<\/a>\n\t\n\t\t<\/div>\n\t\t\t\t\t<\/div>\n\n\t\n<\/div>\n\t\t<\/div>\n\t\t\t\t\t<\/div>\n\n\t\n\n\t<div id=\"col-667880277\" class=\"col medium-6 small-12 large-6\"  >\n\t\t\t\t<div class=\"col-inner\"  >\n\t\t\t\n\t\t\t\n<h2>V\u1ec1 ch\u00fang t\u00f4i<\/h2>\n<p>L\u00e0 \u0111\u01a1n v\u1ecb c\u00f3 th\u00e2m ni\u00ean trong ng\u00e0nh v\u1ec7 sinh v\u0103n ph\u00f2ng v\u00e0 nh\u00e0 \u1edf, ch\u00fang t\u00f4i t\u00edch l\u0169y \u0111\u01b0\u1ee3c nhi\u1ec1u kinh nghi\u1ec7m khi thi c\u00f4ng d\u1ecbch v\u1ee5. V\u1edbi nh\u01b0ng kinh nghi\u1ec7m \u0111\u00f3 gi\u00fap ch\u00fang t\u00f4i r\u00fat ng\u1eafn \u0111\u01b0\u1ee3c th\u1eddi gian th\u1ef1c hi\u1ec7n v\u00e0 v\u00ec v\u1eady gi\u00e1 th\u00e0nh lu\u00f4n \u0111\u01b0\u1ee3c \u0111\u1ea3m b\u1ea3o t\u1ed1t nh\u1ea5t.<\/p>\n<p>Ch\u00fang t\u00f4i t\u1ef1 tin s\u1ebd l\u00e0 l\u1ef1a ch\u1ecdn t\u1ed1t nh\u1ea5t c\u1ee7a qu\u00fd kh\u00e1ch h\u00e0ng v\u00e0 ho\u1ea1t \u0111\u1ed9ng v\u1edbi ph\u01b0\u01a1ng ch\u00e2m lu\u00f4n \u0111\u1ec1 cao ch\u1ea5t l\u01b0\u1ee3ng d\u1ecbch v\u1ee5 t\u1ed1t nh\u1ea5t, gi\u00e1 th\u00e0nh h\u1ee3p l\u00fd, \u0111\u00e1p \u1ee9ng \u0111\u01b0\u1ee3c y\u00eau c\u1ea7u cao t\u1eeb qu\u00fd kh\u00e1ch h\u00e0ng.<\/p>\n<a href=\"\/gioi-thieu\/\" target=\"_self\" class=\"button primary lowercase\"  style=\"border-radius:99px;\">\n    <span>Xem chi ti\u1ebft<\/span>\n  <i class=\"icon-angle-right\" aria-hidden=\"true\" ><\/i><\/a>\n\n\t\t<\/div>\n\t\t\t\t\t<\/div>\n\n\t\n<\/div>\n\t\t<\/div>\n\n\t\t\n<style>\n#section_1392479493 {\n  padding-top: 60px;\n  padding-bottom: 60px;\n  background-color: rgb(247, 247, 247);\n}\n#section_1392479493 .ux-shape-divider--top svg {\n  height: 150px;\n  --divider-top-width: 100%;\n}\n#section_1392479493 .ux-shape-divider--bottom svg {\n  height: 150px;\n  --divider-width: 100%;\n}\n<\/style>\n\t<\/section>\n\t\n","protected":false},"excerpt":{"rendered":"","protected":false},"author":1,"featured_media":0,"parent":0,"menu_order":0,"comment_status":"closed","ping_status":"closed","template":"page-blank.php","meta":{"footnotes":""},"yst_prominent_words":[],"class_list":["post-375","page","type-page","status-publish","hentry"],"_links":{"self":[{"href":"https:\/\/mauweb.tamnguyen.vn\/giatthamvanphong\/wp-json\/wp\/v2\/pages\/375"}],"collection":[{"href":"https:\/\/mauweb.tamnguyen.vn\/giatthamvanphong\/wp-json\/wp\/v2\/pages"}],"about":[{"href":"https:\/\/mauweb.tamnguyen.vn\/giatthamvanphong\/wp-json\/wp\/v2\/types\/page"}],"author":[{"embeddable":true,"href":"https:\/\/mauweb.tamnguyen.vn\/giatthamvanphong\/wp-json\/wp\/v2\/users\/1"}],"replies":[{"embeddable":true,"href":"https:\/\/mauweb.tamnguyen.vn\/giatthamvanphong\/wp-json\/wp\/v2\/comments?post=375"}],"version-history":[{"count":0,"href":"https:\/\/mauweb.tamnguyen.vn\/giatthamvanphong\/wp-json\/wp\/v2\/pages\/375\/revisions"}],"wp:attachment":[{"href":"https:\/\/mauweb.tamnguyen.vn\/giatthamvanphong\/wp-json\/wp\/v2\/media?parent=375"}],"wp:term":[{"taxonomy":"yst_prominent_words","embeddable":true,"href":"https:\/\/mauweb.tamnguyen.vn\/giatthamvanphong\/wp-json\/wp\/v2\/yst_prominent_words?post=375"}],"curies":[{"name":"wp","href":"https:\/\/api.w.org\/{rel}","templated":true}]}}