{"id":258,"date":"2022-07-04T18:10:38","date_gmt":"2022-07-04T11:10:38","guid":{"rendered":"http:\/\/giadung.themevivu.site\/?post_type=product&#038;p=258"},"modified":"2022-08-13T09:47:55","modified_gmt":"2022-08-13T02:47:55","slug":"hop-dung-giay-ve-sinh-oenon-mau-moi","status":"publish","type":"product","link":"https:\/\/mauweb.tamnguyen.vn\/giadung1\/product\/hop-dung-giay-ve-sinh-oenon-mau-moi\/","title":{"rendered":"H\u1ed9p \u0111\u1ef1ng gi\u1ea5y v\u1ec7 sinh Oenon m\u1eabu m\u1edbi"},"content":{"rendered":"<p>H\u1ed9p \u0111\u1ef1ng gi\u1ea5y v\u1ec7 sinh Oenon m\u1eabu m\u1edbi. \u1ea4n \u0111\u1ec3 m\u1edf n\u1eafp h\u1ed9p m\u1ed9t c\u00e1ch d\u1ec5 d\u00e0ng. H\u1ed9p \u0111\u01b0\u1ee3c thi\u1ebft k\u1ebf 2 ng\u0103n ti\u1ec7n l\u1ee3i.<\/p>\n<p>C\u00f3 nhi\u1ec1u ng\u0103n \u0111\u1ec3 ch\u1ee9a \u0111\u1ed3 c\u00e1 nh\u00e2n. Ng\u0103n \u0111\u1ec3 gi\u1ea5y r\u00fat d\u1ec5 d\u00e0ng th\u00e1o l\u1eafp. Khe r\u00fat gi\u1ea5y c\u00f3 b\u00e1nh r\u0103ng r\u1ea5t thu\u1eadn ti\u1ec7n \u0111\u1ec3 l\u1ea5y gi\u1ea5y.<\/p>\n<p>H\u1ed9p c\u00f3 khay \u0111\u1ec3 \u0111i\u1ec7n tho\u1ea1i c\u0169ng nh\u01b0 c\u00e1c v\u1eadt d\u1ee5ng c\u00e1 nh\u00e2n r\u1ea5t ch\u1eafc ch\u1eafn v\u00e0 ti\u1ec7n d\u1ee5ng. Kh\u00f4ng c\u1ea7n khoan t\u01b0\u1eddng b\u1eaft v\u00edt m\u00e0 d\u00f9ng mi\u1ebfng d\u00e1n cao c\u1ea5p \u0111i k\u00e8m s\u1ea3n ph\u1ea9m. Ch\u1ecbu t\u1ea3i tr\u1ecdng cao. s\u1ea3n ph\u1ea9m c\u00f3 th\u1ec3 s\u1eed d\u1ee5ng trong nh\u00e0 h\u00e0ng, nh\u00e0 t\u1eafm, nh\u00e0 v\u1ec7 sinh.<\/p>\n<p>&nbsp;<\/p>\n","protected":false},"excerpt":{"rendered":"<p>H\u1ed9p c\u00f3 khay \u0111\u1ec3 \u0111i\u1ec7n tho\u1ea1i c\u0169ng nh\u01b0 c\u00e1c v\u1eadt d\u1ee5ng c\u00e1 nh\u00e2n r\u1ea5t ch\u1eafc ch\u1eafn v\u00e0 ti\u1ec7n d\u1ee5ng. Kh\u00f4ng c\u1ea7n khoan t\u01b0\u1eddng b\u1eaft v\u00edt m\u00e0 d\u00f9ng mi\u1ebfng d\u00e1n cao c\u1ea5p \u0111i k\u00e8m s\u1ea3n ph\u1ea9m. Ch\u1ecbu t\u1ea3i tr\u1ecdng cao. s\u1ea3n ph\u1ea9m c\u00f3 th\u1ec3 s\u1eed d\u1ee5ng trong nh\u00e0 h\u00e0ng, nh\u00e0 t\u1eafm, nh\u00e0 v\u1ec7 sinh.<\/p>\n","protected":false},"featured_media":621,"comment_status":"open","ping_status":"closed","template":"","meta":[],"product_cat":[18],"product_tag":[],"class_list":["post-258","product","type-product","status-publish","has-post-thumbnail","hentry","product_cat-phong-tam-ve-sinh"],"_links":{"self":[{"href":"https:\/\/mauweb.tamnguyen.vn\/giadung1\/wp-json\/wp\/v2\/product\/258","targetHints":{"allow":["GET"]}}],"collection":[{"href":"https:\/\/mauweb.tamnguyen.vn\/giadung1\/wp-json\/wp\/v2\/product"}],"about":[{"href":"https:\/\/mauweb.tamnguyen.vn\/giadung1\/wp-json\/wp\/v2\/types\/product"}],"replies":[{"embeddable":true,"href":"https:\/\/mauweb.tamnguyen.vn\/giadung1\/wp-json\/wp\/v2\/comments?post=258"}],"wp:featuredmedia":[{"embeddable":true,"href":"https:\/\/mauweb.tamnguyen.vn\/giadung1\/wp-json\/wp\/v2\/media\/621"}],"wp:attachment":[{"href":"https:\/\/mauweb.tamnguyen.vn\/giadung1\/wp-json\/wp\/v2\/media?parent=258"}],"wp:term":[{"taxonomy":"product_cat","embeddable":true,"href":"https:\/\/mauweb.tamnguyen.vn\/giadung1\/wp-json\/wp\/v2\/product_cat?post=258"},{"taxonomy":"product_tag","embeddable":true,"href":"https:\/\/mauweb.tamnguyen.vn\/giadung1\/wp-json\/wp\/v2\/product_tag?post=258"}],"curies":[{"name":"wp","href":"https:\/\/api.w.org\/{rel}","templated":true}]}}