{"id":163,"date":"2022-07-04T17:03:53","date_gmt":"2022-07-04T10:03:53","guid":{"rendered":"http:\/\/giadung.themevivu.site\/?post_type=product&#038;p=163"},"modified":"2022-08-13T09:46:40","modified_gmt":"2022-08-13T02:46:40","slug":"ke-de-dao-thot-xoay-360-do-tien-loi-thong-minh","status":"publish","type":"product","link":"https:\/\/mauweb.tamnguyen.vn\/giadung1\/product\/ke-de-dao-thot-xoay-360-do-tien-loi-thong-minh\/","title":{"rendered":"K\u1ec7 \u0111\u1ec3 dao th\u1edbt xoay 360 \u0111\u1ed9 ti\u1ec7n l\u1ee3i th\u00f4ng minh"},"content":{"rendered":"<p>K\u1ec7 \u0111\u1ec3 dao th\u1edbt xoay 360 \u0111\u1ed9 ti\u1ec7n l\u1ee3i th\u00f4ng minh.<\/p>\n<p>S\u1ea3n ph\u1ea9m k\u1ec7 \u0111\u1ec3 dao th\u1edbt xoay 360 th\u00f4ng minh ti\u1ec7n \u00edch , l\u00e0 s\u1ea3n ph\u1ea9m kh\u00f4ng th\u1ec3 thi\u1ebfu trong c\u0103n b\u1ebfp m\u1ecdi nh\u00e0.<\/p>\n<p>S\u1ea3n ph\u1ea9m \u0111\u01b0\u1ee3c l\u00e0m t\u1eeb th\u00e9p cacbon c\u00f3 kh\u1ea3 n\u0103ng ch\u1ecbu l\u1ef1c t\u1ed1t , s\u01a1n ph\u1ee7 ngo\u00e0i t\u0129nh \u0111i\u1ec7n 3 l\u1edbp ch\u1ed1ng han r\u1ef7.<\/p>\n<p>K\u00edch th\u01b0\u1edbc: \u0111\u01b0\u1eddng k\u00ednh 23,5 cm chi\u1ec1u cao 24cm<\/p>\n","protected":false},"excerpt":{"rendered":"<ul>\n<li>S\u1ea3n ph\u1ea9m k\u1ec7 \u0111\u1ec3 dao th\u1edbt xoay 360 th\u00f4ng minh ti\u1ec7n \u00edch , l\u00e0 s\u1ea3n ph\u1ea9m kh\u00f4ng th\u1ec3 thi\u1ebfu trong c\u0103n b\u1ebfp m\u1ecdi nh\u00e0.<\/li>\n<li>S\u1ea3n ph\u1ea9m \u0111\u01b0\u1ee3c l\u00e0m t\u1eeb th\u00e9p cacbon c\u00f3 kh\u1ea3 n\u0103ng ch\u1ecbu l\u1ef1c t\u1ed1t , s\u01a1n ph\u1ee7 ngo\u00e0i t\u0129nh \u0111i\u1ec7n 3 l\u1edbp ch\u1ed1ng han r\u1ef7.<\/li>\n<\/ul>\n","protected":false},"featured_media":638,"comment_status":"open","ping_status":"closed","template":"","meta":[],"product_cat":[17],"product_tag":[],"class_list":["post-163","product","type-product","status-publish","has-post-thumbnail","hentry","product_cat-nha-bep"],"_links":{"self":[{"href":"https:\/\/mauweb.tamnguyen.vn\/giadung1\/wp-json\/wp\/v2\/product\/163","targetHints":{"allow":["GET"]}}],"collection":[{"href":"https:\/\/mauweb.tamnguyen.vn\/giadung1\/wp-json\/wp\/v2\/product"}],"about":[{"href":"https:\/\/mauweb.tamnguyen.vn\/giadung1\/wp-json\/wp\/v2\/types\/product"}],"replies":[{"embeddable":true,"href":"https:\/\/mauweb.tamnguyen.vn\/giadung1\/wp-json\/wp\/v2\/comments?post=163"}],"wp:featuredmedia":[{"embeddable":true,"href":"https:\/\/mauweb.tamnguyen.vn\/giadung1\/wp-json\/wp\/v2\/media\/638"}],"wp:attachment":[{"href":"https:\/\/mauweb.tamnguyen.vn\/giadung1\/wp-json\/wp\/v2\/media?parent=163"}],"wp:term":[{"taxonomy":"product_cat","embeddable":true,"href":"https:\/\/mauweb.tamnguyen.vn\/giadung1\/wp-json\/wp\/v2\/product_cat?post=163"},{"taxonomy":"product_tag","embeddable":true,"href":"https:\/\/mauweb.tamnguyen.vn\/giadung1\/wp-json\/wp\/v2\/product_tag?post=163"}],"curies":[{"name":"wp","href":"https:\/\/api.w.org\/{rel}","templated":true}]}}