{"id":156,"date":"2022-07-04T16:53:40","date_gmt":"2022-07-04T09:53:40","guid":{"rendered":"http:\/\/giadung.themevivu.site\/?post_type=product&#038;p=156"},"modified":"2022-08-13T09:36:47","modified_gmt":"2022-08-13T02:36:47","slug":"may-say-tiet-trung-dao-thot-dua-bear","status":"publish","type":"product","link":"https:\/\/mauweb.tamnguyen.vn\/giadung1\/product\/may-say-tiet-trung-dao-thot-dua-bear\/","title":{"rendered":"M\u00e1y s\u1ea5y ti\u1ec7t tr\u00f9ng dao th\u1edbt \u0111\u0169a Bear:"},"content":{"rendered":"<p><span class=\"text\">h\u1eddi ti\u1ebft \u1ea9m n\u1ed3m c\u1ee7a Vi\u1ec7t Nam lu\u00f4n l\u00e0 m\u00f4i tr\u01b0\u1eddng d\u1ec5 sinh s\u00f4i n\u1ea5m m\u1ed1c, c\u00e1c v\u1eadt d\u1ee5ng h\u00e0ng ng\u00e0y nh\u01b0 dao, \u0111\u0169a, th\u1edbt,&#8230; n\u1ebfu kh\u00f4ng kh\u00f4 cong v\u00e0 s\u1ea1ch vi khu\u1ea9n s\u1ebd r\u1ea5t d\u1ec5 g\u00e2y nguy h\u1ea1i cho s\u1ee9c kho\u1ebb. M\u00e1y s\u1ea5y ti\u1ec7t tr\u00f9ng dao, th\u1edbt, \u0111\u0169a Bear l\u00e0 s\u1ea3n ph\u1ea9m h\u00e0ng \u0111\u1ea7u gi\u00fap s\u1ea5y kh\u00f4, lo\u1ea1i b\u1ecf t\u1edbi 99,99% vi khu\u1ea9n g\u00e2y h\u1ea1i. <\/span><span class=\"emoji-sizer emoji-outer \">\ud83d\udc9f<\/span><span class=\"text\">\ud83d\udc96M\u00e1y s\u1ea5y ti\u1ec7t tr\u00f9ng dao th\u1edbt \u0111\u0169a Bear: <\/span><\/p>\n<p><span class=\"text\">\u00a03in1: s\u1ea5y kh\u00f4, kh\u1eed khu\u1ea9n tia UV, gi\u00e1 \u0111\u1ef1ng b\u1ea3o qu\u1ea3n <\/span><\/p>\n<p><span class=\"text\">\u00a0Ch\u1ee9ng nh\u1eadn ti\u1ec7t tr\u00f9ng tia UV t\u1edbi 99,99% <\/span><\/p>\n<p><span class=\"text\">\u00a0S\u1ea5y kh\u00f4 kh\u00ed n\u00f3ng 70\u00b0C, ch\u1ed1ng \u1ea9m m\u1ed1c, cong v\u00eanh <\/span><\/p>\n<p><span class=\"text\">Chu tr\u00ecnh s\u1ea5y ti\u1ebft ki\u1ec7m: th\u1ee7 c\u00f4ng &amp; t\u1ef1 \u0111\u1ed9ng <\/span><\/p>\n<p><span class=\"text\">\u00a0C\u00f4ng ngh\u1ec7 \u0111i\u1ec1u khi\u1ec3n c\u1ea3m \u1ee9ng 1 ch\u1ea1m <\/span><\/p>\n<p><span class=\"text\">\u00a0Khay \u0111\u1ec3 dao, th\u1edbt, \u0111\u0169a d\u1ec5 d\u00e0ng th\u00e1o r\u1eddi v\u1ec7 sinh<\/span><\/p>\n","protected":false},"excerpt":{"rendered":"<div class=\"product-short-description\">\n<ul>\n<li><span class=\"text\">\u00a03in1: s\u1ea5y kh\u00f4, kh\u1eed khu\u1ea9n tia UV, gi\u00e1 \u0111\u1ef1ng b\u1ea3o qu\u1ea3n <\/span><\/li>\n<li><span class=\"text\">\u00a0Ch\u1ee9ng nh\u1eadn ti\u1ec7t tr\u00f9ng tia UV t\u1edbi 99,99% <\/span><\/li>\n<li><span class=\"text\">\u00a0S\u1ea5y kh\u00f4 kh\u00ed n\u00f3ng 70\u00b0C, ch\u1ed1ng \u1ea9m m\u1ed1c, cong v\u00eanh <\/span><\/li>\n<li><span class=\"text\">Chu tr\u00ecnh s\u1ea5y ti\u1ebft ki\u1ec7m: th\u1ee7 c\u00f4ng &amp; t\u1ef1 \u0111\u1ed9ng <\/span><\/li>\n<li><span class=\"text\">\u00a0C\u00f4ng ngh\u1ec7 \u0111i\u1ec1u khi\u1ec3n c\u1ea3m \u1ee9ng 1 ch\u1ea1m <\/span><\/li>\n<li><span class=\"text\">\u00a0Khay \u0111\u1ec3 dao, th\u1edbt, \u0111\u0169a d\u1ec5 d\u00e0ng th\u00e1o r\u1eddi v\u1ec7 sinh<\/span><\/li>\n<\/ul>\n<\/div>\n","protected":false},"featured_media":648,"comment_status":"open","ping_status":"closed","template":"","meta":[],"product_cat":[20,17],"product_tag":[],"class_list":["post-156","product","type-product","status-publish","has-post-thumbnail","hentry","product_cat-tien-ich","product_cat-nha-bep"],"_links":{"self":[{"href":"https:\/\/mauweb.tamnguyen.vn\/giadung1\/wp-json\/wp\/v2\/product\/156","targetHints":{"allow":["GET"]}}],"collection":[{"href":"https:\/\/mauweb.tamnguyen.vn\/giadung1\/wp-json\/wp\/v2\/product"}],"about":[{"href":"https:\/\/mauweb.tamnguyen.vn\/giadung1\/wp-json\/wp\/v2\/types\/product"}],"replies":[{"embeddable":true,"href":"https:\/\/mauweb.tamnguyen.vn\/giadung1\/wp-json\/wp\/v2\/comments?post=156"}],"wp:featuredmedia":[{"embeddable":true,"href":"https:\/\/mauweb.tamnguyen.vn\/giadung1\/wp-json\/wp\/v2\/media\/648"}],"wp:attachment":[{"href":"https:\/\/mauweb.tamnguyen.vn\/giadung1\/wp-json\/wp\/v2\/media?parent=156"}],"wp:term":[{"taxonomy":"product_cat","embeddable":true,"href":"https:\/\/mauweb.tamnguyen.vn\/giadung1\/wp-json\/wp\/v2\/product_cat?post=156"},{"taxonomy":"product_tag","embeddable":true,"href":"https:\/\/mauweb.tamnguyen.vn\/giadung1\/wp-json\/wp\/v2\/product_tag?post=156"}],"curies":[{"name":"wp","href":"https:\/\/api.w.org\/{rel}","templated":true}]}}