{"id":659,"date":"2019-11-08T08:24:23","date_gmt":"2019-11-08T08:24:23","guid":{"rendered":"https:\/\/dulich2.aznet.com.vn\/?post_type=product&#038;p=659"},"modified":"2019-11-08T08:51:22","modified_gmt":"2019-11-08T08:51:22","slug":"tour-nha-trang-da-lat-tu-ha-noi-4-ngay-3-dem","status":"publish","type":"product","link":"https:\/\/mauweb.tamnguyen.vn\/dulich8\/tour-nha-trang-da-lat-tu-ha-noi-4-ngay-3-dem","title":{"rendered":"Tour Nha Trang \u2013 \u0110\u00e0 L\u1ea1t T\u1eeb H\u00e0 N\u1ed9i 4 Ng\u00e0y 3 \u0110\u00eam"},"content":{"rendered":"<p><strong>Gi\u1edbi thi\u1ec7u:<\/strong>\u00a0C\u00e1c t\u1ec9nh \u0110\u00f4ng B\u1eafc Vi\u1ec7t Nam, n\u01a1i c\u00f3 phong c\u1ea3nh h\u1eefu t\u00ecnh, th\u01a1 m\u1ed9ng v\u1edbi: H\u1ed3 Ba B\u1ec3, Th\u00e1c B\u1ea3n Gi\u1ed1c, N\u00fai M\u1eabu S\u01a1n&#8230;h\u00fat h\u1ed3n du kh\u00e1ch. N\u01a1i \u0111\u00e2y mang \u0111\u1eadm b\u1ea3n s\u1eafc c\u00e1c d\u00e2n t\u1ed9c T\u00e0y, N\u00f9ng v\u1edbi c\u00e1c l\u1ec5 h\u1ed9i L\u1ed3ng T\u1ed3ng, L\u00f9ng T\u00f9ng, v\u1edbi \u0111i\u1ec7u h\u00e1t Then, h\u00e1t Sli, L\u01b0\u1ee3n&#8230;H\u00e3y \u0111\u1ebfn v\u1edbi Cao B\u1eb1ng, B\u1eafc K\u1ea1n \u0111\u1ec3 \u0111\u01b0\u1ee3c s\u1ed1ng trong kh\u00f4ng gian v\u0103n h\u00f3a n\u00fai r\u1eebng Vi\u1ec7t B\u1eafc c\u00f9ng \u0111\u1ed3ng b\u00e0o c\u00e1c d\u00e2n t\u1ed9c n\u01a1i \u0111\u00e2y.<\/p>\n<p><strong>M\u1ed9t s\u1ed1 \u0111i\u1ec3m tham quan khi du l\u1ecbch h\u1ed3 Ba B\u1ec3 &#8211; th\u00e1c B\u1ea3n Gi\u1ed1c:<\/strong><\/p>\n<p><strong>1.H\u1ed3 Ba B\u1ec3<\/strong><br \/>\nH\u1ed3 Ba B\u1ec3 kh\u00f4ng ch\u1ec9 s\u1edf h\u1eefu m\u00f4i tr\u01b0\u1eddng sinh th\u00e1i phong ph\u00fa v\u1edbi v\u1ebb \u0111\u1eb9p hoang s\u01a1 m\u00e0 c\u00f2n l\u00e0 m\u1ed9t \u0111i\u1ec3m \u0111\u1ebfn c\u1ef1c k\u00ec thu h\u00fat kh\u00e1ch du l\u1ecbch m\u1ed7i n\u0103m b\u1edfi nh\u1eefng n\u00e9t v\u0103n h\u00f3a, phong t\u1ee5c t\u1eadp qu\u00e1n th\u00fa v\u1ecb g\u1eafn li\u1ec1n v\u1edbi nh\u1eefng huy\u1ec1n tho\u1ea1i, s\u1ef1 t\u00edch, l\u1ecbch s\u1eed c\u1ee7a d\u00e2n t\u1ed9c. \u0110\u01b0\u1ee3c UNESO x\u1ebfp v\u00e0o top20 h\u1ed3 n\u01b0\u1edbc ng\u1ecdt c\u1ea7n \u0111\u01b0\u1ee3c ph\u00e1t tri\u1ec3n v\u00e0 b\u1ea3o v\u1ec7, h\u1ed3 Ba B\u1ec3 l\u00e0 th\u1eafng c\u1ea3nh thi\u00ean nhi\u00ean tuy\u1ec7t \u0111\u1eb9p kh\u00f4ng th\u1ec3 b\u1ecf l\u1ee1 khi \u0111\u1ebfn v\u1edbi du l\u1ecbch B\u1eafc K\u1ea1n.<\/p>\n<p><img decoding=\"async\" src=\"http:\/\/dulich8.maugiaodien.com\/wp-content\/uploads\/2019\/11\/ha-noi-ho-ba-be-thac-ban-gioc-3n2d-627.jpg\" alt=\"\" \/><br \/>\n<strong>2. Th\u00e1c b\u1ea3n Gi\u1ed1c<\/strong><br \/>\nV\u00e0o m\u00f9a m\u01b0a, th\u00e1c mang m\u00e0u c\u1ee7a ph\u00f9 sa, v\u1edbi m\u1ed9t l\u01b0\u1ee3ng n\u01b0\u1edbc l\u1edbn \u0111\u1ed5 xu\u1ed1ng, th\u00e1c b\u1ea3n Gi\u1ed1c gi\u1ed1ng nh\u01b0ng con r\u1ed3ng cu\u1ed9n m\u00ecnh trong b\u1ecdt n\u01b0\u1edbc b\u1eafn l\u00ean tr\u1eafng x\u00f3a. M\u00f9a l\u00faa chin, n\u01b0\u1edbc trong veo, m\u1ec1m m\u1ea1i nh\u01b0 t\u00f3c ti\u00ean. M\u00f9a thu, hai b\u00ean b\u1edd th\u00e1c l\u00e0 nh\u1eefng th\u1ea3m c\u1ecf, v\u1ea1t r\u1eebng xanh bi\u1ebfc, con th\u00e1c c\u00f3 m\u00e0u xanh ng\u1ecdc nh\u01b0 \u00e1nh l\u00ean s\u1eafc m\u00e0u c\u1ee7a n\u00fai r\u1eebng<\/p>\n<p><img decoding=\"async\" src=\"http:\/\/dulich8.maugiaodien.com\/wp-content\/uploads\/2019\/11\/ha-noi-ho-ba-be-thac-ban-gioc-3n2d-627-1.jpg\" alt=\"\" \/><br \/>\n<strong>3. \u0110\u1ed9ng Ng\u01b0\u1eddm Ngao<\/strong><br \/>\nN\u1eb1m trong l\u00f2ng m\u1ed9t qu\u1ea3 n\u00fai \u1edf b\u1ea3n Gun, x\u00e3 \u0110\u00e0m Th\u1ee7y, Huy\u1ec7n Tr\u00f9ng Kh\u00e1nh, \u0111\u1ed9ng Ng\u01b0\u1eddm Ngao l\u00e0 m\u1ed9t m\u00f3n qu\u00e0 c\u00f3 m\u1ed9t kh\u00f4ng hai m\u00e0 thi\u00ean nhi\u00ean \u0111\u00e3 ban t\u1eb7ng n\u01a1i \u0111\u00e2y. B\u01b0\u1edbc v\u00e0o hang \u0111\u1ed9ng du kh\u00e1ch s\u1ebd kh\u00f4ng kh\u1ecfi ng\u1ee1 ng\u00e0ng tr\u01b0\u1edbc nh\u1eefng kh\u1ed1i m\u0103ng \u0111\u00e1 nh\u0169 \u0111\u00e1 v\u1edbi mu\u00f4n h\u00ecnh v\u1ea1n tr\u1ea1ng. \u0110\u1eb7c bi\u1ec7t,\u00a0 v\u1edbi h\u1ec7 th\u1ed1ng m\u1ea1ch n\u01b0\u1edbc ng\u1ea7m t\u1ea1o n\u00ean nhi\u1ec1u h\u1ed3 n\u01b0\u1edbc ng\u1ecdt trong hang c\u00f9ng v\u1edbi h\u1ec7 th\u1ed1ng m\u0103ng \u0111\u00e1 v\u00e0 nh\u0169 \u0111\u00e1 \u0111\u00e3 t\u1ea1o n\u00ean \u0111\u1ed9ng Ng\u01b0\u1eddm Ngao tuy\u1ec7t \u0111\u1eb9p gi\u1eefa r\u1eebng n\u00fai B\u1eafc K\u1ea1n.<\/p>\n<p><img decoding=\"async\" src=\"http:\/\/dulich8.maugiaodien.com\/wp-content\/uploads\/2019\/11\/ha-noi-ho-ba-be-thac-ban-gioc-3n2d-627-2.jpg\" alt=\"\" \/><br \/>\n<strong>4. L\u00e0ng r\u00e8n Ph\u00fac Sen<\/strong><br \/>\nNgh\u1ec1 r\u00e8n c\u1ee7a ng\u01b0\u1eddi N\u00f9ng \u1edf Ph\u00fac Sen ( huy\u1ec7n Qu\u1ea3ng Y\u00ean, T\u1ec9nh Cao B\u1eb1ng) \u0111\u00e3 c\u00f3 try\u1ec1n th\u1ed1ng h\u00e0ng tr\u0103m n\u0103m qua.N\u01a1i \u0111\u00e2y n\u1ed5i ti\u1ebfng v\u1edbi nh\u1eefng s\u1ea3n ph\u1ea9m nh\u01b0: dao, k\u00e9o, cu\u1ed1c, li\u1ec1m, \u2026 T\u1ea5t c\u1ea3 nh\u1eefng s\u1ea3n ph\u1ea9m n\u00e0y \u0111\u1ec1u \u0111\u01b0\u1ee3c h\u1ecd r\u00e8n th\u1ee7 c\u00f4ng ho\u00e0n to\u00e0n v\u1edbi nh\u1eefng k\u1ef9 thu\u1eadt ph\u00f4i th\u00e9p, t\u00f4i (luy\u1ec7n ) ri\u00eang c\u1ee7a m\u1ed7i h\u1ed9 gia \u0111\u00ecnh. N\u00ean h\u1ea7u h\u1ebft nh\u1eefng s\u1ea3n ph\u1ea9m t\u1eeb l\u00f2 r\u00e8n c\u1ee7a h\u1ecd \u0111\u1ec1u c\u00f3 ch\u1ea5t l\u01b0\u1ee3ng r\u1ea5t l\u00e0 t\u1ed1t.\u0110\u1ebfn Ph\u00fac Sen du kh\u00e1ch kh\u00f4ng ch\u1ec9 c\u00f3 c\u01a1 h\u1ed9i chi\u00eam ng\u01b0\u1ee1ng c\u00e1c k\u1ef9 thu\u1eadt r\u00e8n c\u1ea3u ng\u01b0\u1eddi l\u00e0ng Ph\u00fac Sen, \u0111\u00e2y c\u00f2n l\u00e0 d\u1ecbp \u0111\u1ec3 ch\u00fang ta mua v\u1ec1 m\u1ed9t v\u00e0i con dao hay c\u00e2y k\u00e9o mang v\u1ec1 l\u00e0m qu\u00e0 cho m\u1eb9 ho\u1eb7c cho v\u1ee3 c\u1ee7a m\u00ecnh \u0111\u1ec3 gi\u00fap h\u1ecd trong c\u00f4ng vi\u1ec7c b\u1ebfp n\u00fac.<\/p>\n<p><img decoding=\"async\" src=\"http:\/\/dulich8.maugiaodien.com\/wp-content\/uploads\/2019\/11\/ha-noi-ho-ba-be-thac-ban-gioc-3n2d-627-3.jpg\" alt=\"\" \/><br \/>\n<strong>5. Hang P\u00e1c B\u00f3<\/strong><br \/>\n\u1ede Cao B\u1eb1ng c\u00f3 m\u1ed9t \u0111i\u1ec3m \u0111\u1ebfn \u0111\u00e3 \u0111i v\u00e0o trong v\u0103n th\u01a1, h\u00f2a v\u00e0o l\u1ecbch s\u1eed c\u00f9ng v\u1edbi c\u00e1i t\u00ean H\u1ed3 Ch\u00ed Minh. \u0110\u00f3 ch\u00ednh l\u00e0 hang P\u00e1c B\u00f3 v\u00e0 n\u00fai r\u1eebng P\u00e1c B\u00f3 c\u0169ng ch\u00ednh l\u00e0 n\u01a1i m\u00e0 B\u00e1c H\u1ed3 k\u00ednh y\u00eau c\u1ee7a ch\u00fang ta \u0111\u00e3 ch\u1ecdn l\u00e0 c\u0103n c\u1ee9 \u0111\u1ec3 ho\u1ea1t \u0111\u1ed9ng c\u00e1ch m\u1ea1ng. N\u01a1i B\u00e1c \u1edf v\u00e0 ho\u1ea1t \u0111\u1ecdng c\u00e1ch m\u1ea1ng trong kho\u1ea3ng th\u1eddi gian \u1edf n\u01a1i \u0111\u00e2y l\u00e0 hang P\u00e1c B\u00f3. B\u00ean c\u1ea1nh \u0111\u00f3 c\u00f2n c\u00f3 nh\u1eefng c\u1ea3nh \u0111\u1eb9p xung quanh hang P\u00e1c B\u00f3 nh\u01b0 su\u1ed1i Leenin, N\u00fai Cac Mac, b\u00e0n \u0111\u00e1 n\u01a1i B\u00e1c t\u1eebng l\u00e0m vi\u1ec7c..<\/p>\n<p><img decoding=\"async\" src=\"http:\/\/dulich8.maugiaodien.com\/wp-content\/uploads\/2019\/11\/ha-noi-ho-ba-be-thac-ban-gioc-3n2d-627-4.jpg\" alt=\"Su\u1ed1i L\u00ea Nin\" \/><\/p>\n<p><img decoding=\"async\" src=\"http:\/\/dulich8.maugiaodien.com\/wp-content\/uploads\/2019\/11\/ha-noi-ho-ba-be-thac-ban-gioc-3n2d-627-5.jpg\" alt=\"Hang P\u00e1c B\u00f3\" \/><\/p>\n<p>&nbsp;<\/p>\n<p>&nbsp;<\/p>\n<p>&nbsp;<\/p>\n","protected":false},"excerpt":{"rendered":"<p>Gi\u1edbi thi\u1ec7u:\u00a0C\u00e1c t\u1ec9nh \u0110\u00f4ng B\u1eafc Vi\u1ec7t Nam, n\u01a1i c\u00f3 phong c\u1ea3nh h\u1eefu t\u00ecnh, th\u01a1 m\u1ed9ng v\u1edbi: H\u1ed3 Ba B\u1ec3, Th\u00e1c B\u1ea3n Gi\u1ed1c, N\u00fai M\u1eabu S\u01a1n&#8230;h\u00fat h\u1ed3n du kh\u00e1ch. N\u01a1i \u0111\u00e2y mang \u0111\u1eadm b\u1ea3n s\u1eafc c\u00e1c d\u00e2n t\u1ed9c T\u00e0y, N\u00f9ng v\u1edbi c\u00e1c l\u1ec5 h\u1ed9i L\u1ed3ng T\u1ed3ng, L\u00f9ng T\u00f9ng, v\u1edbi \u0111i\u1ec7u h\u00e1t Then, h\u00e1t Sli, L\u01b0\u1ee3n&#8230;H\u00e3y \u0111\u1ebfn&#8230;<\/p>\n","protected":false},"featured_media":660,"comment_status":"open","ping_status":"closed","template":"","meta":[],"product_cat":[68],"product_tag":[86],"dia_diem":[65],"khoang_gia":[81],"class_list":["post-659","product","type-product","status-publish","has-post-thumbnail","hentry","product_cat-tour-du-lich","product_tag-mien-trung","dia_diem-da-lat","khoang_gia-4-6-trieu"],"_links":{"self":[{"href":"https:\/\/mauweb.tamnguyen.vn\/dulich8\/wp-json\/wp\/v2\/product\/659"}],"collection":[{"href":"https:\/\/mauweb.tamnguyen.vn\/dulich8\/wp-json\/wp\/v2\/product"}],"about":[{"href":"https:\/\/mauweb.tamnguyen.vn\/dulich8\/wp-json\/wp\/v2\/types\/product"}],"replies":[{"embeddable":true,"href":"https:\/\/mauweb.tamnguyen.vn\/dulich8\/wp-json\/wp\/v2\/comments?post=659"}],"wp:featuredmedia":[{"embeddable":true,"href":"https:\/\/mauweb.tamnguyen.vn\/dulich8\/wp-json\/wp\/v2\/media\/660"}],"wp:attachment":[{"href":"https:\/\/mauweb.tamnguyen.vn\/dulich8\/wp-json\/wp\/v2\/media?parent=659"}],"wp:term":[{"taxonomy":"product_cat","embeddable":true,"href":"https:\/\/mauweb.tamnguyen.vn\/dulich8\/wp-json\/wp\/v2\/product_cat?post=659"},{"taxonomy":"product_tag","embeddable":true,"href":"https:\/\/mauweb.tamnguyen.vn\/dulich8\/wp-json\/wp\/v2\/product_tag?post=659"},{"taxonomy":"dia_diem","embeddable":true,"href":"https:\/\/mauweb.tamnguyen.vn\/dulich8\/wp-json\/wp\/v2\/dia_diem?post=659"},{"taxonomy":"khoang_gia","embeddable":true,"href":"https:\/\/mauweb.tamnguyen.vn\/dulich8\/wp-json\/wp\/v2\/khoang_gia?post=659"}],"curies":[{"name":"wp","href":"https:\/\/api.w.org\/{rel}","templated":true}]}}