{"id":1246,"date":"2022-05-03T04:58:13","date_gmt":"2022-05-03T04:58:13","guid":{"rendered":"http:\/\/mau2.maudep.com.vn\/dulich\/?post_type=product&#038;p=1246"},"modified":"2022-05-04T03:07:36","modified_gmt":"2022-05-04T03:07:36","slug":"ai-cap-cairo-kim-tu-thap-alexandria","status":"publish","type":"product","link":"https:\/\/mauweb.tamnguyen.vn\/dulich16\/san-pham\/ai-cap-cairo-kim-tu-thap-alexandria\/","title":{"rendered":"AI C\u1eacP: CAIRO \u2013 KIM T\u1ef0 TH\u00c1P &#8211; ALEXANDRIA"},"content":{"rendered":"<p><a class=\"toggle act-accordion-mobile act-accordion\">NG\u00c0Y 1: H\u00c0 N\u1ed8I \u2013 CAIRO<\/a><\/p>\n<p><img decoding=\"async\" class=\"aligncenter\" src=\"https:\/\/dulichtute.com\/wp-content\/uploads\/2021\/12\/kinh-nghiem-du-lich-cairo.jpg\" alt=\"Sau h\u01a1n 1000 n\u0103m, th\u1ee7 \u0111\u00f4 Ai C\u1eadp kh\u00f4ng c\u00f2n l\u00e0 Cairo n\u1eefa!\" \/><\/p>\n<div class=\"accordion-inner accordion-inner-mobile visible\">\n<p><strong>Chi\u1ec1u:<\/strong>\u00a0Qu\u00fd kh\u00e1ch \u0111\u00f3n qu\u00fd kh\u00e1ch \u1edf \u0111i\u1ec3m h\u1eb9n, di chuy\u1ec3n ra s\u00e2n bay N\u1ed9i B\u00e0i \u0111\u00e1p chuy\u1ebfn bay \u0111i Cairo.<\/p>\n<p>Ngh\u1ec9 \u0111\u00eam t\u1ea1i Cairo<\/p>\n<p><a class=\"toggle act-accordion-mobile act-accordion\">NG\u00c0Y 2: CAIRO &#8211; H\u00c0NH TR\u00ccNH KIM T\u1ef0 TH\u00c1P<\/a><\/p>\n<p><img decoding=\"async\" src=\"https:\/\/upload.wikimedia.org\/wikipedia\/commons\/thumb\/4\/48\/Citadel_of_Salah_Ed-din.jpg\/1280px-Citadel_of_Salah_Ed-din.jpg\" alt=\"\u0645\u0644\u0641:Citadel of Salah Ed-din.jpg - \u0648\u064a\u0643\u064a\u0628\u064a\u062f\u064a\u0627\" \/><\/p>\n<div class=\"accordion-inner accordion-inner-mobile \">\n<p><strong>S\u00e1ng:<\/strong>\u00a0Qu\u00fd kh\u00e1ch c\u00f3 m\u1eb7t t\u1ea1i s\u00e2n bay Cairo, xe c\u00f9ng h\u01b0\u1edbng d\u1eabn vi\u00ean s\u1ebd \u0111\u01b0a qu\u00fd kh\u00e1ch di chuy\u1ec3n v\u00e0o trung t\u00e2m th\u00e0nh ph\u1ed1 v\u00e0 b\u1eaft \u0111\u1ea7u cho chuy\u1ebfn tham quan:<\/p>\n<ul>\n<li><strong>Th\u00e0nh Salah El Din \u2013\u00a0<\/strong>\u0111\u01b0\u1ee3c x\u00e2y d\u1ef1ng b\u1edfi Salah El Din tr\u00ean ng\u1ecdn \u0111\u1ed3i Moqattam v\u00e0o n\u0103m 1183 sau c\u00f4ng nguy\u00ean v\u1edbi m\u1ee5c \u0111\u00edch \u0111\u1ec3 b\u1ea3o v\u1ec7 v\u00f9ng \u0111\u1ea5t Cairo kh\u1ecfi \u0111\u1ed9i qu\u00e2n th\u1eadp t\u1ef1 chinh.<\/li>\n<li><strong>Nh\u00e0 th\u1edd H\u1ed3i gi\u00e1o Mohamed Ali Alabaster \u2013\u00a0<\/strong>N\u01a1i \u0111\u00e2y \u0111\u01b0\u1ee3c x\u00e2y d\u1ef1ng b\u1edfi ki\u1ebfn tr\u00fac s\u01b0 YousifBoushnaq, m\u1ed9t ng\u01b0\u1eddi Th\u1ed5 Nh\u0129 K\u1ef3 \u0111\u1ebfn t\u1eeb Istanbul v\u00e0 x\u00e2y d\u1ef1ng nh\u00e0 th\u1edd H\u1ed3i gi\u00e1o v\u0129 \u0111\u1ea1i n\u00e0y cho Mohamed Ali, v\u1ecb vua c\u1ee7a Ai C\u1eadp (1805-1849), ng\u01b0\u1eddi tr\u1ecb v\u00ec h\u01a1n 45 n\u0103m.<\/li>\n<\/ul>\n<p><strong>Chi\u1ec1u:\u00a0<\/strong>Sau khi d\u00f9ng b\u1eefa tr\u01b0a, qu\u00fd kh\u00e1ch ti\u1ebfp t\u1ee5c kh\u00e1m ph\u00e1 th\u00e0nh ph\u1ed1 Cairo v\u1edbi:<\/p>\n<ul>\n<li><strong>Cairo c\u1ed5 k\u00ednh &#8211;\u00a0<\/strong>t\u1ea1i \u0111\u00e2y qu\u00fd kh\u00e1ch s\u1ebd \u0111\u01b0\u1ee3c h\u00f2a m\u00ecnh v\u00e0o nh\u1eefng khung c\u1ea3nh \u0111\u1eb7c s\u1eafc c\u1ee7a n\u01a1i \u0111\u00e2y: Nh\u00e0 th\u1edd Treo, Ben Ezra Synagogue, Th\u00e1nh \u0111\u01b0\u1eddng St. Barbara, Th\u00e1nh \u0111\u01b0\u1eddng Abu Serga.<\/li>\n<\/ul>\n<p>Qu\u00fd kh\u00e1ch d\u00f9ng b\u1eefa t\u1ed1i t\u1ea1i nh\u00e0 h\u00e0ng, sau \u0111\u00f3 di chuy\u1ec3n v\u1ec1 kh\u00e1ch s\u1ea1n.<\/p>\n<p>Ngh\u1ec9 \u0111\u00eam t\u1ea1i kh\u00e1ch s\u1ea1n \u1edf Cairo.<\/p>\n<p><a class=\"toggle act-accordion-mobile act-accordion\">NG\u00c0Y 3: H\u00c0NH TR\u00ccNH KIM T\u1ef0 TH\u00c1P<\/a><\/p>\n<p><img loading=\"lazy\" decoding=\"async\" class=\"aligncenter\" src=\"https:\/\/baocuchuoi.com\/wp-content\/uploads\/2020\/11\/1-31.jpg\" alt=\"Kim t\u1ef1 th\u00e1p Giza v\u00e0 nh\u1eefng b\u00ed \u1ea9n ch\u01b0a c\u00f3 l\u1eddi gi\u1ea3i \u0111\u00e1p\" width=\"850\" height=\"781\" \/><\/p>\n<div class=\"accordion-inner accordion-inner-mobile \">\n<p><strong>S\u00e1ng:\u00a0<\/strong>Qu\u00fd kh\u00e1ch d\u00f9ng \u0111i\u1ec3m t\u00e2m s\u00e1ng t\u1ea1i kh\u00e1ch s\u1ea1n, sau \u0111\u00f3 b\u1eaft \u0111\u1ea7u chuy\u1ebfn kh\u00e1m ph\u00e1 huy\u1ec1n tho\u1ea1i Ai C\u1eadp ng\u00e0y th\u1ee9 hai v\u1edbi:<\/p>\n<ul>\n<li><strong>B\u1ea3o t\u00e0ng c\u1ed5 v\u1eadt Ai C\u1eadp \u2013\u00a0<\/strong>T\u1ea1i \u0111\u00e2y tr\u01b0ng b\u00e0y b\u1ed9 s\u01b0u t\u1eadp hi\u1ebfm hoi c\u1ee7a 5000 n\u0103m \u0111\u1ea5t n\u01b0\u1edbc n\u00e0y \u0111\u01b0\u1ee3c coi l\u00e0 b\u1ed9 s\u01b0u t\u1eadp ngh\u1ec7 thu\u1eadt Ai C\u1eadp l\u1edbn nh\u1ea5t tr\u00ean th\u1ebf gi\u1edbi. H\u01a1n 250.000 \u0111\u1ed3 t\u1ea1o t\u00e1c ch\u00ednh b\u1ea3n \u0111\u01b0\u1ee3c tr\u01b0ng b\u00e0y, bao g\u1ed3m m\u1ed9t b\u1ed9 s\u01b0u t\u1eadp kho t\u00e0ng, v\u00e0ng v\u00e0 \u0111\u1ed3 trang s\u1ee9c c\u1ee7a Tutankhamen, khi n\u00f3 \u0111\u01b0\u1ee3c bao b\u1ecdc trong ng\u00f4i m\u1ed9 c\u1ee7a \u00f4ng trong h\u01a1n 3.500 n\u0103m tr\u01b0\u1edbc khi n\u00f3 \u0111\u01b0\u1ee3c ph\u00e1t hi\u1ec7n v\u00e0o nh\u1eefng n\u0103m 1920 khi ng\u00f4i m\u1ed9 c\u1ee7a \u00f4ng \u0111\u01b0\u1ee3c khai qu\u1eadt.<\/li>\n<li><strong>Tham quan Kim T\u1ef1 Th\u00e1p Cheops, Chephren v\u00e0 Mykerions \u2013\u00a0<\/strong>\u0110\u00e2y l\u00e0 kim t\u1ef1 th\u00e1p l\u1edbn nh\u1ea5t \u0111\u01b0\u1ee3c x\u00e2y d\u1ef1ng trong l\u1ecbch s\u1eed lo\u00e0i ng\u01b0\u1eddi. Qu\u00fd kh\u00e1ch s\u1ebd cho\u00e1ng ng\u1ee3p b\u1edfi s\u1ef1 t\u00e0i ba tinh t\u1ebf c\u1ee7a ng\u01b0\u1eddi Ai C\u1eadp c\u1ed5 \u0111\u1ea1i. Nh\u1eefng th\u00f4ng s\u1ed1 k\u1ef9 thu\u1eadt, nh\u1eefng c\u1ea5u k\u1ebft ki\u1ebfn tr\u00fac v\u00e0 c\u1ea3 t\u00ednh ngh\u1ec7 thu\u1eadt t\u1ea5t c\u1ea3 \u0111\u00e3 t\u1ea1o cho n\u01a1i \u0111\u00e2y.<\/li>\n<\/ul>\n<p><strong>Chi\u1ec1u:<\/strong>\u00a0Sau khi d\u00f9ng b\u1eefa tr\u01b0a t\u1ea1i nh\u00e0 h\u00e0ng, qu\u00fd kh\u00e1ch tham quan:<\/p>\n<ul>\n<li><strong>T\u1eadn m\u1eaft tham quan qu\u1ea7n th\u1ec3 Sphinx \u2013<\/strong>\u00a0m\u1ed9t khu m\u1ed9 kh\u1ed5ng l\u1ed3 \u0111\u01b0\u1ee3c b\u1ea3o v\u1ec7 b\u1edfi Nh\u00e2n S\u01b0 huy\u1ec1n b\u00ed v\u1edbi khu\u00f4n m\u1eb7t c\u1ee7a vua Chephren. N\u01a1i \u0111\u00e2y v\u1eabn c\u00f2n nhi\u1ec1u \u1ea9n s\u1ed1 b\u00ed \u1ea9n v\u1ec1 s\u1ef1 t\u00e0i t\u00ecnh c\u1ee7a con ng\u01b0\u1eddi, c\u0169ng nh\u01b0 nh\u1eefng tinh t\u1ebf c\u1ee7a c\u00f4ng tr\u00ecnh ki\u1ebfn tr\u00fac, t\u1ea1o cho n\u01a1i \u0111\u00e2y m\u1ed9t s\u1ee9c h\u00fat l\u1edbn v\u1edbi du kh\u00e1ch kh\u1eafp n\u01a1i.<\/li>\n<\/ul>\n<p>Qu\u00fd kh\u00e1ch di chuy\u1ec3n v\u1ec1 trung t\u00e2m cho b\u1eefa t\u1ed1i t\u1ea1i nh\u00e0 h\u00e0ng.<\/p>\n<p>Ngh\u1ec9 \u0111\u00eam t\u1ea1i kh\u00e1ch s\u1ea1n \u1edf Cairo<\/p>\n<p><a class=\"toggle act-accordion-mobile act-accordion\">NG\u00c0Y 4: CAIRO \u2013 ALEXANDRIA<\/a><\/p>\n<p><img decoding=\"async\" class=\"aligncenter\" src=\"https:\/\/www.migolatravel.com\/wp-content\/uploads\/2018\/02\/s1200.jpg\" alt=\"\u0110\u1ebfn v\u1edbi th\u00e0nh ph\u1ed1 Alexandria - \u201cvi\u00ean ng\u1ecdc\u201d b\u00ean b\u1edd \u0110\u1ecba Trung H\u1ea3i\" \/><\/p>\n<div class=\"accordion-inner accordion-inner-mobile \">\n<p><strong>S\u00e1ng:\u00a0<\/strong>Qu\u00fd kh\u00e1ch d\u00f9ng b\u1eefa s\u00e1ng t\u1ea1i kh\u00e1ch s\u1ea1n, xe \u0111\u00f3n qu\u00fd kh\u00e1ch t\u1ea1i kh\u00e1ch s\u1ea1n kh\u1edfi h\u00e0nh \u0111\u1ebfn Alexandria v\u00e0 tham quan:<\/p>\n<ul>\n<li><strong>Th\u01b0 vi\u1ec7n Alexandria \u2013\u00a0<\/strong>th\u01b0 vi\u1ec7n l\u1edbn nh\u1ea5t th\u1ebf gi\u1edbi v\u1edbi h\u01a1n 8 tri\u1ec7u cu\u1ed1n s\u00e1ch \u0111\u01b0\u1ee3c l\u01b0u tr\u1eef. Tham quan phi\u00ean t\u00f2a m\u1edf, n\u01a1i b\u1ea1n c\u00f3 th\u1ec3 nh\u00ecn th\u1ea5y b\u1ee9c t\u01b0\u1ee3ng Alexander \u0110\u1ea1i \u0110\u1ebf v\u00e0 b\u1ee9c t\u01b0\u1ee3ng Ptolemy \u0111\u1ea7u ti\u00ean, \u0111\u01b0\u1ee3c t\u00ecm th\u1ea5y d\u01b0\u1edbi n\u01b0\u1edbc g\u1ea7n \u0111\u00f3.(l\u01b0u \u00fd \u2013 th\u01b0 vi\u1ec7n Alexandria \u0111\u00f3ng c\u1eeda v\u00e0o th\u1ee9 6 v\u00e0 nh\u1eefng d\u1ecbp ngh\u1ec9 l\u1ec5 qu\u1ed1c gia).<\/li>\n<\/ul>\n<p>Qu\u00fd kh\u00e1ch d\u00f9ng b\u1eefa tr\u01b0a t\u1ea1i nh\u00e0 h\u00e0ng \u0111\u1ecba ph\u01b0\u01a1ng.<\/p>\n<p><strong>Chi\u1ec1u:\u00a0<\/strong>Sau \u0111\u00f3 qu\u00fd kh\u00e1ch ti\u1ebfp t\u1ee5c ch\u01b0\u01a1ng tr\u00ecnh v\u1edbi:<\/p>\n<ul>\n<li><strong>Tham quan Nh\u00e0 h\u00e1t Amphitheater La M\u00e3 Alexandria<\/strong>\u00a0&#8211; v\u1edbi vi\u1ec7c tr\u01b0ng b\u00e0y c\u00e1c t\u01b0\u1ee3ng \u0111\u00e0i ch\u00ecm c\u1ee7a Alexandria \u0111\u01b0\u1ee3c kh\u00e1m ph\u00e1 d\u01b0\u1edbi b\u1ebfn c\u1ea3ng ph\u00eda \u0111\u00f4ng c\u1ee7a Alexandria, th\u0103m trung t\u00e2m th\u00e0nh ph\u1ed1 c\u0169 c\u1ee7a Alexandria, n\u01a1i b\u1ea1n c\u00f3 th\u1ec3 \u0111i b\u1ed9 qua trung t\u00e2m th\u00e0nh ph\u1ed1 c\u0169 c\u1ee7a Alexandria.<\/li>\n<li><strong>Tham quan Nh\u00e0 th\u1edd H\u1ed3i gi\u00e1o El Nabi Daniel<\/strong>\u00a0&#8211; \u0111\u01b0\u1ee3c nhi\u1ec1u ng\u01b0\u1eddi tin r\u1eb1ng c\u00f3 li\u00ean quan \u0111\u1ebfn khu l\u0103ng m\u1ed9 l\u1edbn Alexander, v\u1edbi nh\u1eefng n\u00e9t huy\u1ec1n b\u00ed.<\/li>\n<li><strong>Tham quan Ng\u1ecdn H\u1ea3i \u0110\u0103ng \u2013\u00a0<\/strong>m\u1ed9t trong b\u1ea3y k\u1ef3 quan quan c\u1ee7a th\u1ebf gi\u1edbi c\u1ed5 \u0111\u1ea1i, tham quan khu v\u01b0\u1eddn ho\u00e0ng gia c\u1ee7a cung \u0111i\u1ec7n Haramlek.<\/li>\n<li>Sau \u0111\u00f3 gh\u00e9 th\u0103m nh\u00e0 th\u1edd h\u1ed3i gi\u00e1o n\u1ed5i ti\u1ebfng v\u00e0 \u0111\u1eb9p nh\u1ea5t trong s\u1ed1 nh\u1eefng nh\u00e0 th\u1edd h\u1ed3i gi\u00e1o &#8211; nh\u00e0 th\u1edd AbboElabbas,\u00a0<strong>ng\u01b0\u1eddi l\u00ednh ch\u01b0a bi\u1ebft c\u1ee7a Alexandria, b\u1ee9c t\u01b0\u1ee3ng c\u1ee7a Alexander v\u0129 \u0111\u1ea1i. Di chuy\u1ec3n \u0111\u1ebfn th\u0103m nh\u00e0 th\u1edd St. Mark nh\u00e0 th\u1edd c\u1ed5 nh\u1ea5t \u1edf ch\u00e2u Phi.<\/strong><\/li>\n<li><strong>Ti\u1ebfp t\u1ee5c \u0111i 30 km d\u1ecdc theo b\u1edd bi\u1ec3n Alexandria<\/strong>\u00a0\u2013 n\u01a1i c\u00f3 t\u1edbi 7000 k\u1ef7 v\u1eadt \u1edf d\u01b0\u1edbi n\u01b0\u1edbc \u0111\u00e3 \u0111\u01b0\u1ee3c ng\u01b0\u1eddi d\u00e2n Ai C\u1eadp t\u00ecm th\u1ea5y.<\/li>\n<li>D\u1eebng l\u1ea1i tr\u00ean c\u00e2y c\u1ea7u Satanley n\u1ed5i ti\u1ebfng, minh ch\u1ee9ng c\u1ee7a Alexandria hi\u1ec7n \u0111\u1ea1i, gh\u00e9 th\u0103m th\u1ecb tr\u1ea5n c\u1ed5 Alexandria v\u00e0 \u0111i b\u1ed9 \u1edf trung t\u00e2m th\u00e0nh ph\u1ed1 c\u1ed5 Alexandria \u0111\u1ec3 xem th\u00e0nh ph\u1ed1 th\u1ef1c s\u1ef1 tuy\u1ec7t v\u1eddi c\u1ee7a Alexandria \u0111\u01b0\u1ee3c x\u00e2y d\u1ef1ng b\u1edfi Alexander \u0110\u1ea1i \u0110\u1ebf.<\/li>\n<\/ul>\n<p>Qu\u00fd kh\u00e1ch d\u00f9ng b\u1eefa t\u1ed1i t\u1ea1i nh\u00e0 h\u00e0ng, sau \u0111\u00f3 di chuy\u1ec3n v\u1ec1 kh\u00e1ch s\u1ea1n.<\/p>\n<p>Ngh\u1ec9 \u0111\u00eam t\u1ea1i kh\u00e1ch s\u1ea1n \u1edf Alexxandria<\/p>\n<p><a class=\"toggle act-accordion-mobile act-accordion\">NG\u00c0Y 5: ALEXANDRIA &#8211; SAKKARA \u2013 H\u00c0 N\u1ed8I<\/a><\/p>\n<p><img decoding=\"async\" class=\"aligncenter\" src=\"https:\/\/photo-cms-kienthuc.zadn.vn\/zoom\/800\/uploaded\/hongnhat\/2021_12_20\/4\/kim-1_GXHG.jpg\" alt=\"S\u1ef1 th\u1eadt b\u1ea5t ng\u1edd v\u1ec1 pharaoh Ai C\u1eadp \u0111\u1ee9ng sau kim t\u1ef1 th\u00e1p kh\u1ee7ng\" \/><\/p>\n<div class=\"accordion-inner accordion-inner-mobile \">\n<p><strong>S\u00e1ng:<\/strong>\u00a0Qu\u00fd kh\u00e1ch d\u00f9ng b\u1eefa s\u00e1ng t\u1ea1i kh\u00e1ch s\u1ea1n, xe v\u00e0 h\u01b0\u1edbng d\u1eabn vi\u00ean s\u1ebd \u0111\u00f3n qu\u00fd kh\u00e1ch t\u1ea1i kh\u00e1ch s\u1ea1n sau \u0111\u00f3 ti\u1ebfp t\u1ee5c chuy\u1ebfn tham quan v\u1edbi:<\/p>\n<ul>\n<li><strong>Kim T\u1ef1 Th\u00e1p Zoser<\/strong>\u00a0\u2013 Kim t\u1ef1 th\u00e1p v\u1edbi c\u1ea5u tr\u00fac \u0111\u00e1 c\u1ed5 nh\u1ea5t th\u1ebf gi\u1edbi, \u0111\u01b0\u1ee3c x\u00e2y v\u00e0o chi\u1ec1u \u0111\u1ea1i th\u1ee9 3 c\u1ee7a vua Djoser.<\/li>\n<\/ul>\n<p>Qu\u00fd kh\u00e1ch ti\u1ebfp t\u1ee5c di chuy\u1ec3n \u0111\u1ebfn\u00a0<strong>Memphis\u00a0<\/strong>\u2013 n\u01a1i \u0111\u01b0\u1ee3c t\u00ecm th\u1ea5y b\u1edfi Menes v\u00e0 th\u1ee7 \u0111\u00f4 c\u1ee7a Ai C\u1eadp c\u1ed5 \u0111\u1ea1i. N\u01a1i \u0111\u00e2y \u0111\u01b0\u1ee3c coi nh\u01b0 l\u00e0 trung t\u00e2m c\u1ee7a lu\u1eadt l\u1ec7 v\u00e0 v\u0103n h\u00f3a h\u01a1n 3000 n\u0103m Ai C\u1eadp, th\u0103m b\u1ee9c t\u01b0\u1ee3ng Ramses II,<\/p>\n<p>Tr\u00ean cung \u0111\u01b0\u1eddng h\u01b0\u1edbng v\u1ec1 ph\u00eda nam, qu\u00fd kh\u00e1ch tham quan Kim T\u1ef1 Th\u00e1p \u0111\u1ecf v\u00e0 Kim T\u1ef1 Th\u00e1p Th\u1eddi \u0110\u1ea1i \u1edf Dahshur.<\/p>\n<p><strong>Chi\u1ec1u:<\/strong>\u00a0Qu\u00fd kh\u00e1ch d\u00f9ng b\u1eefa tr\u01b0a t\u1ea1i nh\u00e0 h\u00e0ng \u0111\u1ecba ph\u01b0\u01a1ng.<\/p>\n<p>Qu\u00fd kh\u00e1ch t\u1ef1 do tham quan v\u00e0 mua s\u1eafm ch\u01a1 t\u1edbi gi\u1edd di chuy\u1ec3n ra s\u00e2n bay, \u0111\u00e1p chuy\u1ebfn bay tr\u1edf v\u1ec1 Vi\u1ec7t Nam.<\/p>\n<p>Ngh\u1ec9 \u0111\u00eam tr\u00ean m\u00e1y bay<\/p>\n<p><a class=\"toggle act-accordion-mobile act-accordion\">NG\u00c0Y 6: H\u00c0 N\u1ed8I<\/a><\/p>\n<div class=\"accordion-inner accordion-inner-mobile \">\n<p><strong>S\u00e1ng:<\/strong>\u00a0Qu\u00fd kh\u00e1ch c\u00f3 m\u1eb7t t\u1ea1i s\u00e2n bay qu\u1ed1c t\u1ebf N\u1ed9i B\u00e0i, xe c\u00f9ng h\u01b0\u1edbng d\u1eabn vi\u00ean \u0111\u01b0a qu\u00fd kh\u00e1ch tr\u1edf v\u1ec1 v\u1edbi \u0111i\u1ec3m xu\u1ea5t ph\u00e1t ban \u0111\u1ea7u. K\u1ebft th\u00fac ch\u01b0\u01a1ng tr\u00ecnh.<\/p>\n<div class=\"list-single-main-item-title fl-wrap\">\n<h3>Th\u00f4ng tin chi ti\u1ebft<\/h3>\n<\/div>\n<div id=\"noi_dung\">\n<p><strong>D\u1ecaCH V\u1ee4 BAO G\u1ed2M:<\/strong><\/p>\n<ul>\n<li>Ve\u0301 ma\u0301y bay qu\u00f4\u0301c t\u00ea\u0301 ch\u1eb7ng (kh\u1ee9 h\u1ed3i): H\u00e0 N\u1ed9i \u2192 Cairo \u2192H\u00e0 N\u1ed9i. Thu\u00ea\u0301 ha\u0300ng kh\u00f4ng, ph\u00ed ph\u1ee5c v\u1ee5 t\u1ea1i s\u00e2n bay.<\/li>\n<li>Kh\u00e1ch s\u1ea1n ti\u00eau chu\u1ea9n 4*++ (2 ng\u01b0\u1eddi tr\u00ean ph\u00f2ng, l\u1ebb s\u1ebd gh\u00e9p 3).<\/li>\n<li>H\u01b0\u1edbng d\u1eabn vi\u00ean su\u1ed1t tuy\u1ebfn \u0111i t\u1eeb Vi\u1ec7t Nam.<\/li>\n<li>Ph\u00ed visa nh\u1eadp c\u1ea3nh Ai C\u1eadp.<\/li>\n<li>V\u00e9 v\u00e0o c\u1eeda tham quan c\u00e1c c\u1ea3nh \u0111i\u1ec3m.<\/li>\n<li>C\u00e1c b\u1eefa \u0103n theo ch\u01b0\u01a1ng tri\u0300nh.<\/li>\n<li>C\u00e1c ph\u01b0\u01a1ng ti\u1ec7n v\u1eadn chuy\u1ec3n theo ti\u00eau chu\u1ea9n su\u1ed1t h\u00e0nh tr\u00ecnh.<\/li>\n<li>N\u01b0\u01a1\u0301c su\u00f4\u0301i 1 chai\/ng\u01b0\u01a1\u0300i\/nga\u0300y.<\/li>\n<li>B\u1ea3o hi\u1ec3m du l\u1ecbch m\u1ee9c t\u1ed1i \u0111a 50.000 USD\/v\u1ee5 c\u1ee7a h\u00e3ng B\u1ea3o hi\u1ec3m to\u00e0n c\u1ea7u AIG<\/li>\n<\/ul>\n<p><strong>D\u1ecaCH V\u1ee4 CH\u01afA BAO G\u1ed2M:<\/strong><\/p>\n<ul>\n<li>Chi ph\u00ed l\u00e0m h\u1ed9 chi\u1ebfu.<\/li>\n<li>Chi ph\u00ed c\u00e1 nh\u00e2n: \u0110i\u1ec7n tho\u1ea1i, Internet, \u0111\u1ed3 u\u1ed1ng v\u00e0 \u0111\u1ed3 \u0103n m\u1ea5t ph\u00ed, xe v\u00e0 HDV ph\u1ee5c v\u1ee5 ngo\u00e0i gi\u1edd.<\/li>\n<li>Thu\u1ebf VAT.<\/li>\n<li>H\u00e0nh l\u00fd qu\u00e1 c\u01b0\u1edbc theo quy \u0111\u1ecbnh h\u00e0ng kh\u00f4ng.<\/li>\n<li>Ti\u1ec1n tip cho HDV \u0111\u1ecba ph\u01b0\u01a1ng, t\u00e0i x\u1ebf (7 &#8211; 8 USD\/kh\u00e1ch\/ng\u00e0y).<\/li>\n<li>Phu\u0323 thu pho\u0300ng \u0111\u01a1n (n\u00ea\u0301u co\u0301).<\/li>\n<\/ul>\n<p><strong>L\u01afU \u00dd<\/strong><\/p>\n<ul>\n<li>\u00a0Pho\u0300ng ba se\u0303 \u0111\u01b0\u1ee3c b\u00f4\u0301 tri\u0301 khi c\u00e2\u0300n thi\u00ea\u0301t vi\u0300 ly\u0301 do gi\u01a1\u0301i ti\u0301nh. Gi\u1edd nh\u1eadn ph\u00f2ng s\u1edbm nh\u1ea5t t\u1eeb 14h00; tr\u1ea3 ph\u00f2ng mu\u1ed9n nh\u1ea5t 12h00.<\/li>\n<li>N\u1ebfu ph\u1ee5 ph\u00ed x\u0103ng d\u1ea7u t\u0103ng qu\u00e1 10% th\u00ec m\u1ee9c gi\u00e1 tour s\u1ebd \u0111\u01b0\u1ee3c \u0111i\u1ec1u ch\u1ec9nh l\u1ea1i.<\/li>\n<li>Tr\u1ebb em t\u1eeb 2 \u2013 11 tu\u1ed5i: Gi\u00e1 tour \u00e1p d\u1ee5ng 80% ng\u01b0\u1eddi l\u1edbn v\u00e0 ng\u1ee7 c\u00f9ng v\u1edbi b\u1ed1 m\u1eb9.<\/li>\n<li>Thu h\u1ed9 chi\u1ebfu g\u1ed1c ngay khi kh\u00e1ch h\u00e0ng \u0111\u0103ng k\u00fd tour.<\/li>\n<\/ul>\n<\/div>\n<\/div>\n<\/div>\n<\/div>\n<\/div>\n<\/div>\n<\/div>\n","protected":false},"excerpt":{"rendered":"<p>NG\u00c0Y 1: H\u00c0 N\u1ed8I \u2013 CAIRO Chi\u1ec1u:\u00a0Qu\u00fd kh\u00e1ch \u0111\u00f3n qu\u00fd kh\u00e1ch \u1edf \u0111i\u1ec3m h\u1eb9n, di chuy\u1ec3n ra s\u00e2n bay N\u1ed9i B\u00e0i \u0111\u00e1p chuy\u1ebfn bay \u0111i Cairo. Ngh\u1ec9 \u0111\u00eam t\u1ea1i Cairo NG\u00c0Y 2: CAIRO &#8211; H\u00c0NH TR\u00ccNH KIM T\u1ef0 TH\u00c1P S\u00e1ng:\u00a0Qu\u00fd kh\u00e1ch c\u00f3 m\u1eb7t t\u1ea1i s\u00e2n bay Cairo, xe c\u00f9ng h\u01b0\u1edbng d\u1eabn vi\u00ean s\u1ebd \u0111\u01b0a qu\u00fd [&#8230;]\n","protected":false},"featured_media":1247,"comment_status":"open","ping_status":"closed","template":"","meta":[],"product_cat":[109,115],"product_tag":[],"class_list":["post-1246","product","type-product","status-publish","has-post-thumbnail","hentry","product_cat-san-pham-ban-chay","product_cat-tour-quoc-te"],"acf":[],"yoast_head":"<!-- This site is optimized with the Yoast SEO plugin v19.7.2 - https:\/\/yoast.com\/wordpress\/plugins\/seo\/ -->\n<title>AI C\u1eacP: CAIRO \u2013 KIM T\u1ef0 TH\u00c1P - ALEXANDRIA - dulich16<\/title>\n<meta name=\"robots\" content=\"noindex, follow, max-snippet:-1, max-image-preview:large, max-video-preview:-1\" \/>\n<meta property=\"og:locale\" content=\"vi_VN\" \/>\n<meta property=\"og:type\" content=\"article\" \/>\n<meta property=\"og:title\" content=\"AI C\u1eacP: CAIRO \u2013 KIM T\u1ef0 TH\u00c1P - ALEXANDRIA - dulich16\" \/>\n<meta property=\"og:description\" content=\"NG\u00c0Y 1: H\u00c0 N\u1ed8I \u2013 CAIRO Chi\u1ec1u:\u00a0Qu\u00fd kh\u00e1ch \u0111\u00f3n qu\u00fd kh\u00e1ch \u1edf \u0111i\u1ec3m h\u1eb9n, di chuy\u1ec3n ra s\u00e2n bay N\u1ed9i B\u00e0i \u0111\u00e1p chuy\u1ebfn bay \u0111i Cairo. Ngh\u1ec9 \u0111\u00eam t\u1ea1i Cairo NG\u00c0Y 2: CAIRO &#8211; H\u00c0NH TR\u00ccNH KIM T\u1ef0 TH\u00c1P S\u00e1ng:\u00a0Qu\u00fd kh\u00e1ch c\u00f3 m\u1eb7t t\u1ea1i s\u00e2n bay Cairo, xe c\u00f9ng h\u01b0\u1edbng d\u1eabn vi\u00ean s\u1ebd \u0111\u01b0a qu\u00fd [...]\" \/>\n<meta property=\"og:url\" content=\"https:\/\/mauweb.tamnguyen.vn\/dulich16\/san-pham\/ai-cap-cairo-kim-tu-thap-alexandria\/\" \/>\n<meta property=\"og:site_name\" content=\"dulich16\" \/>\n<meta property=\"article:modified_time\" content=\"2022-05-04T03:07:36+00:00\" \/>\n<meta property=\"og:image\" content=\"https:\/\/mauweb.tamnguyen.vn\/dulich16\/wp-content\/uploads\/2022\/05\/1502940628_Untitled-2.jpg\" \/>\n\t<meta property=\"og:image:width\" content=\"600\" \/>\n\t<meta property=\"og:image:height\" content=\"450\" \/>\n\t<meta property=\"og:image:type\" content=\"image\/jpeg\" \/>\n<meta name=\"twitter:card\" content=\"summary_large_image\" \/>\n<meta name=\"twitter:label1\" content=\"\u01af\u1edbc t\u00ednh th\u1eddi gian \u0111\u1ecdc\" \/>\n\t<meta name=\"twitter:data1\" content=\"10 ph\u00fat\" \/>\n<script type=\"application\/ld+json\" class=\"yoast-schema-graph\">{\"@context\":\"https:\/\/schema.org\",\"@graph\":[{\"@type\":\"WebPage\",\"@id\":\"https:\/\/mauweb.tamnguyen.vn\/dulich16\/san-pham\/ai-cap-cairo-kim-tu-thap-alexandria\/\",\"url\":\"https:\/\/mauweb.tamnguyen.vn\/dulich16\/san-pham\/ai-cap-cairo-kim-tu-thap-alexandria\/\",\"name\":\"AI C\u1eacP: CAIRO \u2013 KIM T\u1ef0 TH\u00c1P - ALEXANDRIA - dulich16\",\"isPartOf\":{\"@id\":\"https:\/\/mauweb.tamnguyen.vn\/dulich16\/#website\"},\"datePublished\":\"2022-05-03T04:58:13+00:00\",\"dateModified\":\"2022-05-04T03:07:36+00:00\",\"breadcrumb\":{\"@id\":\"https:\/\/mauweb.tamnguyen.vn\/dulich16\/san-pham\/ai-cap-cairo-kim-tu-thap-alexandria\/#breadcrumb\"},\"inLanguage\":\"vi\",\"potentialAction\":[{\"@type\":\"ReadAction\",\"target\":[\"https:\/\/mauweb.tamnguyen.vn\/dulich16\/san-pham\/ai-cap-cairo-kim-tu-thap-alexandria\/\"]}]},{\"@type\":\"BreadcrumbList\",\"@id\":\"https:\/\/mauweb.tamnguyen.vn\/dulich16\/san-pham\/ai-cap-cairo-kim-tu-thap-alexandria\/#breadcrumb\",\"itemListElement\":[{\"@type\":\"ListItem\",\"position\":1,\"name\":\"Trang ch\u1ee7\",\"item\":\"https:\/\/mauweb.tamnguyen.vn\/dulich16\/\"},{\"@type\":\"ListItem\",\"position\":2,\"name\":\"Shop\",\"item\":\"https:\/\/mauweb.tamnguyen.vn\/dulich16\/shop\/\"},{\"@type\":\"ListItem\",\"position\":3,\"name\":\"AI C\u1eacP: CAIRO \u2013 KIM T\u1ef0 TH\u00c1P &#8211; ALEXANDRIA\"}]},{\"@type\":\"WebSite\",\"@id\":\"https:\/\/mauweb.tamnguyen.vn\/dulich16\/#website\",\"url\":\"https:\/\/mauweb.tamnguyen.vn\/dulich16\/\",\"name\":\"dulich16\",\"description\":\"\",\"potentialAction\":[{\"@type\":\"SearchAction\",\"target\":{\"@type\":\"EntryPoint\",\"urlTemplate\":\"https:\/\/mauweb.tamnguyen.vn\/dulich16\/?s={search_term_string}\"},\"query-input\":\"required name=search_term_string\"}],\"inLanguage\":\"vi\"}]}<\/script>\n<!-- \/ Yoast SEO plugin. -->","yoast_head_json":{"title":"AI C\u1eacP: CAIRO \u2013 KIM T\u1ef0 TH\u00c1P - ALEXANDRIA - dulich16","robots":{"index":"noindex","follow":"follow","max-snippet":"max-snippet:-1","max-image-preview":"max-image-preview:large","max-video-preview":"max-video-preview:-1"},"og_locale":"vi_VN","og_type":"article","og_title":"AI C\u1eacP: CAIRO \u2013 KIM T\u1ef0 TH\u00c1P - ALEXANDRIA - dulich16","og_description":"NG\u00c0Y 1: H\u00c0 N\u1ed8I \u2013 CAIRO Chi\u1ec1u:\u00a0Qu\u00fd kh\u00e1ch \u0111\u00f3n qu\u00fd kh\u00e1ch \u1edf \u0111i\u1ec3m h\u1eb9n, di chuy\u1ec3n ra s\u00e2n bay N\u1ed9i B\u00e0i \u0111\u00e1p chuy\u1ebfn bay \u0111i Cairo. Ngh\u1ec9 \u0111\u00eam t\u1ea1i Cairo NG\u00c0Y 2: CAIRO &#8211; H\u00c0NH TR\u00ccNH KIM T\u1ef0 TH\u00c1P S\u00e1ng:\u00a0Qu\u00fd kh\u00e1ch c\u00f3 m\u1eb7t t\u1ea1i s\u00e2n bay Cairo, xe c\u00f9ng h\u01b0\u1edbng d\u1eabn vi\u00ean s\u1ebd \u0111\u01b0a qu\u00fd [...]","og_url":"https:\/\/mauweb.tamnguyen.vn\/dulich16\/san-pham\/ai-cap-cairo-kim-tu-thap-alexandria\/","og_site_name":"dulich16","article_modified_time":"2022-05-04T03:07:36+00:00","og_image":[{"width":600,"height":450,"url":"https:\/\/mauweb.tamnguyen.vn\/dulich16\/wp-content\/uploads\/2022\/05\/1502940628_Untitled-2.jpg","type":"image\/jpeg"}],"twitter_card":"summary_large_image","twitter_misc":{"\u01af\u1edbc t\u00ednh th\u1eddi gian \u0111\u1ecdc":"10 ph\u00fat"},"schema":{"@context":"https:\/\/schema.org","@graph":[{"@type":"WebPage","@id":"https:\/\/mauweb.tamnguyen.vn\/dulich16\/san-pham\/ai-cap-cairo-kim-tu-thap-alexandria\/","url":"https:\/\/mauweb.tamnguyen.vn\/dulich16\/san-pham\/ai-cap-cairo-kim-tu-thap-alexandria\/","name":"AI C\u1eacP: CAIRO \u2013 KIM T\u1ef0 TH\u00c1P - ALEXANDRIA - dulich16","isPartOf":{"@id":"https:\/\/mauweb.tamnguyen.vn\/dulich16\/#website"},"datePublished":"2022-05-03T04:58:13+00:00","dateModified":"2022-05-04T03:07:36+00:00","breadcrumb":{"@id":"https:\/\/mauweb.tamnguyen.vn\/dulich16\/san-pham\/ai-cap-cairo-kim-tu-thap-alexandria\/#breadcrumb"},"inLanguage":"vi","potentialAction":[{"@type":"ReadAction","target":["https:\/\/mauweb.tamnguyen.vn\/dulich16\/san-pham\/ai-cap-cairo-kim-tu-thap-alexandria\/"]}]},{"@type":"BreadcrumbList","@id":"https:\/\/mauweb.tamnguyen.vn\/dulich16\/san-pham\/ai-cap-cairo-kim-tu-thap-alexandria\/#breadcrumb","itemListElement":[{"@type":"ListItem","position":1,"name":"Trang ch\u1ee7","item":"https:\/\/mauweb.tamnguyen.vn\/dulich16\/"},{"@type":"ListItem","position":2,"name":"Shop","item":"https:\/\/mauweb.tamnguyen.vn\/dulich16\/shop\/"},{"@type":"ListItem","position":3,"name":"AI C\u1eacP: CAIRO \u2013 KIM T\u1ef0 TH\u00c1P &#8211; ALEXANDRIA"}]},{"@type":"WebSite","@id":"https:\/\/mauweb.tamnguyen.vn\/dulich16\/#website","url":"https:\/\/mauweb.tamnguyen.vn\/dulich16\/","name":"dulich16","description":"","potentialAction":[{"@type":"SearchAction","target":{"@type":"EntryPoint","urlTemplate":"https:\/\/mauweb.tamnguyen.vn\/dulich16\/?s={search_term_string}"},"query-input":"required name=search_term_string"}],"inLanguage":"vi"}]}},"_links":{"self":[{"href":"https:\/\/mauweb.tamnguyen.vn\/dulich16\/wp-json\/wp\/v2\/product\/1246"}],"collection":[{"href":"https:\/\/mauweb.tamnguyen.vn\/dulich16\/wp-json\/wp\/v2\/product"}],"about":[{"href":"https:\/\/mauweb.tamnguyen.vn\/dulich16\/wp-json\/wp\/v2\/types\/product"}],"replies":[{"embeddable":true,"href":"https:\/\/mauweb.tamnguyen.vn\/dulich16\/wp-json\/wp\/v2\/comments?post=1246"}],"wp:featuredmedia":[{"embeddable":true,"href":"https:\/\/mauweb.tamnguyen.vn\/dulich16\/wp-json\/wp\/v2\/media\/1247"}],"wp:attachment":[{"href":"https:\/\/mauweb.tamnguyen.vn\/dulich16\/wp-json\/wp\/v2\/media?parent=1246"}],"wp:term":[{"taxonomy":"product_cat","embeddable":true,"href":"https:\/\/mauweb.tamnguyen.vn\/dulich16\/wp-json\/wp\/v2\/product_cat?post=1246"},{"taxonomy":"product_tag","embeddable":true,"href":"https:\/\/mauweb.tamnguyen.vn\/dulich16\/wp-json\/wp\/v2\/product_tag?post=1246"}],"curies":[{"name":"wp","href":"https:\/\/api.w.org\/{rel}","templated":true}]}}