{"id":2268,"date":"2021-05-02T08:28:22","date_gmt":"2021-05-02T08:28:22","guid":{"rendered":"http:\/\/khachhang.webrt.vn\/phong\/vietstartour\/?post_type=product&#038;p=2268"},"modified":"2021-05-05T03:41:21","modified_gmt":"2021-05-05T03:41:21","slug":"du-lich-moc-chau-2-ngay-1-dem-tu-tphcm-ha-noi-3","status":"publish","type":"product","link":"https:\/\/mauweb.tamnguyen.vn\/dulich14\/du-lich-moc-chau-2-ngay-1-dem-tu-tphcm-ha-noi-3\/","title":{"rendered":"M\u1ed9c Ch\u00e2u 2 ng\u00e0y 1 \u0111\u00eam"},"content":{"rendered":"<h3><strong>DU L\u1ecaCH M\u1ed8C CH\u00c2U 2 NG\u00c0Y 1 \u0110\u00caM C\u00d3 G\u00cc<\/strong><\/h3>\n<p>Du l\u1ecbch M\u1ed9c Ch\u00e2u 2 ng\u00e0y 1 \u0111\u00eam v\u1edbi H\u00e0nh tr\u00ecnh l\u1ea7n n\u00e0y c\u0169ng kh\u00f4ng ngo\u1ea1i l\u1ec7 \u0111o\u00e0n ch\u00fang ta s\u1ebd \u0111\u1ebfn v\u1edbi \u0111i\u1ec3m du l\u1ecbch \u0111\u1ed9c \u0111\u00e1o t\u1ea1i M\u1ed9c ch\u00e2u s\u01a1n la \u0111\u1ec3 ng\u1eafm nh\u00ecn nh\u1eefng m\u00f9a hoa m\u1ea1 hoa \u0111\u00e0o \u0111ua nhau khoe s\u1eafc m\u1ed7i \u0111\u1ed9 xu\u00e2n v\u1ec1, tour \u0110\u1ea5t Vi\u1ec7t v\u1edbi kinh nghi\u1ec7m 10 n\u0103m ho\u1ea1t \u0111\u1ed9ng trong l\u0129nh v\u1ef1c Tour M\u1ed9c Ch\u00e2u cam k\u1ebft ch\u1ea5t l\u01b0\u1ee3ng uy t\u00edn nh\u1ea5t th\u1ecb tr\u01b0\u1eddng. \u0110\u1ebfn Du L\u1ecbch M\u1ed9c Ch\u00e2u 2 ng\u00e0y 1 \u0111\u00eam m\u1ed9t l\u1ea7n d\u00f9 m\u00f9a h\u1ea1 hay \u0111\u00f4ng, ng\u00e0y n\u1eafng tr\u1ea3i v\u00e0ng tr\u00ean r\u1eebng m\u01a1 m\u00f9a xu\u00e2n hay ng\u00e0y \u0111\u00f4ng s\u01b0\u01a1ng m\u00f9 tr\u1eafng n\u00fai\u2026 \u0111\u1ec1u c\u00f3 \u1ea5n t\u01b0\u1ee3ng \u0111\u1eb9p v\u1ec1 v\u00f9ng \u0111\u1ea5t cao nguy\u00ean n\u00e0y.<\/p>\n<p><img loading=\"lazy\" decoding=\"async\" class=\"size-full wp-image-2211 aligncenter\" src=\"\/dulich14\/wp-content\/uploads\/2021\/04\/cc1-min.png\" alt=\"\" width=\"992\" height=\"611\" srcset=\"https:\/\/mauweb.tamnguyen.vn\/dulich14\/wp-content\/uploads\/2021\/04\/cc1-min.png 992w, https:\/\/mauweb.tamnguyen.vn\/dulich14\/wp-content\/uploads\/2021\/04\/cc1-min-649x400.png 649w, https:\/\/mauweb.tamnguyen.vn\/dulich14\/wp-content\/uploads\/2021\/04\/cc1-min-768x473.png 768w\" sizes=\"(max-width: 992px) 100vw, 992px\" \/><\/p>\n<h3><strong>DU L\u1ecaCH M\u1ed8C CH\u00c2U \u0110I \u0110\u00c2U?<\/strong><\/h3>\n<p>M\u1ed9c Ch\u00e2u l\u00e0 huy\u1ec7n mi\u1ec1n n\u00fai, cao nguy\u00ean v\u00e0 bi\u00ean gi\u1edbi, n\u1eb1m \u1edf h\u01b0\u1edbng \u0110\u00f4ng Nam c\u1ee7a t\u1ec9nh S\u01a1n La, c\u00e1ch H\u00e0 N\u1ed9i 180 km v\u1ec1 h\u01b0\u1edbng T\u00e2y B\u1eafc, di\u1ec7n t\u00edch t\u1ef1 nhi\u00ean l\u00e0 1.081,66 km2, chi\u1ebfm 7,49% di\u1ec7n t\u00edch c\u1ee7a t\u1ec9nh S\u01a1n La, \u0111\u1ee9ng th\u1ee9 8 trong s\u1ed1 12 huy\u1ec7n, th\u00e0nh ph\u1ed1 c\u1ee7a t\u1ec9nh S\u01a1n La. Huy\u1ec7n M\u1ed9c Ch\u00e2u c\u00f3 qu\u1ed1c l\u1ed9 6, qu\u1ed1c l\u1ed9 37 v\u00e0 qu\u1ed1c l\u1ed9 43 \u0111i qua, c\u00f3 chung \u0111\u01b0\u1eddng bi\u00ean gi\u1edbi v\u1edbi Vi\u1ec7t Nam \u2013 L\u00e0o d\u00e0i 40,6 km.<\/p>\n<p><img loading=\"lazy\" decoding=\"async\" class=\"size-full wp-image-2212 aligncenter\" src=\"\/dulich14\/wp-content\/uploads\/2021\/04\/cc2-min.png\" alt=\"\" width=\"991\" height=\"558\" srcset=\"https:\/\/mauweb.tamnguyen.vn\/dulich14\/wp-content\/uploads\/2021\/04\/cc2-min.png 991w, https:\/\/mauweb.tamnguyen.vn\/dulich14\/wp-content\/uploads\/2021\/04\/cc2-min-710x400.png 710w, https:\/\/mauweb.tamnguyen.vn\/dulich14\/wp-content\/uploads\/2021\/04\/cc2-min-768x432.png 768w\" sizes=\"(max-width: 991px) 100vw, 991px\" \/><\/p>\n","protected":false},"excerpt":{"rendered":"<p>DU L\u1ecaCH M\u1ed8C CH\u00c2U 2 NG\u00c0Y 1 \u0110\u00caM C\u00d3 G\u00cc Du l\u1ecbch M\u1ed9c Ch\u00e2u 2 ng\u00e0y 1 \u0111\u00eam v\u1edbi H\u00e0nh tr\u00ecnh l\u1ea7n n\u00e0y c\u0169ng kh\u00f4ng ngo\u1ea1i l\u1ec7 \u0111o\u00e0n ch\u00fang ta s\u1ebd \u0111\u1ebfn v\u1edbi \u0111i\u1ec3m du l\u1ecbch \u0111\u1ed9c \u0111\u00e1o t\u1ea1i M\u1ed9c ch\u00e2u s\u01a1n la \u0111\u1ec3 ng\u1eafm nh\u00ecn nh\u1eefng m\u00f9a hoa m\u1ea1 hoa \u0111\u00e0o \u0111ua nhau khoe&#8230;<\/p>\n","protected":false},"featured_media":2354,"comment_status":"open","ping_status":"closed","template":"","meta":[],"product_cat":[474,482,481,476,480,475,478,479,15,470,471,472,473],"product_tag":[],"class_list":["post-2268","product","type-product","status-publish","has-post-thumbnail","hentry","product_cat-combo","product_cat-co-to","product_cat-da-lat","product_cat-da-nang","product_cat-ha-giang","product_cat-phu-quoc","product_cat-quy-nhon","product_cat-sapa","product_cat-uncategorized","product_cat-tour","product_cat-mien-bac","product_cat-mien-trung","product_cat-mien-nam"],"yoast_head":"<!-- This site is optimized with the Yoast SEO plugin v19.7.2 - https:\/\/yoast.com\/wordpress\/plugins\/seo\/ -->\n<title>M\u1ed9c Ch\u00e2u 2 ng\u00e0y 1 \u0111\u00eam - dulich14<\/title>\n<meta name=\"robots\" content=\"noindex, follow, max-snippet:-1, max-image-preview:large, max-video-preview:-1\" \/>\n<meta property=\"og:locale\" content=\"vi_VN\" \/>\n<meta property=\"og:type\" content=\"article\" \/>\n<meta property=\"og:title\" content=\"M\u1ed9c Ch\u00e2u 2 ng\u00e0y 1 \u0111\u00eam - dulich14\" \/>\n<meta property=\"og:description\" content=\"DU L\u1ecaCH M\u1ed8C CH\u00c2U 2 NG\u00c0Y 1 \u0110\u00caM C\u00d3 G\u00cc Du l\u1ecbch M\u1ed9c Ch\u00e2u 2 ng\u00e0y 1 \u0111\u00eam v\u1edbi H\u00e0nh tr\u00ecnh l\u1ea7n n\u00e0y c\u0169ng kh\u00f4ng ngo\u1ea1i l\u1ec7 \u0111o\u00e0n ch\u00fang ta s\u1ebd \u0111\u1ebfn v\u1edbi \u0111i\u1ec3m du l\u1ecbch \u0111\u1ed9c \u0111\u00e1o t\u1ea1i M\u1ed9c ch\u00e2u s\u01a1n la \u0111\u1ec3 ng\u1eafm nh\u00ecn nh\u1eefng m\u00f9a hoa m\u1ea1 hoa \u0111\u00e0o \u0111ua nhau khoe...\" \/>\n<meta property=\"og:url\" content=\"https:\/\/mauweb.tamnguyen.vn\/dulich14\/du-lich-moc-chau-2-ngay-1-dem-tu-tphcm-ha-noi-3\/\" \/>\n<meta property=\"og:site_name\" content=\"dulich14\" \/>\n<meta property=\"article:modified_time\" content=\"2021-05-05T03:41:21+00:00\" \/>\n<meta property=\"og:image\" content=\"https:\/\/mauweb.tamnguyen.vn\/dulich14\/wp-content\/uploads\/2021\/05\/h11.png\" \/>\n\t<meta property=\"og:image:width\" content=\"280\" \/>\n\t<meta property=\"og:image:height\" content=\"278\" \/>\n\t<meta property=\"og:image:type\" content=\"image\/png\" \/>\n<meta name=\"twitter:card\" content=\"summary_large_image\" \/>\n<meta name=\"twitter:label1\" content=\"\u01af\u1edbc t\u00ednh th\u1eddi gian \u0111\u1ecdc\" \/>\n\t<meta name=\"twitter:data1\" content=\"2 ph\u00fat\" \/>\n<script type=\"application\/ld+json\" class=\"yoast-schema-graph\">{\"@context\":\"https:\/\/schema.org\",\"@graph\":[{\"@type\":\"WebPage\",\"@id\":\"https:\/\/mauweb.tamnguyen.vn\/dulich14\/du-lich-moc-chau-2-ngay-1-dem-tu-tphcm-ha-noi-3\/\",\"url\":\"https:\/\/mauweb.tamnguyen.vn\/dulich14\/du-lich-moc-chau-2-ngay-1-dem-tu-tphcm-ha-noi-3\/\",\"name\":\"M\u1ed9c Ch\u00e2u 2 ng\u00e0y 1 \u0111\u00eam - dulich14\",\"isPartOf\":{\"@id\":\"https:\/\/mauweb.tamnguyen.vn\/dulich14\/#website\"},\"datePublished\":\"2021-05-02T08:28:22+00:00\",\"dateModified\":\"2021-05-05T03:41:21+00:00\",\"breadcrumb\":{\"@id\":\"https:\/\/mauweb.tamnguyen.vn\/dulich14\/du-lich-moc-chau-2-ngay-1-dem-tu-tphcm-ha-noi-3\/#breadcrumb\"},\"inLanguage\":\"vi\",\"potentialAction\":[{\"@type\":\"ReadAction\",\"target\":[\"https:\/\/mauweb.tamnguyen.vn\/dulich14\/du-lich-moc-chau-2-ngay-1-dem-tu-tphcm-ha-noi-3\/\"]}]},{\"@type\":\"BreadcrumbList\",\"@id\":\"https:\/\/mauweb.tamnguyen.vn\/dulich14\/du-lich-moc-chau-2-ngay-1-dem-tu-tphcm-ha-noi-3\/#breadcrumb\",\"itemListElement\":[{\"@type\":\"ListItem\",\"position\":1,\"name\":\"Trang ch\u1ee7\",\"item\":\"https:\/\/mauweb.tamnguyen.vn\/dulich14\/\"},{\"@type\":\"ListItem\",\"position\":2,\"name\":\"Shop\",\"item\":\"https:\/\/mauweb.tamnguyen.vn\/dulich14\/shop\/\"},{\"@type\":\"ListItem\",\"position\":3,\"name\":\"M\u1ed9c Ch\u00e2u 2 ng\u00e0y 1 \u0111\u00eam\"}]},{\"@type\":\"WebSite\",\"@id\":\"https:\/\/mauweb.tamnguyen.vn\/dulich14\/#website\",\"url\":\"https:\/\/mauweb.tamnguyen.vn\/dulich14\/\",\"name\":\"dulich14\",\"description\":\"\",\"potentialAction\":[{\"@type\":\"SearchAction\",\"target\":{\"@type\":\"EntryPoint\",\"urlTemplate\":\"https:\/\/mauweb.tamnguyen.vn\/dulich14\/?s={search_term_string}\"},\"query-input\":\"required name=search_term_string\"}],\"inLanguage\":\"vi\"}]}<\/script>\n<!-- \/ Yoast SEO plugin. -->","yoast_head_json":{"title":"M\u1ed9c Ch\u00e2u 2 ng\u00e0y 1 \u0111\u00eam - dulich14","robots":{"index":"noindex","follow":"follow","max-snippet":"max-snippet:-1","max-image-preview":"max-image-preview:large","max-video-preview":"max-video-preview:-1"},"og_locale":"vi_VN","og_type":"article","og_title":"M\u1ed9c Ch\u00e2u 2 ng\u00e0y 1 \u0111\u00eam - dulich14","og_description":"DU L\u1ecaCH M\u1ed8C CH\u00c2U 2 NG\u00c0Y 1 \u0110\u00caM C\u00d3 G\u00cc Du l\u1ecbch M\u1ed9c Ch\u00e2u 2 ng\u00e0y 1 \u0111\u00eam v\u1edbi H\u00e0nh tr\u00ecnh l\u1ea7n n\u00e0y c\u0169ng kh\u00f4ng ngo\u1ea1i l\u1ec7 \u0111o\u00e0n ch\u00fang ta s\u1ebd \u0111\u1ebfn v\u1edbi \u0111i\u1ec3m du l\u1ecbch \u0111\u1ed9c \u0111\u00e1o t\u1ea1i M\u1ed9c ch\u00e2u s\u01a1n la \u0111\u1ec3 ng\u1eafm nh\u00ecn nh\u1eefng m\u00f9a hoa m\u1ea1 hoa \u0111\u00e0o \u0111ua nhau khoe...","og_url":"https:\/\/mauweb.tamnguyen.vn\/dulich14\/du-lich-moc-chau-2-ngay-1-dem-tu-tphcm-ha-noi-3\/","og_site_name":"dulich14","article_modified_time":"2021-05-05T03:41:21+00:00","og_image":[{"width":280,"height":278,"url":"https:\/\/mauweb.tamnguyen.vn\/dulich14\/wp-content\/uploads\/2021\/05\/h11.png","type":"image\/png"}],"twitter_card":"summary_large_image","twitter_misc":{"\u01af\u1edbc t\u00ednh th\u1eddi gian \u0111\u1ecdc":"2 ph\u00fat"},"schema":{"@context":"https:\/\/schema.org","@graph":[{"@type":"WebPage","@id":"https:\/\/mauweb.tamnguyen.vn\/dulich14\/du-lich-moc-chau-2-ngay-1-dem-tu-tphcm-ha-noi-3\/","url":"https:\/\/mauweb.tamnguyen.vn\/dulich14\/du-lich-moc-chau-2-ngay-1-dem-tu-tphcm-ha-noi-3\/","name":"M\u1ed9c Ch\u00e2u 2 ng\u00e0y 1 \u0111\u00eam - dulich14","isPartOf":{"@id":"https:\/\/mauweb.tamnguyen.vn\/dulich14\/#website"},"datePublished":"2021-05-02T08:28:22+00:00","dateModified":"2021-05-05T03:41:21+00:00","breadcrumb":{"@id":"https:\/\/mauweb.tamnguyen.vn\/dulich14\/du-lich-moc-chau-2-ngay-1-dem-tu-tphcm-ha-noi-3\/#breadcrumb"},"inLanguage":"vi","potentialAction":[{"@type":"ReadAction","target":["https:\/\/mauweb.tamnguyen.vn\/dulich14\/du-lich-moc-chau-2-ngay-1-dem-tu-tphcm-ha-noi-3\/"]}]},{"@type":"BreadcrumbList","@id":"https:\/\/mauweb.tamnguyen.vn\/dulich14\/du-lich-moc-chau-2-ngay-1-dem-tu-tphcm-ha-noi-3\/#breadcrumb","itemListElement":[{"@type":"ListItem","position":1,"name":"Trang ch\u1ee7","item":"https:\/\/mauweb.tamnguyen.vn\/dulich14\/"},{"@type":"ListItem","position":2,"name":"Shop","item":"https:\/\/mauweb.tamnguyen.vn\/dulich14\/shop\/"},{"@type":"ListItem","position":3,"name":"M\u1ed9c Ch\u00e2u 2 ng\u00e0y 1 \u0111\u00eam"}]},{"@type":"WebSite","@id":"https:\/\/mauweb.tamnguyen.vn\/dulich14\/#website","url":"https:\/\/mauweb.tamnguyen.vn\/dulich14\/","name":"dulich14","description":"","potentialAction":[{"@type":"SearchAction","target":{"@type":"EntryPoint","urlTemplate":"https:\/\/mauweb.tamnguyen.vn\/dulich14\/?s={search_term_string}"},"query-input":"required name=search_term_string"}],"inLanguage":"vi"}]}},"_links":{"self":[{"href":"https:\/\/mauweb.tamnguyen.vn\/dulich14\/wp-json\/wp\/v2\/product\/2268"}],"collection":[{"href":"https:\/\/mauweb.tamnguyen.vn\/dulich14\/wp-json\/wp\/v2\/product"}],"about":[{"href":"https:\/\/mauweb.tamnguyen.vn\/dulich14\/wp-json\/wp\/v2\/types\/product"}],"replies":[{"embeddable":true,"href":"https:\/\/mauweb.tamnguyen.vn\/dulich14\/wp-json\/wp\/v2\/comments?post=2268"}],"wp:featuredmedia":[{"embeddable":true,"href":"https:\/\/mauweb.tamnguyen.vn\/dulich14\/wp-json\/wp\/v2\/media\/2354"}],"wp:attachment":[{"href":"https:\/\/mauweb.tamnguyen.vn\/dulich14\/wp-json\/wp\/v2\/media?parent=2268"}],"wp:term":[{"taxonomy":"product_cat","embeddable":true,"href":"https:\/\/mauweb.tamnguyen.vn\/dulich14\/wp-json\/wp\/v2\/product_cat?post=2268"},{"taxonomy":"product_tag","embeddable":true,"href":"https:\/\/mauweb.tamnguyen.vn\/dulich14\/wp-json\/wp\/v2\/product_tag?post=2268"}],"curies":[{"name":"wp","href":"https:\/\/api.w.org\/{rel}","templated":true}]}}