{"id":510,"date":"2019-03-06T08:02:47","date_gmt":"2019-03-06T08:02:47","guid":{"rendered":"http:\/\/dulich.khomaudeprt.com\/?page_id=510"},"modified":"2022-10-07T09:48:07","modified_gmt":"2022-10-07T09:48:07","slug":"lien-he","status":"publish","type":"page","link":"https:\/\/mauweb.tamnguyen.vn\/dulich13\/lien-he\/","title":{"rendered":"Li\u00ean h\u1ec7"},"content":{"rendered":"<div role=\"form\" class=\"wpcf7\" id=\"wpcf7-f1636-o1\" lang=\"vi\" dir=\"ltr\">\n<div class=\"screen-reader-response\"><p role=\"status\" aria-live=\"polite\" aria-atomic=\"true\"><\/p> <ul><\/ul><\/div>\n<form action=\"\/dulich13\/wp-json\/wp\/v2\/pages\/510#wpcf7-f1636-o1\" method=\"post\" class=\"wpcf7-form init\" novalidate=\"novalidate\" data-status=\"init\">\n<div style=\"display: none;\">\n<input type=\"hidden\" name=\"_wpcf7\" value=\"1636\" \/>\n<input type=\"hidden\" name=\"_wpcf7_version\" value=\"5.6.3\" \/>\n<input type=\"hidden\" name=\"_wpcf7_locale\" value=\"vi\" \/>\n<input type=\"hidden\" name=\"_wpcf7_unit_tag\" value=\"wpcf7-f1636-o1\" \/>\n<input type=\"hidden\" name=\"_wpcf7_container_post\" value=\"0\" \/>\n<input type=\"hidden\" name=\"_wpcf7_posted_data_hash\" value=\"\" \/>\n<\/div>\n<div class=\"san_pham san_pham1\">\n<h2><span>Th\u00f4ng tin c\u00e1 nh\u00e2n<\/span><\/h2>\n<div>\n<div><span class=\"wpcf7-form-control-wrap\" data-name=\"text-49\"><input type=\"text\" name=\"text-49\" value=\"\" size=\"40\" class=\"wpcf7-form-control wpcf7-text wpcf7-validates-as-required\" aria-required=\"true\" aria-invalid=\"false\" placeholder=\"H\u1ecd v\u00e0 t\u00ean\" \/><\/span><\/div>\n<div><span class=\"wpcf7-form-control-wrap\" data-name=\"text-50\"><input type=\"text\" name=\"text-50\" value=\"\" size=\"40\" class=\"wpcf7-form-control wpcf7-text\" aria-invalid=\"false\" placeholder=\"\u0110\u1ecba ch\u1ec9\" \/><\/span><\/div>\n<div><span class=\"wpcf7-form-control-wrap\" data-name=\"tel-371\"><input type=\"tel\" name=\"tel-371\" value=\"\" size=\"40\" class=\"wpcf7-form-control wpcf7-text wpcf7-tel wpcf7-validates-as-required wpcf7-validates-as-tel\" aria-required=\"true\" aria-invalid=\"false\" placeholder=\"\u0110i\u1ec7n tho\u1ea1i\" \/><\/span><\/div>\n<div><span class=\"wpcf7-form-control-wrap\" data-name=\"email-939\"><input type=\"email\" name=\"email-939\" value=\"\" size=\"40\" class=\"wpcf7-form-control wpcf7-text wpcf7-email wpcf7-validates-as-email\" aria-invalid=\"false\" placeholder=\"Email\" \/><\/span><\/div>\n<\/div>\n<\/div>\n<div class=\"san_pham san_pham2\">\n<h2><span>Chi ti\u1ebft \u0111\u1eb7t Tour<\/span><\/h2>\n<div>\n<div>\n<div>Th\u00f4ng tin \u0111o\u00e0n:<\/div>\n<div><span class=\"wpcf7-form-control-wrap\" data-name=\"menu-111\"><select name=\"menu-111\" class=\"wpcf7-form-control wpcf7-select\" aria-invalid=\"false\"><option value=\"Ng\u01b0\u1eddi l\u1edbn\">Ng\u01b0\u1eddi l\u1edbn<\/option><option value=\"1\">1<\/option><option value=\"2\">2<\/option><option value=\"3\">3<\/option><option value=\"4\">4<\/option><option value=\"5\">5<\/option><option value=\"6\">6<\/option><option value=\"7\">7<\/option><option value=\"8\">8<\/option><option value=\"9\">9<\/option><option value=\"10\">10<\/option><\/select><\/span><\/div>\n<div><span class=\"wpcf7-form-control-wrap\" data-name=\"menu-112\"><select name=\"menu-112\" class=\"wpcf7-form-control wpcf7-select\" aria-invalid=\"false\"><option value=\"Tr\u1ebb em\">Tr\u1ebb em<\/option><option value=\"1\">1<\/option><option value=\"2\">2<\/option><option value=\"3\">3<\/option><option value=\"4\">4<\/option><option value=\"5\">5<\/option><option value=\"6\">6<\/option><option value=\"7\">7<\/option><option value=\"8\">8<\/option><\/select><\/span><\/div>\n<div><span class=\"wpcf7-form-control-wrap\" data-name=\"menu-113\"><select name=\"menu-113\" class=\"wpcf7-form-control wpcf7-select\" aria-invalid=\"false\"><option value=\"Em b\u00e9\">Em b\u00e9<\/option><option value=\"1\">1<\/option><option value=\"2\">2<\/option><option value=\"3\">3<\/option><option value=\"4\">4<\/option><\/select><\/span><\/div>\n<\/div>\n<div>\n<div>Ng\u00e0y kh\u1edfi h\u00e0nh:<\/div>\n<div><span class=\"wpcf7-form-control-wrap\" data-name=\"text-51\"><input type=\"text\" name=\"text-51\" value=\"\" size=\"40\" class=\"wpcf7-form-control wpcf7-text\" aria-invalid=\"false\" \/><\/span><\/div>\n<\/div>\n<div>\n<div>H\u00ecnh th\u1ee9c thoanh to\u00e1n:<\/div>\n<div><span class=\"wpcf7-form-control-wrap\" data-name=\"menu-114\"><select name=\"menu-114\" class=\"wpcf7-form-control wpcf7-select\" aria-invalid=\"false\"><option value=\"Thanh to\u00e1n t\u1ea1i v\u0103n ph\u00f2ng\">Thanh to\u00e1n t\u1ea1i v\u0103n ph\u00f2ng<\/option><option value=\"Thanh to\u00e1n chuy\u1ec3n kho\u1ea3n\">Thanh to\u00e1n chuy\u1ec3n kho\u1ea3n<\/option><\/select><\/span><\/div>\n<\/div>\n<div>\n<p>Y\u00eau c\u1ea7u kh\u00e1c:<\/p>\n<p>      <span class=\"wpcf7-form-control-wrap\" data-name=\"textarea-721\"><textarea name=\"textarea-721\" cols=\"40\" rows=\"10\" class=\"wpcf7-form-control wpcf7-textarea\" aria-invalid=\"false\"><\/textarea><\/span>\n    <\/p><\/div>\n<\/div>\n<\/div>\n<p><input type=\"submit\" value=\"X\u00e1c nh\u1eadn \u0111\u1eb7t tour\" class=\"wpcf7-form-control has-spinner wpcf7-submit\" \/><\/p>\n<div class=\"wpcf7-response-output\" aria-hidden=\"true\"><\/div><\/form><\/div>\n","protected":false},"excerpt":{"rendered":"","protected":false},"author":1,"featured_media":0,"parent":0,"menu_order":0,"comment_status":"closed","ping_status":"closed","template":"","meta":{"footnotes":""},"class_list":["post-510","page","type-page","status-publish","hentry"],"yoast_head":"<!-- This site is optimized with the Yoast SEO plugin v19.7.2 - https:\/\/yoast.com\/wordpress\/plugins\/seo\/ -->\n<title>Li\u00ean h\u1ec7 - dulich13<\/title>\n<meta name=\"robots\" content=\"noindex, follow, max-snippet:-1, max-image-preview:large, max-video-preview:-1\" \/>\n<meta property=\"og:locale\" content=\"vi_VN\" \/>\n<meta property=\"og:type\" content=\"article\" \/>\n<meta property=\"og:title\" content=\"Li\u00ean h\u1ec7 - dulich13\" \/>\n<meta property=\"og:url\" content=\"https:\/\/mauweb.tamnguyen.vn\/dulich13\/lien-he\/\" \/>\n<meta property=\"og:site_name\" content=\"dulich13\" \/>\n<meta property=\"article:modified_time\" content=\"2022-10-07T09:48:07+00:00\" \/>\n<meta name=\"twitter:card\" content=\"summary_large_image\" \/>\n<script type=\"application\/ld+json\" class=\"yoast-schema-graph\">{\"@context\":\"https:\/\/schema.org\",\"@graph\":[{\"@type\":\"WebPage\",\"@id\":\"https:\/\/mauweb.tamnguyen.vn\/dulich13\/lien-he\/\",\"url\":\"https:\/\/mauweb.tamnguyen.vn\/dulich13\/lien-he\/\",\"name\":\"Li\u00ean h\u1ec7 - dulich13\",\"isPartOf\":{\"@id\":\"https:\/\/mauweb.tamnguyen.vn\/dulich13\/#website\"},\"datePublished\":\"2019-03-06T08:02:47+00:00\",\"dateModified\":\"2022-10-07T09:48:07+00:00\",\"breadcrumb\":{\"@id\":\"https:\/\/mauweb.tamnguyen.vn\/dulich13\/lien-he\/#breadcrumb\"},\"inLanguage\":\"vi\",\"potentialAction\":[{\"@type\":\"ReadAction\",\"target\":[\"https:\/\/mauweb.tamnguyen.vn\/dulich13\/lien-he\/\"]}]},{\"@type\":\"BreadcrumbList\",\"@id\":\"https:\/\/mauweb.tamnguyen.vn\/dulich13\/lien-he\/#breadcrumb\",\"itemListElement\":[{\"@type\":\"ListItem\",\"position\":1,\"name\":\"Trang ch\u1ee7\",\"item\":\"https:\/\/mauweb.tamnguyen.vn\/dulich13\/\"},{\"@type\":\"ListItem\",\"position\":2,\"name\":\"Li\u00ean h\u1ec7\"}]},{\"@type\":\"WebSite\",\"@id\":\"https:\/\/mauweb.tamnguyen.vn\/dulich13\/#website\",\"url\":\"https:\/\/mauweb.tamnguyen.vn\/dulich13\/\",\"name\":\"dulich13\",\"description\":\"\",\"potentialAction\":[{\"@type\":\"SearchAction\",\"target\":{\"@type\":\"EntryPoint\",\"urlTemplate\":\"https:\/\/mauweb.tamnguyen.vn\/dulich13\/?s={search_term_string}\"},\"query-input\":\"required name=search_term_string\"}],\"inLanguage\":\"vi\"}]}<\/script>\n<!-- \/ Yoast SEO plugin. -->","yoast_head_json":{"title":"Li\u00ean h\u1ec7 - dulich13","robots":{"index":"noindex","follow":"follow","max-snippet":"max-snippet:-1","max-image-preview":"max-image-preview:large","max-video-preview":"max-video-preview:-1"},"og_locale":"vi_VN","og_type":"article","og_title":"Li\u00ean h\u1ec7 - dulich13","og_url":"https:\/\/mauweb.tamnguyen.vn\/dulich13\/lien-he\/","og_site_name":"dulich13","article_modified_time":"2022-10-07T09:48:07+00:00","twitter_card":"summary_large_image","schema":{"@context":"https:\/\/schema.org","@graph":[{"@type":"WebPage","@id":"https:\/\/mauweb.tamnguyen.vn\/dulich13\/lien-he\/","url":"https:\/\/mauweb.tamnguyen.vn\/dulich13\/lien-he\/","name":"Li\u00ean h\u1ec7 - dulich13","isPartOf":{"@id":"https:\/\/mauweb.tamnguyen.vn\/dulich13\/#website"},"datePublished":"2019-03-06T08:02:47+00:00","dateModified":"2022-10-07T09:48:07+00:00","breadcrumb":{"@id":"https:\/\/mauweb.tamnguyen.vn\/dulich13\/lien-he\/#breadcrumb"},"inLanguage":"vi","potentialAction":[{"@type":"ReadAction","target":["https:\/\/mauweb.tamnguyen.vn\/dulich13\/lien-he\/"]}]},{"@type":"BreadcrumbList","@id":"https:\/\/mauweb.tamnguyen.vn\/dulich13\/lien-he\/#breadcrumb","itemListElement":[{"@type":"ListItem","position":1,"name":"Trang ch\u1ee7","item":"https:\/\/mauweb.tamnguyen.vn\/dulich13\/"},{"@type":"ListItem","position":2,"name":"Li\u00ean h\u1ec7"}]},{"@type":"WebSite","@id":"https:\/\/mauweb.tamnguyen.vn\/dulich13\/#website","url":"https:\/\/mauweb.tamnguyen.vn\/dulich13\/","name":"dulich13","description":"","potentialAction":[{"@type":"SearchAction","target":{"@type":"EntryPoint","urlTemplate":"https:\/\/mauweb.tamnguyen.vn\/dulich13\/?s={search_term_string}"},"query-input":"required name=search_term_string"}],"inLanguage":"vi"}]}},"_links":{"self":[{"href":"https:\/\/mauweb.tamnguyen.vn\/dulich13\/wp-json\/wp\/v2\/pages\/510"}],"collection":[{"href":"https:\/\/mauweb.tamnguyen.vn\/dulich13\/wp-json\/wp\/v2\/pages"}],"about":[{"href":"https:\/\/mauweb.tamnguyen.vn\/dulich13\/wp-json\/wp\/v2\/types\/page"}],"author":[{"embeddable":true,"href":"https:\/\/mauweb.tamnguyen.vn\/dulich13\/wp-json\/wp\/v2\/users\/1"}],"replies":[{"embeddable":true,"href":"https:\/\/mauweb.tamnguyen.vn\/dulich13\/wp-json\/wp\/v2\/comments?post=510"}],"version-history":[{"count":7,"href":"https:\/\/mauweb.tamnguyen.vn\/dulich13\/wp-json\/wp\/v2\/pages\/510\/revisions"}],"predecessor-version":[{"id":1686,"href":"https:\/\/mauweb.tamnguyen.vn\/dulich13\/wp-json\/wp\/v2\/pages\/510\/revisions\/1686"}],"wp:attachment":[{"href":"https:\/\/mauweb.tamnguyen.vn\/dulich13\/wp-json\/wp\/v2\/media?parent=510"}],"curies":[{"name":"wp","href":"https:\/\/api.w.org\/{rel}","templated":true}]}}