{"id":32,"date":"2021-02-23T08:27:17","date_gmt":"2021-02-23T08:27:17","guid":{"rendered":"http:\/\/dulich12.maugiaodien.com\/?page_id=32"},"modified":"2021-02-25T02:28:43","modified_gmt":"2021-02-25T02:28:43","slug":"gioi-thieu","status":"publish","type":"page","link":"https:\/\/mauweb.tamnguyen.vn\/dulich12\/gioi-thieu\/","title":{"rendered":"Gi\u1edbi thi\u1ec7u"},"content":{"rendered":"<div id=\"comp-jth9g45f\" class=\"txtNew\" data-packed=\"true\">\n<h2>S\u1ea3n ph\u1ea9m ch\u1ee7 \u0111\u1ea1o<\/h2>\n<p>C\u00f4ng ty du l\u1ecbch GiuseArt Travel \u0111\u01b0\u1ee3c th\u00e0nh l\u1eadp t\u1eeb 2009. Ngay t\u1eeb khi th\u00e0nh l\u1eadp, GiuseArt Travel \u0111\u00e3 \u0111\u1ecbnh h\u01b0\u1edbng l\u00e0 c\u00f4ng ty chuy\u00ean t\u1ed5 ch\u1ee9c tour du l\u1ecbch kh\u00e1m ph\u00e1-tr\u1ea3i nghi\u1ec7m, du l\u1ecbch sinh th\u00e1i, du l\u1ecbch b\u1ec1n v\u1eefng tr\u00ean m\u1ecdi mi\u1ec1n T\u1ed5 qu\u1ed1c, \u0111\u1eb7c bi\u1ec7t l\u00e0 v\u00f9ng n\u00fai ph\u00eda B\u1eafc.<\/p>\n<h3>Du l\u1ecbch kh\u00e1m ph\u00e1-tr\u1ea3i nghi\u1ec7m<\/h3>\n<p>Du l\u1ecbch kh\u00e1m ph\u00e1-tr\u1ea3i nghi\u1ec7m l\u00e0 h\u00ecnh th\u1ee9c du l\u1ecbch thi\u00ean v\u1ec1 kh\u00e1m ph\u00e1 thi\u00ean nhi\u00ean k\u1ebft h\u1ee3p c\u00e1c ho\u1ea1t \u0111\u1ed9ng tr\u1ea3i nghi\u1ec7m c\u00f9ng ng\u01b0\u1eddi b\u1ea3n \u0111\u1ecba, gi\u00fap b\u1ea1n t\u00ecm hi\u1ec3u s\u00e2u v\u1ec1 \u0111\u1ecba ph\u01b0\u01a1ng n\u01a1i b\u1ea1n t\u1edbi th\u0103m. B\u1ea1n \u0111\u01b0\u1ee3c h\u00f2a m\u00ecnh v\u00e0o cu\u1ed9c s\u1ed1ng sinh ho\u1ea1t c\u1ee7a ng\u01b0\u1eddi d\u00e2n, tham gia v\u00e0o nh\u1eefng ho\u1ea1t \u0111\u1ed9ng h\u00e0ng ng\u00e0y c\u1ee7a h\u1ecd, c\u00f9ng kh\u00e1m ph\u00e1 v\u00e0 th\u1eadm ch\u00ed t\u1ef1 tay chu\u1ea9n b\u1ecb c\u00e1c m\u00f3n \u0103n \u0111\u1eb7c s\u1ea3n \u0111\u1ecba ph\u01b0\u01a1ng.<br \/>\nB\u1ea1n c\u00f3 th\u1ec3 ng\u1ee7 nh\u00e0 d\u00e2n thay v\u00ec ngh\u1ec9 \u1edf kh\u00e1ch s\u1ea1n nh\u01b0 c\u00e1c h\u00ecnh th\u1ee9c du l\u1ecbch th\u00f4ng th\u01b0\u1eddng. Nh\u1edd \u0111\u00f3 s\u1ebd th\u1ef1c s\u1ef1 c\u00f3 th\u00eam c\u00e1c g\u00f3c nh\u00ecn m\u1edbi m\u1ebb v\u1ec1 cu\u1ed9c s\u1ed1ng, hi\u1ec3u th\u00eam c\u00e1c gi\u00e1 tr\u1ecb v\u0103n h\u00f3a v\u00f9ng mi\u1ec1n.<br \/>\nChuy\u1ebfn du l\u1ecbch kh\u00e1m ph\u00e1 k\u1ebft h\u1ee3p tr\u1ea3i nghi\u1ec7m s\u1ebd mang t\u1edbi cho b\u1ea1n nh\u1eefng c\u1ea3m x\u00fac \u0111\u1eb7c bi\u1ec7t kh\u00f4ng th\u1ec3 n\u00e0o qu\u00ean \u0111\u01b0\u1ee3c.<\/p>\n<p><img loading=\"lazy\" decoding=\"async\" class=\"aligncenter size-full wp-image-5266\" src=\"https:\/\/customasiatravel.vn\/wp-content\/uploads\/2019\/04\/Moc_Chau-AB2.jpg\" sizes=\"auto, (max-width: 600px) 100vw, 600px\" srcset=\"https:\/\/customasiatravel.vn\/wp-content\/uploads\/2019\/04\/Moc_Chau-AB2.jpg 600w, https:\/\/customasiatravel.vn\/wp-content\/uploads\/2019\/04\/Moc_Chau-AB2-510x340.jpg 510w\" alt=\"Moc Chau Ab2\" width=\"600\" height=\"400\" \/><\/p>\n<h3>Du l\u1ecbch sinh th\u00e1i<\/h3>\n<p>Du l\u1ecbch sinh th\u00e1i l\u00e0 h\u00ecnh th\u1ee9c du l\u1ecbch d\u1ef1a v\u00e0o thi\u00ean nhi\u00ean, g\u1eafn v\u1edbi b\u1ea3n s\u1eafc v\u0103n ho\u00e1 \u0111\u1ecba ph\u01b0\u01a1ng v\u1edbi s\u1ef1 tham gia c\u1ee7a c\u1ed9ng \u0111\u1ed3ng d\u00e2n c\u01b0 \u1edf \u0111\u1ecba ph\u01b0\u01a1ng nh\u1eb1m ph\u00e1t tri\u1ec3n b\u1ec1n v\u1eefng.<br \/>\nCh\u00fang t\u00f4i s\u1ebd \u0111\u01b0a b\u1ea1n kh\u00e1m ph\u00e1 nh\u1eefng khu v\u1ef1c t\u1ef1 nhi\u00ean \u00edt b\u1ecb \u00f4 nhi\u1ec5m ho\u1eb7c \u00edt b\u1ecb x\u00e1o tr\u1ed9n, v\u1eeba chi\u00eam ng\u01b0\u1ee1ng c\u1ea3nh quan t\u1ef1 nhi\u00ean, h\u00f2a m\u00ecnh v\u00e0o thi\u00ean nhi\u00ean m\u00e0 kh\u00f4ng l\u00e0m t\u1ed5n h\u1ea1i t\u1edbi h\u1ec7 sinh th\u00e1i hay m\u00f4i tr\u01b0\u1eddng n\u01a1i \u0111\u00f3.<\/p>\n<p><img loading=\"lazy\" decoding=\"async\" class=\"aligncenter size-full wp-image-5236\" src=\"https:\/\/customasiatravel.vn\/wp-content\/uploads\/2019\/04\/AB5.jpg\" sizes=\"auto, (max-width: 600px) 100vw, 600px\" srcset=\"https:\/\/customasiatravel.vn\/wp-content\/uploads\/2019\/04\/AB5.jpg 600w, https:\/\/customasiatravel.vn\/wp-content\/uploads\/2019\/04\/AB5-510x340.jpg 510w\" alt=\"Ab5\" width=\"600\" height=\"400\" \/><\/p>\n<\/div>\n<h3>Du l\u1ecbch b\u1ec1n v\u1eefng<\/h3>\n<div id=\"comp-jth9g45f\" class=\"txtNew\" data-packed=\"true\">\n<p>M\u1ed7i chuy\u1ebfn du l\u1ecbch c\u00f9ng v\u1edbi GiuseArt Travel \u0111\u1ec1u l\u00e0 du l\u1ecbch c\u00f3 tr\u00e1ch nhi\u1ec7m. B\u1ea1n kh\u00f4ng ch\u1ec9 kh\u00e1m ph\u00e1 \u0111i\u1ec3m \u0111\u1ebfn m\u00e0 c\u00f2n th\u1ec3 hi\u1ec7n tr\u00e1ch nhi\u1ec7m c\u1ee7a m\u00ecnh v\u1edbi c\u1ed9ng \u0111\u1ed3ng v\u00e0 m\u00f4i tr\u01b0\u1eddng b\u1ea3n \u0111\u1ecba. H\u1ea1n ch\u1ebf s\u1eed d\u1ee5ng \u0111\u1ed3 nh\u1ef1a, kh\u00f4ng v\u1ee9t r\u00e1c b\u1eeba b\u00e3i, trang ph\u1ee5c ph\u00f9 h\u1ee3p, kh\u00f4ng l\u00e0m t\u1ed5n h\u1ea1i t\u1edbi thi\u00ean nhi\u00ean, t\u00f4n tr\u1ecdng c\u00e1c quy \u0111\u1ecbnh c\u1ee7a \u0111\u1ecba ph\u01b0\u01a1ng, t\u00ecm hi\u1ec3u k\u1ef9 \u0111i\u1ec3m \u0111\u1ebfn\u2026 \u0110\u00f3 l\u00e0 v\u00ed d\u1ee5 v\u1ec1 nh\u1eefng \u0111i\u1ec1u r\u1ea5t \u0111\u01a1n gi\u1ea3n nh\u01b0ng s\u1ebd mang t\u1edbi cho b\u1ea1n chuy\u1ebfn \u0111i \u0111\u00e1ng nh\u1edb v\u00e0 \u00fd ngh\u0129a, g\u00f3p ph\u1ea7n ph\u00e1t tri\u1ec3n du l\u1ecbch b\u1ec1n v\u1eefng.<\/p>\n<h2 class=\"font_7\"><img loading=\"lazy\" decoding=\"async\" class=\"aligncenter size-full wp-image-5246\" src=\"https:\/\/customasiatravel.vn\/wp-content\/uploads\/2019\/04\/AB16.jpg\" sizes=\"auto, (max-width: 600px) 100vw, 600px\" srcset=\"https:\/\/customasiatravel.vn\/wp-content\/uploads\/2019\/04\/AB16.jpg 600w, https:\/\/customasiatravel.vn\/wp-content\/uploads\/2019\/04\/AB16-510x340.jpg 510w\" alt=\"Ab16\" width=\"600\" height=\"400\" \/><\/h2>\n<p>Ch\u00fang t\u00f4i c\u00f3 s\u1eb5n c\u00e1c g\u00f3i tour \u0111\u00e3 \u0111\u01b0\u1ee3c thi\u1ebft k\u1ebf \u0111\u1ec3 b\u1ea1n tham kh\u1ea3o. B\u00ean c\u1ea1nh \u0111\u00f3 \u0111\u1ed9i ng\u0169 t\u01b0 v\u1ea5n vi\u00ean nhi\u1ec7t t\u00ecnh v\u00e0 am hi\u1ec3u c\u1ee7a ch\u00fang t\u00f4i lu\u00f4n l\u1eafng nghe c\u00e1c nguy\u1ec7n v\u1ecdng c\u1ee7a b\u1ea1n \u0111\u1ec3 thi\u1ebft k\u1ebf cho b\u1ea1n tour ri\u00eang \u0111\u00fang theo y\u00eau c\u1ea7u.<\/p>\n<h2>S\u1ee9 m\u1ec7nh v\u00e0 t\u1ea7m nh\u00ecn<\/h2>\n<p>GiuseArt Travel \u0111\u01b0\u1ee3c d\u1eabn d\u1eaft b\u1edfi nh\u1eefng ng\u01b0\u1eddi qu\u1ea3n l\u00fd d\u00e0y d\u1ea1n kinh nghi\u1ec7m v\u00e0 \u0111\u1ea7y t\u00e2m huy\u1ebft v\u1edbi ng\u00e0nh du l\u1ecbch. S\u1ee9 m\u1ec7nh c\u1ee7a ch\u00fang t\u00f4i kh\u00f4ng ch\u1ec9 l\u00e0 gi\u00fap b\u1ea1n c\u00f3 m\u1ed9t chuy\u1ebfn \u0111i th\u00e0nh c\u00f4ng m\u00e0 c\u00f2n th\u1ef1c hi\u1ec7n \u0111\u01b0\u1ee3c \u0111\u00fang \u00fd ngh\u0129a c\u1ee7a c\u00e1c lo\u1ea1i h\u00ecnh du l\u1ecbch m\u00e0 ch\u00fang t\u00f4i h\u01b0\u1edbng t\u1edbi.<\/p>\n<p>Ch\u00fang t\u00f4i t\u1ef1 h\u00e0o mang t\u1edbi cho c\u00e1c b\u1ea1n nh\u1eefng\u00a0tour du l\u1ecbch \u0111\u1ed9c \u0111\u00e1o v\u00e0 ch\u1ea5t l\u01b0\u1ee3ng. C\u00e1c d\u1ecbch v\u1ee5 \u0111\u01b0\u1ee3c l\u1ef1a ch\u1ecdn k\u1ef9 c\u00e0ng \u0111\u1ea3m b\u1ea3o \u0111\u00e1p \u1ee9ng nh\u1eefng y\u00eau c\u1ea7u kh\u1eaft khe nh\u1ea5t. Ch\u1ec9 c\u1ea7n b\u1ea1n \u0111\u01b0a nguy\u1ec7n v\u1ecdng, ch\u00fang t\u00f4i s\u1ebd c\u00f3 c\u00e1c gi\u1ea3i ph\u00e1p ph\u00f9 h\u1ee3p v\u1edbi b\u1ea1n.<\/p>\n<p>Sau nhi\u1ec1u n\u0103m ho\u1ea1t \u0111\u1ed9ng, ch\u00fang t\u00f4i \u0111\u00e3 kh\u1eb3ng \u0111\u1ecbnh \u0111\u01b0\u1ee3c v\u1ecb tr\u00ed c\u1ee7a m\u00ecnh trong ng\u00e0nh du l\u1ecbch. Ch\u00fang t\u00f4i mong mu\u1ed1n s\u1ebd ti\u1ebfp t\u1ee5c ti\u1ebfn xa, gi\u1eef v\u1eefng v\u1ecb tr\u00ed top \u0111\u1ea7u c\u00e1c c\u00f4ng ty v\u1ec1 du l\u1ecbch kh\u00e1m ph\u00e1-tr\u1ea3i nghi\u1ec7m, du l\u1ecbch sinh th\u00e1i v\u00e0 du l\u1ecbch b\u1ec1n v\u1eefng.<\/p>\n<h2 class=\"font_7\"><img loading=\"lazy\" decoding=\"async\" class=\"aligncenter size-full wp-image-5175\" src=\"https:\/\/customasiatravel.vn\/wp-content\/uploads\/2019\/04\/LC0.jpg\" sizes=\"auto, (max-width: 600px) 100vw, 600px\" srcset=\"https:\/\/customasiatravel.vn\/wp-content\/uploads\/2019\/04\/LC0.jpg 600w, https:\/\/customasiatravel.vn\/wp-content\/uploads\/2019\/04\/LC0-510x340.jpg 510w\" alt=\"Lc0\" width=\"600\" height=\"400\" \/><br \/>\n\u0110\u1ed9i ng\u0169 nh\u00e2n vi\u00ean<\/h2>\n<p>GiuseArt Travel l\u00e0 m\u00e1i nh\u00e0 chung c\u1ee7a nh\u1eefng b\u1ea1n tr\u1ebb y\u00eau du l\u1ecbch, th\u00edch kh\u00e1m ph\u00e1, t\u1ef1 tin n\u0103ng \u0111\u1ed9ng. Ch\u00fang t\u00f4i lu\u00f4n tin r\u1eb1ng, m\u1ecdi n\u1ed7 l\u1ef1c \u0111\u1ec1u \u0111\u01b0\u1ee3c \u0111\u1ec1n \u0111\u00e1p x\u1ee9ng \u0111\u00e1ng. V\u00e0 m\u1ed7i ng\u00e0y, ch\u00fang t\u00f4i l\u1ea1i c\u00f9ng nhau l\u00e0m t\u1ed1t h\u01a1n ng\u00e0y tr\u01b0\u1edbc, \u0111\u1ec3 lu\u00f4n gi\u1eef \u0111\u01b0\u1ee3c uy tin c\u0169ng nh\u01b0 s\u1ef1 tin t\u01b0\u1edfng c\u1ee7a kh\u00e1ch h\u00e0ng.<\/p>\n<\/div>\n","protected":false},"excerpt":{"rendered":"<p>S\u1ea3n ph\u1ea9m ch\u1ee7 \u0111\u1ea1o C\u00f4ng ty du l\u1ecbch GiuseArt Travel \u0111\u01b0\u1ee3c th\u00e0nh l\u1eadp t\u1eeb 2009. Ngay t\u1eeb khi th\u00e0nh l\u1eadp, GiuseArt Travel \u0111\u00e3 \u0111\u1ecbnh h\u01b0\u1edbng l\u00e0 c\u00f4ng ty chuy\u00ean t\u1ed5 ch\u1ee9c tour du l\u1ecbch kh\u00e1m ph\u00e1-tr\u1ea3i nghi\u1ec7m, du l\u1ecbch sinh th\u00e1i, du l\u1ecbch b\u1ec1n v\u1eefng tr\u00ean m\u1ecdi mi\u1ec1n T\u1ed5 qu\u1ed1c, \u0111\u1eb7c bi\u1ec7t l\u00e0 v\u00f9ng n\u00fai&#8230;<\/p>\n","protected":false},"author":1,"featured_media":0,"parent":0,"menu_order":0,"comment_status":"closed","ping_status":"closed","template":"","meta":{"footnotes":""},"yst_prominent_words":[],"class_list":["post-32","page","type-page","status-publish","hentry"],"_links":{"self":[{"href":"https:\/\/mauweb.tamnguyen.vn\/dulich12\/wp-json\/wp\/v2\/pages\/32","targetHints":{"allow":["GET"]}}],"collection":[{"href":"https:\/\/mauweb.tamnguyen.vn\/dulich12\/wp-json\/wp\/v2\/pages"}],"about":[{"href":"https:\/\/mauweb.tamnguyen.vn\/dulich12\/wp-json\/wp\/v2\/types\/page"}],"author":[{"embeddable":true,"href":"https:\/\/mauweb.tamnguyen.vn\/dulich12\/wp-json\/wp\/v2\/users\/1"}],"replies":[{"embeddable":true,"href":"https:\/\/mauweb.tamnguyen.vn\/dulich12\/wp-json\/wp\/v2\/comments?post=32"}],"version-history":[{"count":0,"href":"https:\/\/mauweb.tamnguyen.vn\/dulich12\/wp-json\/wp\/v2\/pages\/32\/revisions"}],"wp:attachment":[{"href":"https:\/\/mauweb.tamnguyen.vn\/dulich12\/wp-json\/wp\/v2\/media?parent=32"}],"wp:term":[{"taxonomy":"yst_prominent_words","embeddable":true,"href":"https:\/\/mauweb.tamnguyen.vn\/dulich12\/wp-json\/wp\/v2\/yst_prominent_words?post=32"}],"curies":[{"name":"wp","href":"https:\/\/api.w.org\/{rel}","templated":true}]}}