{"id":460,"date":"2020-09-10T09:14:27","date_gmt":"2020-09-10T09:14:27","guid":{"rendered":"http:\/\/dulich10.maugiaodien.com\/?post_type=product&#038;p=460"},"modified":"2020-10-02T08:36:28","modified_gmt":"2020-10-02T08:36:28","slug":"tour-zurich-1-2-ngay-di-thac-rhine-va-thang-may-ngam-canh","status":"publish","type":"product","link":"https:\/\/mauweb.tamnguyen.vn\/dulich10\/tour-zurich-1-2-ngay-di-thac-rhine-va-thang-may-ngam-canh\/","title":{"rendered":"Tour Zurich 1\/2 ng\u00e0y: \u0111i Th\u00e1c Rhine v\u00e0 thang m\u00e1y ng\u1eafm c\u1ea3nh"},"content":{"rendered":"<div id=\"#diem-noi-bat\" class=\"row row-collapse\">\n<div class=\"col mh-single-tour-box small-12 large-12\">\n<div class=\"col-inner\">\n<p><strong>Tr\u1ea1i t\u1eadp trung Sachsenhausen l\u00e0 m\u1ed9t \u201cl\u00f2 gi\u1ebft ng\u01b0\u1eddi\u201d kh\u1ed5ng l\u1ed3 trong Th\u1ebf Chi\u1ebfn II \u1edf \u0110\u1ee9c. \u0110\u00e2y l\u00e0 m\u1ed9t trong nh\u1eefng tr\u1ea1i t\u1eadp trung ch\u00ednh c\u1ee7a Ph\u00e1t x\u00edt \u0110\u1ee9c trong th\u1eddi k\u00ec n\u00e0y. \u0110\u1ebfn v\u1edbi Sachsenhausen, du kh\u00e1ch s\u1ebd t\u1eadn m\u1eaft ch\u1ee9ng ki\u1ebfn nh\u1eefng d\u1ea5u t\u00edch t\u1ed9i \u00e1c c\u1ee7a m\u1ed9t giai \u0111o\u1ea1n l\u1ecbch s\u1eed ch\u1ea5n \u0111\u1ed9ng lo\u00e0i ng\u01b0\u1eddi. Tham gia tour tham quan tr\u1ea1i t\u1eadp trung Sachsenhausen \u00bd ng\u00e0y t\u1eeb Berlin, du kh\u00e1ch s\u1ebd \u0111\u01b0\u1ee3c:<\/strong><\/p>\n<ul>\n<li>\u0110\u1eb7t ch\u00e2n \u0111\u1ebfn tr\u1ea1i t\u1eadp trung Sachsenhausen l\u1ecbch s\u1eed trong chi\u1ebfn tranh Th\u1ebf Gi\u1edbi II<\/li>\n<li>Tham quan doanh tr\u1ea1i, ph\u00f2ng tra t\u1ea5n\u2026 c\u1ee7a Ph\u00e1t x\u00edt \u0110\u1ee9c<\/li>\n<li>Ch\u1ee9ng ki\u1ebfn c\u00e1c ph\u00f2ng h\u01a1i ng\u1ea1t, \u0111\u01b0\u1eddng h\u1ea7m b\u00ed m\u1eadt, nh\u00e0 h\u1ecfa thi\u00eau, b\u00e3i ch\u00f4n c\u1ea5t c\u00e1c n\u1ea1n nh\u00e2n<\/li>\n<li>L\u1eafng nghe nh\u1eefng c\u00e2u chuy\u1ec7n v\u1ec1 s\u1ef1 \u0111\u1ea5u tranh v\u00e0 kh\u00e1ng c\u1ef1 c\u1ee7a c\u00e1c t\u00f9 nh\u00e2n Sachsenhausen<\/li>\n<li>Chi\u00eam nghi\u1ec7m v\u1ec1 qu\u00e1 kh\u1ee9, l\u1ecbch s\u1eed v\u00e0 nh\u1eefng t\u1ed9i \u00e1c do chi\u1ebfn tranh g\u00e2y ra<\/li>\n<li>Tr\u1ea3i nghi\u1ec7m v\u0103n h\u00f3a \u0111\u1ecba ph\u01b0\u01a1ng b\u1eb1ng c\u00e1ch s\u1eed d\u1ee5ng ph\u01b0\u01a1ng ti\u1ec7n giao th\u00f4ng c\u00f4ng c\u1ed9ng<\/li>\n<li>C\u00f3 h\u01b0\u1edbng d\u1eabn vi\u00ean am hi\u1ec3u \u0111\u1ecba ph\u01b0\u01a1ng<\/li>\n<li>\u0110\u1eb7t tour nhanh ch\u00f3ng, d\u1ec5 d\u00e0ng, d\u1ec5 thanh to\u00e1n<\/li>\n<\/ul>\n<\/div>\n<\/div>\n<\/div>\n","protected":false},"excerpt":{"rendered":"<p>Tr\u1ea1i t\u1eadp trung Sachsenhausen l\u00e0 m\u1ed9t \u201cl\u00f2 gi\u1ebft ng\u01b0\u1eddi\u201d kh\u1ed5ng l\u1ed3 trong Th\u1ebf Chi\u1ebfn II \u1edf \u0110\u1ee9c. \u0110\u00e2y l\u00e0 m\u1ed9t trong nh\u1eefng tr\u1ea1i t\u1eadp trung ch\u00ednh c\u1ee7a Ph\u00e1t x\u00edt \u0110\u1ee9c trong th\u1eddi k\u00ec n\u00e0y. \u0110\u1ebfn v\u1edbi Sachsenhausen, du kh\u00e1ch s\u1ebd t\u1eadn m\u1eaft ch\u1ee9ng ki\u1ebfn nh\u1eefng d\u1ea5u t\u00edch t\u1ed9i \u00e1c c\u1ee7a m\u1ed9t giai \u0111o\u1ea1n l\u1ecbch s\u1eed&#8230;<\/p>\n","protected":false},"featured_media":461,"comment_status":"open","ping_status":"closed","template":"","meta":[],"class_list":["post-460","product","type-product","status-publish","has-post-thumbnail","hentry","product_cat-tour-du-lich","product_cat-tour-nuoc-ngoai"],"yoast_head":"<!-- This site is optimized with the Yoast SEO plugin v14.9 - https:\/\/yoast.com\/wordpress\/plugins\/seo\/ -->\n<title>Tour Zurich 1\/2 ng\u00e0y: \u0111i Th\u00e1c Rhine v\u00e0 thang m\u00e1y ng\u1eafm c\u1ea3nh - Giao di\u1ec7n website du l\u1ecbch<\/title>\n<meta name=\"robots\" content=\"noindex, follow, max-snippet:-1, max-image-preview:large, max-video-preview:-1\" \/>\n<meta property=\"og:locale\" content=\"vi_VN\" \/>\n<meta property=\"og:type\" content=\"article\" \/>\n<meta property=\"og:title\" content=\"Tour Zurich 1\/2 ng\u00e0y: \u0111i Th\u00e1c Rhine v\u00e0 thang m\u00e1y ng\u1eafm c\u1ea3nh - Giao di\u1ec7n website du l\u1ecbch\" \/>\n<meta property=\"og:description\" content=\"Tr\u1ea1i t\u1eadp trung Sachsenhausen l\u00e0 m\u1ed9t \u201cl\u00f2 gi\u1ebft ng\u01b0\u1eddi\u201d kh\u1ed5ng l\u1ed3 trong Th\u1ebf Chi\u1ebfn II \u1edf \u0110\u1ee9c. \u0110\u00e2y l\u00e0 m\u1ed9t trong nh\u1eefng tr\u1ea1i t\u1eadp trung ch\u00ednh c\u1ee7a Ph\u00e1t x\u00edt \u0110\u1ee9c trong th\u1eddi k\u00ec n\u00e0y. \u0110\u1ebfn v\u1edbi Sachsenhausen, du kh\u00e1ch s\u1ebd t\u1eadn m\u1eaft ch\u1ee9ng ki\u1ebfn nh\u1eefng d\u1ea5u t\u00edch t\u1ed9i \u00e1c c\u1ee7a m\u1ed9t giai \u0111o\u1ea1n l\u1ecbch s\u1eed...\" \/>\n<meta property=\"og:url\" content=\"http:\/\/dulich10.maugiaodien.com\/tour-zurich-1-2-ngay-di-thac-rhine-va-thang-may-ngam-canh\/\" \/>\n<meta property=\"og:site_name\" content=\"Giao di\u1ec7n website du l\u1ecbch\" \/>\n<meta property=\"article:modified_time\" content=\"2020-10-02T08:36:28+00:00\" \/>\n<meta property=\"og:image\" content=\"https:\/\/mauweb.tamnguyen.vn\/dulich10\/wp-content\/uploads\/2020\/09\/tour-zurich-1-2-ngay-di-thac-rhine-va-thang-may-ngam-canh-3-600x400-2.jpg\" \/>\n\t<meta property=\"og:image:width\" content=\"600\" \/>\n\t<meta property=\"og:image:height\" content=\"400\" \/>\n<meta name=\"twitter:card\" content=\"summary\" \/>\n<script type=\"application\/ld+json\" class=\"yoast-schema-graph\">{\"@context\":\"https:\/\/schema.org\",\"@graph\":[{\"@type\":\"WebSite\",\"@id\":\"https:\/\/mauweb.tamnguyen.vn\/dulich10\/#website\",\"url\":\"https:\/\/mauweb.tamnguyen.vn\/dulich10\/\",\"name\":\"Giao di\\u1ec7n website du l\\u1ecbch\",\"description\":\"\",\"potentialAction\":[{\"@type\":\"SearchAction\",\"target\":\"https:\/\/mauweb.tamnguyen.vn\/dulich10\/?s={search_term_string}\",\"query-input\":\"required name=search_term_string\"}],\"inLanguage\":\"vi\"},{\"@type\":\"ImageObject\",\"@id\":\"http:\/\/dulich10.maugiaodien.com\/tour-zurich-1-2-ngay-di-thac-rhine-va-thang-may-ngam-canh\/#primaryimage\",\"inLanguage\":\"vi\",\"url\":\"https:\/\/mauweb.tamnguyen.vn\/dulich10\/wp-content\/uploads\/2020\/09\/tour-zurich-1-2-ngay-di-thac-rhine-va-thang-may-ngam-canh-3-600x400-2.jpg\",\"width\":600,\"height\":400},{\"@type\":\"WebPage\",\"@id\":\"http:\/\/dulich10.maugiaodien.com\/tour-zurich-1-2-ngay-di-thac-rhine-va-thang-may-ngam-canh\/#webpage\",\"url\":\"http:\/\/dulich10.maugiaodien.com\/tour-zurich-1-2-ngay-di-thac-rhine-va-thang-may-ngam-canh\/\",\"name\":\"Tour Zurich 1\/2 ng\\u00e0y: \\u0111i Th\\u00e1c Rhine v\\u00e0 thang m\\u00e1y ng\\u1eafm c\\u1ea3nh - Giao di\\u1ec7n website du l\\u1ecbch\",\"isPartOf\":{\"@id\":\"https:\/\/mauweb.tamnguyen.vn\/dulich10\/#website\"},\"primaryImageOfPage\":{\"@id\":\"http:\/\/dulich10.maugiaodien.com\/tour-zurich-1-2-ngay-di-thac-rhine-va-thang-may-ngam-canh\/#primaryimage\"},\"datePublished\":\"2020-09-10T09:14:27+00:00\",\"dateModified\":\"2020-10-02T08:36:28+00:00\",\"inLanguage\":\"vi\",\"potentialAction\":[{\"@type\":\"ReadAction\",\"target\":[\"http:\/\/dulich10.maugiaodien.com\/tour-zurich-1-2-ngay-di-thac-rhine-va-thang-may-ngam-canh\/\"]}]}]}<\/script>\n<!-- \/ Yoast SEO plugin. -->","_links":{"self":[{"href":"https:\/\/mauweb.tamnguyen.vn\/dulich10\/wp-json\/wp\/v2\/product\/460"}],"collection":[{"href":"https:\/\/mauweb.tamnguyen.vn\/dulich10\/wp-json\/wp\/v2\/product"}],"about":[{"href":"https:\/\/mauweb.tamnguyen.vn\/dulich10\/wp-json\/wp\/v2\/types\/product"}],"replies":[{"embeddable":true,"href":"https:\/\/mauweb.tamnguyen.vn\/dulich10\/wp-json\/wp\/v2\/comments?post=460"}],"wp:featuredmedia":[{"embeddable":true,"href":"https:\/\/mauweb.tamnguyen.vn\/dulich10\/wp-json\/wp\/v2\/media\/461"}],"wp:attachment":[{"href":"https:\/\/mauweb.tamnguyen.vn\/dulich10\/wp-json\/wp\/v2\/media?parent=460"}],"curies":[{"name":"wp","href":"https:\/\/api.w.org\/{rel}","templated":true}]}}