{"id":40,"date":"2019-04-22T22:30:26","date_gmt":"2019-04-22T15:30:26","guid":{"rendered":"http:\/\/nhadatmientrung.vn\/?page_id=40"},"modified":"2019-07-30T16:48:19","modified_gmt":"2019-07-30T09:48:19","slug":"gioi-thieu","status":"publish","type":"page","link":"https:\/\/mauweb.tamnguyen.vn\/bds5\/gioi-thieu\/","title":{"rendered":"Gi\u1edbi thi\u1ec7u"},"content":{"rendered":"<div class=\"intro1-text wow fadeIn\">\n<div class=\"intro1-content\">\n<div style=\"text-align: justify;\">\n<p><span style=\"color: #00a859;\"><strong>Nhadatmientrung.vn<\/strong><\/span> website tin t\u1ee9c v\u1ec1 b\u1ea5t \u0111\u1ed9ng s\u1ea3n ch\u00ednh th\u1ee9c c\u1ee7a LinkHouse Mi\u1ec1n Trung. LinkHouse Mi\u1ec1n Trung \u0111\u01b0\u1ee3c h\u00ecnh th\u00e0nh v\u00e0 ph\u00e1t tri\u1ec3n t\u1eeb t\u00e2m huy\u1ebft c\u1ee7a nh\u1eefng ng\u01b0\u1eddi s\u00e1ng l\u1eadp l\u00e0 mong mu\u1ed1n k\u1ebft n\u1ed1i c\u1ed9ng \u0111\u1ed3ng m\u00f4i gi\u1edbi nh\u1eb1m chung tay t\u1ea1o d\u1ef1ng m\u00f4i tr\u01b0\u1eddng kinh doanh, \u0111\u1ea7u t\u01b0 b\u1ea5t \u0111\u1ed9ng s\u1ea3n v\u1eefng m\u1ea1nh, C\u00f4ng ty C\u1ed5 ph\u1ea7n B\u1ea5t \u0111\u1ed9ng s\u1ea3n Linkhouse Mi\u1ec1n Trung t\u1ef1 h\u00e0o khi \u0111\u01b0\u1ee3c nhi\u1ec1u \u0111\u1ed1i t\u00e1c, kh\u00e1ch h\u00e0ng tin t\u01b0\u1edfng v\u00e0 l\u1ef1a ch\u1ecdn Linkhouse Mi\u1ec1n Trung trong ch\u1eb7ng \u0111\u01b0\u1eddng ph\u00e1t tri\u1ec3n, \u0111\u1ea7u t\u01b0 c\u00e1c d\u1ef1 \u00e1n b\u1ea5t \u0111\u1ed9ng s\u1ea3n c\u1ee7a m\u00ecnh.<\/p>\n<p><img loading=\"lazy\" decoding=\"async\" class=\"aligncenter wp-image-674 size-large\" src=\"http:\/\/bds5.maugiaodien.com\/wp-content\/uploads\/2019\/07\/bannerf-01-1024x717.jpg\" alt=\"\" width=\"1020\" height=\"714\" srcset=\"https:\/\/mauweb.tamnguyen.vn\/bds5\/wp-content\/uploads\/2019\/07\/bannerf-01-1024x717.jpg 1024w, https:\/\/mauweb.tamnguyen.vn\/bds5\/wp-content\/uploads\/2019\/07\/bannerf-01-300x210.jpg 300w, https:\/\/mauweb.tamnguyen.vn\/bds5\/wp-content\/uploads\/2019\/07\/bannerf-01-768x538.jpg 768w\" sizes=\"(max-width: 1020px) 100vw, 1020px\" \/><\/p>\n<p>Ch\u00fang t\u00f4i lu\u00f4n t\u00e2m ni\u1ec7m l\u1ea5y ch\u1eef \u201cT\u00cdN\u201d c\u00f9ng v\u1edbi s\u1ef1 \u201cCH\u00cdNH TR\u1ef0C\u201d l\u00e0 kim ch\u1ec9 nam xuy\u00ean su\u1ed1t trong qu\u00e1 tr\u00ecnh ho\u1ea1t \u0111\u1ed9ng kinh doanh c\u1ee7a m\u00ecnh. Linkhouse Mi\u1ec1n Trung hi\u1ec3u r\u1eb1ng, ch\u1ec9 c\u00f3 vi\u1ec7c x\u00e2y d\u1ef1ng v\u00e0 ph\u00e1t tri\u1ec3n c\u00f4ng ty d\u1ef1a tr\u00ean nh\u1eefng gi\u00e1 tr\u1ecb \u0111\u1ea1o \u0111\u1ee9c v\u00e0 v\u0103n h\u00f3a kinh doanh m\u1edbi gi\u00fap cho x\u00e3 h\u1ed9i ph\u00e1t tri\u1ec3n h\u01a1n, mang \u0111\u1ebfn cho kh\u00e1ch h\u00e0ng m\u1ed9t t\u00e0i s\u1ea3n \u0111\u00edch th\u1ef1c, m\u1ed9t gi\u00e1 tr\u1ecb \u0111\u00edch th\u1ef1c, g\u00f3p ph\u1ea7n n\u00e2ng cao ch\u1ea5t l\u01b0\u1ee3ng kh\u00f4ng gian s\u1ed1ng c\u1ee7a m\u1ecdi kh\u00e1ch h\u00e0ng.<\/p>\n<\/div>\n<\/div>\n<p><img loading=\"lazy\" decoding=\"async\" class=\"aligncenter wp-image-672 size-full\" src=\"http:\/\/bds5.maugiaodien.com\/wp-content\/uploads\/2019\/07\/b1-01.jpg\" alt=\"\" width=\"1920\" height=\"731\" srcset=\"https:\/\/mauweb.tamnguyen.vn\/bds5\/wp-content\/uploads\/2019\/07\/b1-01.jpg 1920w, https:\/\/mauweb.tamnguyen.vn\/bds5\/wp-content\/uploads\/2019\/07\/b1-01-300x114.jpg 300w, https:\/\/mauweb.tamnguyen.vn\/bds5\/wp-content\/uploads\/2019\/07\/b1-01-768x292.jpg 768w, https:\/\/mauweb.tamnguyen.vn\/bds5\/wp-content\/uploads\/2019\/07\/b1-01-1024x390.jpg 1024w\" sizes=\"(max-width: 1920px) 100vw, 1920px\" \/><\/p>\n<p>&nbsp;<\/p>\n<\/div>\n<header class=\"entry-header text-center\">\n<h1 class=\"entry-title\">Li\u00ean h\u1ec7<\/h1>\n<\/header>\n<div class=\"entry-content\">\n<p><span style=\"color: #282828;\"><strong>C\u00f4ng Ty B\u1ea5t \u0110\u1ed9ng S\u1ea3n LinkHouse Mi\u1ec1n Trung<\/strong><\/span><\/p>\n<ul>\n<li><strong>\u0110\u1ecba ch\u1ec9:<\/strong>\u00a0<strong>320 \u0110\u01b0\u1eddng 2\/9, Q. H\u1ea3i Ch\u00e2u, TP \u0110\u00e0 N\u1eb5ng<\/strong><\/li>\n<li><strong>Hotline:<\/strong>\u00a0<strong>0931.91.51.91 \u2013 0901.142.357<\/strong><\/li>\n<li><strong>Email:<\/strong>\u00a0<a href=\"mailto:toanpc.linkhouse@gmail.com\">toanpc.linkhouse@gmail.com<\/a><\/li>\n<li><strong>Website:<\/strong>\u00a0<a href=\"http:\/\/bds5.maugiaodien.com\/\">www.bds5.maugiaodien.com<\/a><\/li>\n<\/ul>\n<\/div>\n","protected":false},"excerpt":{"rendered":"<p>Nhadatmientrung.vn website tin t\u1ee9c v\u1ec1 b\u1ea5t \u0111\u1ed9ng s\u1ea3n ch\u00ednh th\u1ee9c c\u1ee7a LinkHouse Mi\u1ec1n Trung. LinkHouse Mi\u1ec1n Trung \u0111\u01b0\u1ee3c h\u00ecnh th\u00e0nh v\u00e0 ph\u00e1t tri\u1ec3n t\u1eeb t\u00e2m huy\u1ebft c\u1ee7a nh\u1eefng ng\u01b0\u1eddi s\u00e1ng l\u1eadp l\u00e0 mong mu\u1ed1n k\u1ebft n\u1ed1i c\u1ed9ng \u0111\u1ed3ng m\u00f4i gi\u1edbi nh\u1eb1m chung tay t\u1ea1o d\u1ef1ng m\u00f4i tr\u01b0\u1eddng kinh doanh, \u0111\u1ea7u t\u01b0 b\u1ea5t \u0111\u1ed9ng s\u1ea3n v\u1eefng &#8230;<\/p>\n","protected":false},"author":1,"featured_media":0,"parent":0,"menu_order":0,"comment_status":"closed","ping_status":"closed","template":"page-blank-title-center.php","meta":{"footnotes":""},"yst_prominent_words":[],"class_list":["post-40","page","type-page","status-publish","hentry"],"_links":{"self":[{"href":"https:\/\/mauweb.tamnguyen.vn\/bds5\/wp-json\/wp\/v2\/pages\/40"}],"collection":[{"href":"https:\/\/mauweb.tamnguyen.vn\/bds5\/wp-json\/wp\/v2\/pages"}],"about":[{"href":"https:\/\/mauweb.tamnguyen.vn\/bds5\/wp-json\/wp\/v2\/types\/page"}],"author":[{"embeddable":true,"href":"https:\/\/mauweb.tamnguyen.vn\/bds5\/wp-json\/wp\/v2\/users\/1"}],"replies":[{"embeddable":true,"href":"https:\/\/mauweb.tamnguyen.vn\/bds5\/wp-json\/wp\/v2\/comments?post=40"}],"version-history":[{"count":6,"href":"https:\/\/mauweb.tamnguyen.vn\/bds5\/wp-json\/wp\/v2\/pages\/40\/revisions"}],"predecessor-version":[{"id":678,"href":"https:\/\/mauweb.tamnguyen.vn\/bds5\/wp-json\/wp\/v2\/pages\/40\/revisions\/678"}],"wp:attachment":[{"href":"https:\/\/mauweb.tamnguyen.vn\/bds5\/wp-json\/wp\/v2\/media?parent=40"}],"wp:term":[{"taxonomy":"yst_prominent_words","embeddable":true,"href":"https:\/\/mauweb.tamnguyen.vn\/bds5\/wp-json\/wp\/v2\/yst_prominent_words?post=40"}],"curies":[{"name":"wp","href":"https:\/\/api.w.org\/{rel}","templated":true}]}}