{"id":1420,"date":"2020-12-04T00:45:35","date_gmt":"2020-12-03T17:45:35","guid":{"rendered":"http:\/\/bds32.maugiaodien.com\/?post_type=product&#038;p=1420"},"modified":"2020-12-08T19:07:03","modified_gmt":"2020-12-08T12:07:03","slug":"can-ban-lo-dat-qua-ngon-de-lam-homestay-hoac-hostel-dong-que-tai-phong-nha","status":"publish","type":"product","link":"https:\/\/mauweb.tamnguyen.vn\/bds34\/bds\/can-ban-lo-dat-qua-ngon-de-lam-homestay-hoac-hostel-dong-que-tai-phong-nha\/","title":{"rendered":"C\u1ea7n b\u00e1n l\u00f4 \u0111\u1ea5t qu\u00e1 ngon \u0111\u1ec3 l\u00e0m homestay\/hostel \u0111\u1ed3ng qu\u00ea t\u1ea1i Phong Nha"},"content":{"rendered":"<p>H\u00e0ng hot l\u00e0m home \u2013 hostel \u2013 pub\u2026\u0111\u1ed3ng qu\u00ea, ngay d\u01b0\u1edbi ch\u00e2n b\u1ea3ng hollywood Phong Nha,<\/p>\n<p>Kh\u00f4ng th\u1ec3 tin, Ch\u1ec9 h\u01a1n ch\u01b0a t\u1edbi 2tr\/m2!.<\/p>\n<p>Ch\u00ednh ch\u1ee7 c\u00f3 vi\u1ec7c g\u1ea5p n\u00ean c\u1ea7n nh\u01b0\u1ee3ng l\u1ea1i l\u00f4 \u0111\u1ea5t h\u01a1n 1300m2 l\u00e0m homestay \u2013 hostel \u2013 pub\u2026etc \u0111\u1ed3ng qu\u00ea qu\u00e1 \u0111\u1eb9p (\u0111\u00e3 c\u00f3 plan), ngay d\u01b0\u1edbi ch\u00e2n b\u1ea3ng Hollywood c\u1ee7a Di s\u1ea3n, bao quanh l\u00e0 \u0111\u1ed3ng ru\u1ed9ng r\u00ec r\u00e0o, t\u00e1ch bi\u1ec7t &amp; y\u00ean t\u0129nh. B\u00ean c\u1ea1nh l\u00e0 Sy homestay (m\u1ed9t trong nh\u1eefng homestay c\u00f3 l\u01b0\u1ee3ng kh\u00e1ch t\u1ed1t nh\u1ea5t Phong Nha).<\/p>\n<p>Gi\u00e1 ch\u1ed1t: ch\u1ec9 2,5 t\u1ec9 (kh\u00f4ng n\u00f3i th\u00e1ch nh\u01b0ng em s\u1ebd c\u00f3 ch\u00fat t\u00ed l\u1ed9c cho anh ch\u1ecb h\u1ed3ng ph\u00e1t)<\/p>\n<p>Li\u00ean h\u1ec7 ngay: #Phong_Nha_LAND &#8211; Hotline &amp; Zalo (24\/7): 0986 237 xxx<\/p>\n","protected":false},"excerpt":{"rendered":"<p>H\u00e0ng hot l\u00e0m home \u2013 hostel \u2013 pub\u2026\u0111\u1ed3ng qu\u00ea, ngay d\u01b0\u1edbi ch\u00e2n b\u1ea3ng hollywood Phong Nha, Kh\u00f4ng th\u1ec3 tin, Ch\u1ec9 h\u01a1n ch\u01b0a t\u1edbi 2tr\/m2!. Ch\u00ednh ch\u1ee7 c\u00f3 vi\u1ec7c g\u1ea5p n\u00ean c\u1ea7n nh\u01b0\u1ee3ng l\u1ea1i l\u00f4 \u0111\u1ea5t h\u01a1n 1300m2 l\u00e0m homestay \u2013 hostel \u2013 pub\u2026etc \u0111\u1ed3ng qu\u00ea qu\u00e1 \u0111\u1eb9p (\u0111\u00e3 c\u00f3 plan), ngay d\u01b0\u1edbi ch\u00e2n b\u1ea3ng Hollywood..<\/p>\n","protected":false},"featured_media":1647,"template":"","meta":[],"class_list":["post-1420","product","type-product","status-publish","has-post-thumbnail","hentry","product_cat-bat-dong-san-can-ban","product_cat-dat-tho-cu"],"lang":"vi","translations":{"vi":1420},"yoast_head":"<!-- This site is optimized with the Yoast SEO plugin v15.5 - https:\/\/yoast.com\/wordpress\/plugins\/seo\/ -->\n<title>C\u1ea7n b\u00e1n l\u00f4 \u0111\u1ea5t qu\u00e1 ngon \u0111\u1ec3 l\u00e0m homestay\/hostel \u0111\u1ed3ng qu\u00ea t\u1ea1i Phong Nha - Phong Nha Land<\/title>\n<meta name=\"description\" content=\"L\u00f4 \u0111\u1ea5t qu\u00e1 \u0111\u1eb9p \u0111\u1ec3 l\u00e0m homestay - hostel \u0111\u1ed3ng qu\u00ea ngay c\u1ee7a ng\u00f5 Di s\u1ea3n Phong Nha - K\u1ebb B\u00e0ng.\" \/>\n<meta name=\"robots\" content=\"noindex, follow, max-snippet:-1, max-image-preview:large, max-video-preview:-1\" \/>\n<meta property=\"og:locale\" content=\"vi_VN\" \/>\n<meta property=\"og:type\" content=\"article\" \/>\n<meta property=\"og:title\" content=\"C\u1ea7n b\u00e1n l\u00f4 \u0111\u1ea5t qu\u00e1 ngon \u0111\u1ec3 l\u00e0m homestay\/hostel \u0111\u1ed3ng qu\u00ea t\u1ea1i Phong Nha - Phong Nha Land\" \/>\n<meta property=\"og:description\" content=\"L\u00f4 \u0111\u1ea5t qu\u00e1 \u0111\u1eb9p \u0111\u1ec3 l\u00e0m homestay - hostel \u0111\u1ed3ng qu\u00ea ngay c\u1ee7a ng\u00f5 Di s\u1ea3n Phong Nha - K\u1ebb B\u00e0ng.\" \/>\n<meta property=\"og:url\" content=\"https:\/\/mauweb.tamnguyen.vn\/bds34\/bds\/can-ban-lo-dat-qua-ngon-de-lam-homestay-hoac-hostel-dong-que-tai-phong-nha\/\" \/>\n<meta property=\"og:site_name\" content=\"B\u1ea5t \u0110\u1ed9ng S\u1ea3n Phong Nha\" \/>\n<meta property=\"article:modified_time\" content=\"2020-12-08T12:07:03+00:00\" \/>\n<meta property=\"og:image\" content=\"https:\/\/mauweb.tamnguyen.vn\/bds34\/wp-content\/uploads\/2020\/10\/109921146_1603275513180181_2359080582544862482_o.jpg\" \/>\n\t<meta property=\"og:image:width\" content=\"960\" \/>\n\t<meta property=\"og:image:height\" content=\"539\" \/>\n<meta name=\"twitter:card\" content=\"summary_large_image\" \/>\n<meta name=\"twitter:label1\" content=\"Est. reading time\">\n\t<meta name=\"twitter:data1\" content=\"1 ph\u00fat\">\n<script type=\"application\/ld+json\" class=\"yoast-schema-graph\">{\"@context\":\"https:\/\/schema.org\",\"@graph\":[{\"@type\":\"Organization\",\"@id\":\"https:\/\/bds32.maugiaodien.com\/#organization\",\"name\":\"Phong Nha Land\",\"url\":\"https:\/\/bds32.maugiaodien.com\/\",\"sameAs\":[],\"logo\":{\"@type\":\"ImageObject\",\"@id\":\"https:\/\/bds32.maugiaodien.com\/#logo\",\"inLanguage\":\"vi\",\"url\":\"https:\/\/mauweb.tamnguyen.vn\/bds34\/wp-content\/uploads\/2020\/09\/logo-bdsphongnha.png\",\"width\":300,\"height\":75,\"caption\":\"Phong Nha Land\"},\"image\":{\"@id\":\"https:\/\/bds32.maugiaodien.com\/#logo\"}},{\"@type\":\"WebSite\",\"@id\":\"https:\/\/bds32.maugiaodien.com\/#website\",\"url\":\"https:\/\/bds32.maugiaodien.com\/\",\"name\":\"B\\u1ea5t \\u0110\\u1ed9ng S\\u1ea3n Phong Nha\",\"description\":\"\",\"publisher\":{\"@id\":\"https:\/\/bds32.maugiaodien.com\/#organization\"},\"potentialAction\":[{\"@type\":\"SearchAction\",\"target\":\"https:\/\/bds32.maugiaodien.com\/?s={search_term_string}\",\"query-input\":\"required name=search_term_string\"}],\"inLanguage\":\"vi\"},{\"@type\":\"ImageObject\",\"@id\":\"https:\/\/mauweb.tamnguyen.vn\/bds34\/bds\/can-ban-lo-dat-qua-ngon-de-lam-homestay-hoac-hostel-dong-que-tai-phong-nha\/#primaryimage\",\"inLanguage\":\"vi\",\"url\":\"https:\/\/mauweb.tamnguyen.vn\/bds34\/wp-content\/uploads\/2020\/10\/109921146_1603275513180181_2359080582544862482_o.jpg\",\"width\":960,\"height\":539,\"caption\":\"109921146 1603275513180181 2359080582544862482 O\"},{\"@type\":\"WebPage\",\"@id\":\"https:\/\/mauweb.tamnguyen.vn\/bds34\/bds\/can-ban-lo-dat-qua-ngon-de-lam-homestay-hoac-hostel-dong-que-tai-phong-nha\/#webpage\",\"url\":\"https:\/\/mauweb.tamnguyen.vn\/bds34\/bds\/can-ban-lo-dat-qua-ngon-de-lam-homestay-hoac-hostel-dong-que-tai-phong-nha\/\",\"name\":\"C\\u1ea7n b\\u00e1n l\\u00f4 \\u0111\\u1ea5t qu\\u00e1 ngon \\u0111\\u1ec3 l\\u00e0m homestay\/hostel \\u0111\\u1ed3ng qu\\u00ea t\\u1ea1i Phong Nha - Phong Nha Land\",\"isPartOf\":{\"@id\":\"https:\/\/bds32.maugiaodien.com\/#website\"},\"primaryImageOfPage\":{\"@id\":\"https:\/\/mauweb.tamnguyen.vn\/bds34\/bds\/can-ban-lo-dat-qua-ngon-de-lam-homestay-hoac-hostel-dong-que-tai-phong-nha\/#primaryimage\"},\"datePublished\":\"2020-12-03T17:45:35+00:00\",\"dateModified\":\"2020-12-08T12:07:03+00:00\",\"description\":\"L\\u00f4 \\u0111\\u1ea5t qu\\u00e1 \\u0111\\u1eb9p \\u0111\\u1ec3 l\\u00e0m homestay - hostel \\u0111\\u1ed3ng qu\\u00ea ngay c\\u1ee7a ng\\u00f5 Di s\\u1ea3n Phong Nha - K\\u1ebb B\\u00e0ng.\",\"breadcrumb\":{\"@id\":\"https:\/\/mauweb.tamnguyen.vn\/bds34\/bds\/can-ban-lo-dat-qua-ngon-de-lam-homestay-hoac-hostel-dong-que-tai-phong-nha\/#breadcrumb\"},\"inLanguage\":\"vi\",\"potentialAction\":[{\"@type\":\"ReadAction\",\"target\":[\"https:\/\/mauweb.tamnguyen.vn\/bds34\/bds\/can-ban-lo-dat-qua-ngon-de-lam-homestay-hoac-hostel-dong-que-tai-phong-nha\/\"]}]},{\"@type\":\"BreadcrumbList\",\"@id\":\"https:\/\/mauweb.tamnguyen.vn\/bds34\/bds\/can-ban-lo-dat-qua-ngon-de-lam-homestay-hoac-hostel-dong-que-tai-phong-nha\/#breadcrumb\",\"itemListElement\":[{\"@type\":\"ListItem\",\"position\":1,\"item\":{\"@type\":\"WebPage\",\"@id\":\"https:\/\/bds32.maugiaodien.com\/\",\"url\":\"https:\/\/bds32.maugiaodien.com\/\",\"name\":\"Trang ch\\u1ee7\"}},{\"@type\":\"ListItem\",\"position\":2,\"item\":{\"@type\":\"WebPage\",\"@id\":\"https:\/\/mauweb.tamnguyen.vn\/bds34\/bat-dong-san\/\",\"url\":\"https:\/\/mauweb.tamnguyen.vn\/bds34\/bat-dong-san\/\",\"name\":\"T\\u1ea5t c\\u1ea3 B\\u1ea5t \\u0110\\u1ed9ng S\\u1ea3n\"}},{\"@type\":\"ListItem\",\"position\":3,\"item\":{\"@type\":\"WebPage\",\"@id\":\"https:\/\/mauweb.tamnguyen.vn\/bds34\/bds\/can-ban-lo-dat-qua-ngon-de-lam-homestay-hoac-hostel-dong-que-tai-phong-nha\/\",\"url\":\"https:\/\/mauweb.tamnguyen.vn\/bds34\/bds\/can-ban-lo-dat-qua-ngon-de-lam-homestay-hoac-hostel-dong-que-tai-phong-nha\/\",\"name\":\"C\\u1ea7n b\\u00e1n l\\u00f4 \\u0111\\u1ea5t qu\\u00e1 ngon \\u0111\\u1ec3 l\\u00e0m homestay\/hostel \\u0111\\u1ed3ng qu\\u00ea t\\u1ea1i Phong Nha\"}}]}]}<\/script>\n<!-- \/ Yoast SEO plugin. -->","pll_sync_post":[],"_links":{"self":[{"href":"https:\/\/mauweb.tamnguyen.vn\/bds34\/wp-json\/wp\/v2\/product\/1420"}],"collection":[{"href":"https:\/\/mauweb.tamnguyen.vn\/bds34\/wp-json\/wp\/v2\/product"}],"about":[{"href":"https:\/\/mauweb.tamnguyen.vn\/bds34\/wp-json\/wp\/v2\/types\/product"}],"wp:featuredmedia":[{"embeddable":true,"href":"https:\/\/mauweb.tamnguyen.vn\/bds34\/wp-json\/wp\/v2\/media\/1647"}],"wp:attachment":[{"href":"https:\/\/mauweb.tamnguyen.vn\/bds34\/wp-json\/wp\/v2\/media?parent=1420"}],"curies":[{"name":"wp","href":"https:\/\/api.w.org\/{rel}","templated":true}]}}