{"id":1903,"date":"2021-02-19T21:03:28","date_gmt":"2021-02-19T14:03:28","guid":{"rendered":"http:\/\/mau3.maudep.com.vn\/chungcu\/?post_type=product&#038;p=1903"},"modified":"2021-02-19T21:03:28","modified_gmt":"2021-02-19T14:03:28","slug":"toi-can-cho-thue-can-ho-chung-cu-discovery-100m2full-do-13-5tr","status":"publish","type":"product","link":"https:\/\/mauweb.tamnguyen.vn\/bds29\/san-pham\/toi-can-cho-thue-can-ho-chung-cu-discovery-100m2full-do-13-5tr\/","title":{"rendered":"T\u00f4i c\u1ea7n cho thu\u00ea c\u0103n h\u1ed9 chung c\u01b0 Discovery 100m2,full \u0111\u1ed3, 13.5tr"},"content":{"rendered":"<ol>\n<li>Th\u00f4ng tin c\u0103n h\u1ed9<\/li>\n<\/ol>\n<p>&#8211; Di\u1ec7n t\u00edch 100m2.<\/p>\n<p>&#8211; Thi\u1ebft k\u1ebf 2PN. 2VS<\/p>\n<p>&#8211; View \u0110\u1eb9p ,Tho\u00e1ng m\u00e1t,kh\u00f4ng \u1ed3n \u00e0o<\/p>\n<ol start=\"2\">\n<li>Ti\u1ec7n \u00edch<\/li>\n<\/ol>\n<p>&#8211; Discovery complex n\u1eb1m t\u1ea1i\u00a0302 C\u1ea7u Gi\u1ea5y l\u00e0 tr\u1ee5c \u0111\u01b0\u1eddng ch\u00ednh quan tr\u1ecdng nh\u1ea5t qu\u1eadn C\u1ea7u gi\u1ea5y, th\u1eeba h\u01b0\u1edfng h\u1ea1 t\u1ea7ng ho\u00e0n thi\u1ec7n s\u1eb5n c\u00f3 c\u1ee7a khu v\u1ef1c ch\u1ec9 trong v\u00f2ng b\u00e1n k\u00ednh 2km nh\u01b0:<br \/>\n-Tr\u01b0\u1eddng h\u1ecdc ch\u1ea5t l\u01b0\u1ee3ng cao: Ngh\u0129a T\u00e2n, Nguy\u1ec5n Si\u00eau, C\u1ea7u gi\u1ea5y&#8230;,<\/p>\n<ul>\n<li>M\u1eabu gi\u00e1o qu\u1ed1c t\u1ebf Montessori, Ami, Happy Smile;<\/li>\n<li>B\u1ec7nh vi\u1ec7n: vi\u1ec7n Huy\u1ebft h\u1ecdc, vi\u1ec7n 198, vi\u1ec7n y h\u1ecdc c\u1ed5 truy\u1ec1n&#8230;<\/li>\n<li>C\u00e1c c\u01a1 quan ban ng\u00e0nh\u00a0nh\u01b0 Qu\u1eadn \u1ee7y C\u1ea7u Gi\u1ea5y, B\u1ed9 T\u00e0i nguy\u00ean M\u00f4i tr\u01b0\u1eddng, B\u1ed9 n\u1ed9i v\u1ee5, Vi\u1ec7n ki\u1ec3m s\u00e1t nh\u00e2n d\u00e2n&#8230;. r\u1ea5t thu\u1eadn l\u1ee3i cho c\u00f4ng vi\u1ec7c c\u0169ng nh\u01b0 sinh ho\u1ea1t h\u00e0ng ng\u00e0y c\u1ee7a gia \u0111\u00ecnh.<\/li>\n<\/ul>\n<p>-B\u1ec3 B\u01a1i b\u1ed1n m\u00f9a, TTTM,nh\u00e0 h\u00e0ng, khu vui ch\u01a1i \u2026..<\/p>\n<ol start=\"3\">\n<li>Gi\u00e1 thu\u00ea : 13.5 tr\/1 th\u00e1ng .thanh to\u00e1n 3 c\u1ecdc 1.<\/li>\n<li><\/li>\n<li>N\u1ed9i th\u1ea5t full \u0111\u1ed3 : t\u1ee7 l\u1ea1nh, \u0111i\u1ec1u ho\u00e0, n\u00f3ng l\u1ea1nh, tivi, m\u00e1y gi\u1eb7t, gi\u01b0\u1eddng t\u1ee7,t\u1ee7 b\u1ebfp ,&#8230;&#8230;.<\/li>\n<\/ol>\n<p>&#8211; mi\u1ec5n ph\u00ed t\u01b0 v\u1ea5n v\u00e0 xem nh\u00e0<\/p>\n<ol start=\"5\">\n<li>Li\u00ean h\u1ec7<\/li>\n<\/ol>\n<p>S\u0110T 0377.968.115 &#8211; 0901770<\/p>\n","protected":false},"excerpt":{"rendered":"<p>Th\u00f4ng tin c\u0103n h\u1ed9 &#8211; Di\u1ec7n t\u00edch 100m2. &#8211; Thi\u1ebft k\u1ebf 2PN. 2VS &#8211; View \u0110\u1eb9p ,Tho\u00e1ng m\u00e1t,kh\u00f4ng \u1ed3n \u00e0o Ti\u1ec7n \u00edch &#8211; Discovery complex n\u1eb1m t\u1ea1i\u00a0302 C\u1ea7u Gi\u1ea5y l\u00e0 tr\u1ee5c \u0111\u01b0\u1eddng ch\u00ednh quan tr\u1ecdng nh\u1ea5t qu\u1eadn C\u1ea7u gi\u1ea5y, th\u1eeba h\u01b0\u1edfng h\u1ea1 t\u1ea7ng ho\u00e0n thi\u1ec7n s\u1eb5n c\u00f3 c\u1ee7a khu v\u1ef1c ch\u1ec9 trong v\u00f2ng b\u00e1n k\u00ednh [&#8230;]\n","protected":false},"featured_media":1910,"comment_status":"open","ping_status":"closed","template":"","meta":[],"product_cat":[171],"product_tag":[],"loai_du_an":[144],"khoang_gia":[288],"dien_tich":[302],"phong_ngu":[181],"location":[324,198],"class_list":["post-1903","product","type-product","status-publish","has-post-thumbnail","hentry","product_cat-can-mua-can-thue","loai_du_an-cho-thue-can-ho-chung-cu","khoang_gia-10-15-trieu","dien_tich-100-150-m2","phong_ngu-02-phong-ngu","location-du-an-discovery-complex-cau-giay","location-quan-cau-giay"],"acf":[],"yoast_head":"<!-- This site is optimized with the Yoast SEO plugin v19.8 - https:\/\/yoast.com\/wordpress\/plugins\/seo\/ -->\n<title>T\u00f4i c\u1ea7n cho thu\u00ea c\u0103n h\u1ed9 chung c\u01b0 Discovery 100m2,full \u0111\u1ed3, 13.5tr - Cho thu\u00ea chung c\u01b0 H\u00e0 N\u1ed9i<\/title>\n<meta name=\"robots\" content=\"noindex, follow, max-snippet:-1, max-image-preview:large, max-video-preview:-1\" \/>\n<meta property=\"og:locale\" content=\"vi_VN\" \/>\n<meta property=\"og:type\" content=\"article\" \/>\n<meta property=\"og:title\" content=\"T\u00f4i c\u1ea7n cho thu\u00ea c\u0103n h\u1ed9 chung c\u01b0 Discovery 100m2,full \u0111\u1ed3, 13.5tr - Cho thu\u00ea chung c\u01b0 H\u00e0 N\u1ed9i\" \/>\n<meta property=\"og:description\" content=\"Th\u00f4ng tin c\u0103n h\u1ed9 &#8211; Di\u1ec7n t\u00edch 100m2. &#8211; Thi\u1ebft k\u1ebf 2PN. 2VS &#8211; View \u0110\u1eb9p ,Tho\u00e1ng m\u00e1t,kh\u00f4ng \u1ed3n \u00e0o Ti\u1ec7n \u00edch &#8211; Discovery complex n\u1eb1m t\u1ea1i\u00a0302 C\u1ea7u Gi\u1ea5y l\u00e0 tr\u1ee5c \u0111\u01b0\u1eddng ch\u00ednh quan tr\u1ecdng nh\u1ea5t qu\u1eadn C\u1ea7u gi\u1ea5y, th\u1eeba h\u01b0\u1edfng h\u1ea1 t\u1ea7ng ho\u00e0n thi\u1ec7n s\u1eb5n c\u00f3 c\u1ee7a khu v\u1ef1c ch\u1ec9 trong v\u00f2ng b\u00e1n k\u00ednh [...]\" \/>\n<meta property=\"og:url\" content=\"https:\/\/mauweb.tamnguyen.vn\/bds29\/san-pham\/toi-can-cho-thue-can-ho-chung-cu-discovery-100m2full-do-13-5tr\/\" \/>\n<meta property=\"og:site_name\" content=\"Cho thu\u00ea chung c\u01b0 H\u00e0 N\u1ed9i\" \/>\n<meta property=\"og:image\" content=\"https:\/\/mauweb.tamnguyen.vn\/bds29\/wp-content\/uploads\/2021\/02\/z2338194765624_163dd0c1198ee565a5c88984a93cfd65.jpg\" \/>\n\t<meta property=\"og:image:width\" content=\"956\" \/>\n\t<meta property=\"og:image:height\" content=\"1276\" \/>\n\t<meta property=\"og:image:type\" content=\"image\/jpeg\" \/>\n<meta name=\"twitter:card\" content=\"summary_large_image\" \/>\n<meta name=\"twitter:label1\" content=\"\u01af\u1edbc t\u00ednh th\u1eddi gian \u0111\u1ecdc\" \/>\n\t<meta name=\"twitter:data1\" content=\"1 ph\u00fat\" \/>\n<script type=\"application\/ld+json\" class=\"yoast-schema-graph\">{\"@context\":\"https:\/\/schema.org\",\"@graph\":[{\"@type\":\"WebPage\",\"@id\":\"https:\/\/mauweb.tamnguyen.vn\/bds29\/san-pham\/toi-can-cho-thue-can-ho-chung-cu-discovery-100m2full-do-13-5tr\/\",\"url\":\"https:\/\/mauweb.tamnguyen.vn\/bds29\/san-pham\/toi-can-cho-thue-can-ho-chung-cu-discovery-100m2full-do-13-5tr\/\",\"name\":\"T\u00f4i c\u1ea7n cho thu\u00ea c\u0103n h\u1ed9 chung c\u01b0 Discovery 100m2,full \u0111\u1ed3, 13.5tr - Cho thu\u00ea chung c\u01b0 H\u00e0 N\u1ed9i\",\"isPartOf\":{\"@id\":\"https:\/\/mauweb.tamnguyen.vn\/bds29\/#website\"},\"datePublished\":\"2021-02-19T14:03:28+00:00\",\"dateModified\":\"2021-02-19T14:03:28+00:00\",\"breadcrumb\":{\"@id\":\"https:\/\/mauweb.tamnguyen.vn\/bds29\/san-pham\/toi-can-cho-thue-can-ho-chung-cu-discovery-100m2full-do-13-5tr\/#breadcrumb\"},\"inLanguage\":\"vi\",\"potentialAction\":[{\"@type\":\"ReadAction\",\"target\":[\"https:\/\/mauweb.tamnguyen.vn\/bds29\/san-pham\/toi-can-cho-thue-can-ho-chung-cu-discovery-100m2full-do-13-5tr\/\"]}]},{\"@type\":\"BreadcrumbList\",\"@id\":\"https:\/\/mauweb.tamnguyen.vn\/bds29\/san-pham\/toi-can-cho-thue-can-ho-chung-cu-discovery-100m2full-do-13-5tr\/#breadcrumb\",\"itemListElement\":[{\"@type\":\"ListItem\",\"position\":1,\"name\":\"Trang ch\u1ee7\",\"item\":\"https:\/\/mauweb.tamnguyen.vn\/bds29\/\"},{\"@type\":\"ListItem\",\"position\":2,\"name\":\"C\u1eeda h\u00e0ng\",\"item\":\"https:\/\/mauweb.tamnguyen.vn\/bds29\/cua-hang\/\"},{\"@type\":\"ListItem\",\"position\":3,\"name\":\"T\u00f4i c\u1ea7n cho thu\u00ea c\u0103n h\u1ed9 chung c\u01b0 Discovery 100m2,full \u0111\u1ed3, 13.5tr\"}]},{\"@type\":\"WebSite\",\"@id\":\"https:\/\/mauweb.tamnguyen.vn\/bds29\/#website\",\"url\":\"https:\/\/mauweb.tamnguyen.vn\/bds29\/\",\"name\":\"Cho thu\u00ea chung c\u01b0 H\u00e0 N\u1ed9i\",\"description\":\"\",\"potentialAction\":[{\"@type\":\"SearchAction\",\"target\":{\"@type\":\"EntryPoint\",\"urlTemplate\":\"https:\/\/mauweb.tamnguyen.vn\/bds29\/?s={search_term_string}\"},\"query-input\":\"required name=search_term_string\"}],\"inLanguage\":\"vi\"}]}<\/script>\n<!-- \/ Yoast SEO plugin. -->","yoast_head_json":{"title":"T\u00f4i c\u1ea7n cho thu\u00ea c\u0103n h\u1ed9 chung c\u01b0 Discovery 100m2,full \u0111\u1ed3, 13.5tr - Cho thu\u00ea chung c\u01b0 H\u00e0 N\u1ed9i","robots":{"index":"noindex","follow":"follow","max-snippet":"max-snippet:-1","max-image-preview":"max-image-preview:large","max-video-preview":"max-video-preview:-1"},"og_locale":"vi_VN","og_type":"article","og_title":"T\u00f4i c\u1ea7n cho thu\u00ea c\u0103n h\u1ed9 chung c\u01b0 Discovery 100m2,full \u0111\u1ed3, 13.5tr - Cho thu\u00ea chung c\u01b0 H\u00e0 N\u1ed9i","og_description":"Th\u00f4ng tin c\u0103n h\u1ed9 &#8211; Di\u1ec7n t\u00edch 100m2. &#8211; Thi\u1ebft k\u1ebf 2PN. 2VS &#8211; View \u0110\u1eb9p ,Tho\u00e1ng m\u00e1t,kh\u00f4ng \u1ed3n \u00e0o Ti\u1ec7n \u00edch &#8211; Discovery complex n\u1eb1m t\u1ea1i\u00a0302 C\u1ea7u Gi\u1ea5y l\u00e0 tr\u1ee5c \u0111\u01b0\u1eddng ch\u00ednh quan tr\u1ecdng nh\u1ea5t qu\u1eadn C\u1ea7u gi\u1ea5y, th\u1eeba h\u01b0\u1edfng h\u1ea1 t\u1ea7ng ho\u00e0n thi\u1ec7n s\u1eb5n c\u00f3 c\u1ee7a khu v\u1ef1c ch\u1ec9 trong v\u00f2ng b\u00e1n k\u00ednh [...]","og_url":"https:\/\/mauweb.tamnguyen.vn\/bds29\/san-pham\/toi-can-cho-thue-can-ho-chung-cu-discovery-100m2full-do-13-5tr\/","og_site_name":"Cho thu\u00ea chung c\u01b0 H\u00e0 N\u1ed9i","og_image":[{"width":956,"height":1276,"url":"https:\/\/mauweb.tamnguyen.vn\/bds29\/wp-content\/uploads\/2021\/02\/z2338194765624_163dd0c1198ee565a5c88984a93cfd65.jpg","type":"image\/jpeg"}],"twitter_card":"summary_large_image","twitter_misc":{"\u01af\u1edbc t\u00ednh th\u1eddi gian \u0111\u1ecdc":"1 ph\u00fat"},"schema":{"@context":"https:\/\/schema.org","@graph":[{"@type":"WebPage","@id":"https:\/\/mauweb.tamnguyen.vn\/bds29\/san-pham\/toi-can-cho-thue-can-ho-chung-cu-discovery-100m2full-do-13-5tr\/","url":"https:\/\/mauweb.tamnguyen.vn\/bds29\/san-pham\/toi-can-cho-thue-can-ho-chung-cu-discovery-100m2full-do-13-5tr\/","name":"T\u00f4i c\u1ea7n cho thu\u00ea c\u0103n h\u1ed9 chung c\u01b0 Discovery 100m2,full \u0111\u1ed3, 13.5tr - Cho thu\u00ea chung c\u01b0 H\u00e0 N\u1ed9i","isPartOf":{"@id":"https:\/\/mauweb.tamnguyen.vn\/bds29\/#website"},"datePublished":"2021-02-19T14:03:28+00:00","dateModified":"2021-02-19T14:03:28+00:00","breadcrumb":{"@id":"https:\/\/mauweb.tamnguyen.vn\/bds29\/san-pham\/toi-can-cho-thue-can-ho-chung-cu-discovery-100m2full-do-13-5tr\/#breadcrumb"},"inLanguage":"vi","potentialAction":[{"@type":"ReadAction","target":["https:\/\/mauweb.tamnguyen.vn\/bds29\/san-pham\/toi-can-cho-thue-can-ho-chung-cu-discovery-100m2full-do-13-5tr\/"]}]},{"@type":"BreadcrumbList","@id":"https:\/\/mauweb.tamnguyen.vn\/bds29\/san-pham\/toi-can-cho-thue-can-ho-chung-cu-discovery-100m2full-do-13-5tr\/#breadcrumb","itemListElement":[{"@type":"ListItem","position":1,"name":"Trang ch\u1ee7","item":"https:\/\/mauweb.tamnguyen.vn\/bds29\/"},{"@type":"ListItem","position":2,"name":"C\u1eeda h\u00e0ng","item":"https:\/\/mauweb.tamnguyen.vn\/bds29\/cua-hang\/"},{"@type":"ListItem","position":3,"name":"T\u00f4i c\u1ea7n cho thu\u00ea c\u0103n h\u1ed9 chung c\u01b0 Discovery 100m2,full \u0111\u1ed3, 13.5tr"}]},{"@type":"WebSite","@id":"https:\/\/mauweb.tamnguyen.vn\/bds29\/#website","url":"https:\/\/mauweb.tamnguyen.vn\/bds29\/","name":"Cho thu\u00ea chung c\u01b0 H\u00e0 N\u1ed9i","description":"","potentialAction":[{"@type":"SearchAction","target":{"@type":"EntryPoint","urlTemplate":"https:\/\/mauweb.tamnguyen.vn\/bds29\/?s={search_term_string}"},"query-input":"required name=search_term_string"}],"inLanguage":"vi"}]}},"_links":{"self":[{"href":"https:\/\/mauweb.tamnguyen.vn\/bds29\/wp-json\/wp\/v2\/product\/1903"}],"collection":[{"href":"https:\/\/mauweb.tamnguyen.vn\/bds29\/wp-json\/wp\/v2\/product"}],"about":[{"href":"https:\/\/mauweb.tamnguyen.vn\/bds29\/wp-json\/wp\/v2\/types\/product"}],"replies":[{"embeddable":true,"href":"https:\/\/mauweb.tamnguyen.vn\/bds29\/wp-json\/wp\/v2\/comments?post=1903"}],"wp:featuredmedia":[{"embeddable":true,"href":"https:\/\/mauweb.tamnguyen.vn\/bds29\/wp-json\/wp\/v2\/media\/1910"}],"wp:attachment":[{"href":"https:\/\/mauweb.tamnguyen.vn\/bds29\/wp-json\/wp\/v2\/media?parent=1903"}],"wp:term":[{"taxonomy":"product_cat","embeddable":true,"href":"https:\/\/mauweb.tamnguyen.vn\/bds29\/wp-json\/wp\/v2\/product_cat?post=1903"},{"taxonomy":"product_tag","embeddable":true,"href":"https:\/\/mauweb.tamnguyen.vn\/bds29\/wp-json\/wp\/v2\/product_tag?post=1903"},{"taxonomy":"loai_du_an","embeddable":true,"href":"https:\/\/mauweb.tamnguyen.vn\/bds29\/wp-json\/wp\/v2\/loai_du_an?post=1903"},{"taxonomy":"khoang_gia","embeddable":true,"href":"https:\/\/mauweb.tamnguyen.vn\/bds29\/wp-json\/wp\/v2\/khoang_gia?post=1903"},{"taxonomy":"dien_tich","embeddable":true,"href":"https:\/\/mauweb.tamnguyen.vn\/bds29\/wp-json\/wp\/v2\/dien_tich?post=1903"},{"taxonomy":"phong_ngu","embeddable":true,"href":"https:\/\/mauweb.tamnguyen.vn\/bds29\/wp-json\/wp\/v2\/phong_ngu?post=1903"},{"taxonomy":"location","embeddable":true,"href":"https:\/\/mauweb.tamnguyen.vn\/bds29\/wp-json\/wp\/v2\/location?post=1903"}],"curies":[{"name":"wp","href":"https:\/\/api.w.org\/{rel}","templated":true}]}}