{"id":1844,"date":"2021-02-18T10:38:03","date_gmt":"2021-02-18T03:38:03","guid":{"rendered":"http:\/\/mau3.maudep.com.vn\/chungcu\/?post_type=product&#038;p=1844"},"modified":"2021-02-18T14:09:00","modified_gmt":"2021-02-18T07:09:00","slug":"cho-thue-can-ho-chung-cu-goldmark-city-full-do-80m2-12tr-1-thang","status":"publish","type":"product","link":"https:\/\/mauweb.tamnguyen.vn\/bds29\/san-pham\/cho-thue-can-ho-chung-cu-goldmark-city-full-do-80m2-12tr-1-thang\/","title":{"rendered":"cho thu\u00ea c\u0103n h\u1ed9 chung c\u01b0 goldmark city  full \u0111\u1ed3, 80m2.12tr\/1 th\u00e1ng"},"content":{"rendered":"<p>1. Th\u00f4ng tin c\u0103n h\u1ed9<\/p>\n<p>&#8211; Di\u1ec7n t\u00edch 80m2.<br \/>\n&#8211; Thi\u1ebft k\u1ebf 2PN. 2VS<br \/>\n&#8211; View \u0110\u1eb9p ,Tho\u00e1ng m\u00e1t,kh\u00f4ng \u1ed3n \u00e0o<br \/>\n2. Ti\u1ec7n \u00edch<\/p>\n<p>&#8211; G\u1ea7n c\u00e1c \u0111\u1eb7c khu kinh t\u1ebf l\u1edbn c\u1ee7a H\u00e0 N\u1ed9i v\u1edbi c\u00e1c doanh nghi\u1ec7p, c\u00e1c ng\u00e2n h\u00e0ng l\u1edbn<br \/>\n&#8211; G\u1ea7n c\u00e1c tr\u01b0\u1eddng \u0110H l\u1edbn nh\u01b0 \u0110H Qu\u1ed1c Gia H\u00e0 N\u1ed9i, \u0110H Th\u01b0\u01a1ng M\u1ea1i, \u0110H S\u01b0 Ph\u1ea1m&#8230;<br \/>\n&#8211; G\u1ea7n b\u1ebfn xa M\u1ef9 \u0110\u00ecnh, g\u1ea7n tuy\u1ebfn Metro Nh\u1ed5n &#8211; Ga H\u00e0 N\u1ed9i<br \/>\n&#8211; G\u1ea7n trung t\u00e2m H\u1ed9i Ngh\u1ecb Qu\u1ed1c Gia, s\u00e2n v\u1eadn \u0111\u1ed9ng M\u1ef9 \u0110\u00ecnh<br \/>\n&#8211; L\u00e0 c\u1ea7u n\u1ed1i c\u00e1c tr\u1ee5c giao th\u00f4ng quan tr\u1ecdng nh\u01b0 \u0111\u01b0\u1eddng 32, \u0111\u01b0\u1eddng Ph\u1ea1m V\u0103n \u0110\u1ed3ng, \u0111\u01b0\u1eddng Ho\u00e0ng Qu\u1ed1c Vi\u1ec7t k\u00e9o d\u00e0i, \u0111\u01b0\u1eddng L\u00ea \u0110\u1ee9c Th\u1ecd&#8230;<br \/>\n* C\u0103n h\u00f4\u0323 ly\u0301 t\u01b0\u01a1\u0309ng vi\u0323 tri\u0301 trung t\u00e2m ta\u0323i qu\u00e2\u0323n C\u00e2\u0300u Gi\u00e2\u0301y &#8211; Ha\u0300 N\u00f4\u0323i<\/p>\n<p>3 . Gi\u00e1 thu\u00ea : 12tr\/1 th\u00e1ng. thanh to\u00e1n 3 th\u00e1ng c\u1ecdc 1<\/p>\n<p>4. N\u1ed9i Th\u1ea5t full \u0111\u1ed3 : ti vi , t\u1ee7 l\u1ea1nh, m\u00e1y gi\u1eb7t, \u0111i\u1ec1u ho\u00e0, t\u1ee7 gi\u01b0\u1eddng, t\u1ee7 b\u1ebfp&#8230;&#8230;..<\/p>\n<p>Mi\u1ec5n Ph\u00ed xem nh\u00e0.<\/p>\n<p>5 . li\u00ean h\u1ec7 t\u01b0 v\u1ea5n : 0377.968.115 &#8211; 0901770058<\/p>\n","protected":false},"excerpt":{"rendered":"<p>cho thu\u00ea c\u0103n chung c\u01b0 goldmark city 80m2, full \u0111\u1ed3<\/p>\n","protected":false},"featured_media":1850,"comment_status":"open","ping_status":"closed","template":"","meta":[],"product_cat":[171],"product_tag":[],"loai_du_an":[144],"khoang_gia":[288],"dien_tich":[299],"phong_ngu":[181],"location":[397],"class_list":["post-1844","product","type-product","status-publish","has-post-thumbnail","hentry","product_cat-can-mua-can-thue","loai_du_an-cho-thue-can-ho-chung-cu","khoang_gia-10-15-trieu","dien_tich-50-80-m2","phong_ngu-02-phong-ngu","location-du-an-golmark-city-ho-tung-mau"],"acf":[],"yoast_head":"<!-- This site is optimized with the Yoast SEO plugin v19.8 - https:\/\/yoast.com\/wordpress\/plugins\/seo\/ -->\n<title>cho thu\u00ea c\u0103n h\u1ed9 chung c\u01b0 goldmark city full \u0111\u1ed3, 80m2.12tr\/1 th\u00e1ng - Cho thu\u00ea chung c\u01b0 H\u00e0 N\u1ed9i<\/title>\n<meta name=\"robots\" content=\"noindex, follow, max-snippet:-1, max-image-preview:large, max-video-preview:-1\" \/>\n<meta property=\"og:locale\" content=\"vi_VN\" \/>\n<meta property=\"og:type\" content=\"article\" \/>\n<meta property=\"og:title\" content=\"cho thu\u00ea c\u0103n h\u1ed9 chung c\u01b0 goldmark city full \u0111\u1ed3, 80m2.12tr\/1 th\u00e1ng - Cho thu\u00ea chung c\u01b0 H\u00e0 N\u1ed9i\" \/>\n<meta property=\"og:description\" content=\"cho thu\u00ea c\u0103n chung c\u01b0 goldmark city 80m2, full \u0111\u1ed3\" \/>\n<meta property=\"og:url\" content=\"https:\/\/mauweb.tamnguyen.vn\/bds29\/san-pham\/cho-thue-can-ho-chung-cu-goldmark-city-full-do-80m2-12tr-1-thang\/\" \/>\n<meta property=\"og:site_name\" content=\"Cho thu\u00ea chung c\u01b0 H\u00e0 N\u1ed9i\" \/>\n<meta property=\"article:modified_time\" content=\"2021-02-18T07:09:00+00:00\" \/>\n<meta property=\"og:image\" content=\"https:\/\/mauweb.tamnguyen.vn\/bds29\/wp-content\/uploads\/2021\/02\/z2320517856837_f38285c345680a1dd865baf556a49cce.jpg\" \/>\n\t<meta property=\"og:image:width\" content=\"960\" \/>\n\t<meta property=\"og:image:height\" content=\"720\" \/>\n\t<meta property=\"og:image:type\" content=\"image\/jpeg\" \/>\n<meta name=\"twitter:card\" content=\"summary_large_image\" \/>\n<meta name=\"twitter:label1\" content=\"\u01af\u1edbc t\u00ednh th\u1eddi gian \u0111\u1ecdc\" \/>\n\t<meta name=\"twitter:data1\" content=\"1 ph\u00fat\" \/>\n<script type=\"application\/ld+json\" class=\"yoast-schema-graph\">{\"@context\":\"https:\/\/schema.org\",\"@graph\":[{\"@type\":\"WebPage\",\"@id\":\"https:\/\/mauweb.tamnguyen.vn\/bds29\/san-pham\/cho-thue-can-ho-chung-cu-goldmark-city-full-do-80m2-12tr-1-thang\/\",\"url\":\"https:\/\/mauweb.tamnguyen.vn\/bds29\/san-pham\/cho-thue-can-ho-chung-cu-goldmark-city-full-do-80m2-12tr-1-thang\/\",\"name\":\"cho thu\u00ea c\u0103n h\u1ed9 chung c\u01b0 goldmark city full \u0111\u1ed3, 80m2.12tr\/1 th\u00e1ng - Cho thu\u00ea chung c\u01b0 H\u00e0 N\u1ed9i\",\"isPartOf\":{\"@id\":\"https:\/\/mauweb.tamnguyen.vn\/bds29\/#website\"},\"datePublished\":\"2021-02-18T03:38:03+00:00\",\"dateModified\":\"2021-02-18T07:09:00+00:00\",\"breadcrumb\":{\"@id\":\"https:\/\/mauweb.tamnguyen.vn\/bds29\/san-pham\/cho-thue-can-ho-chung-cu-goldmark-city-full-do-80m2-12tr-1-thang\/#breadcrumb\"},\"inLanguage\":\"vi\",\"potentialAction\":[{\"@type\":\"ReadAction\",\"target\":[\"https:\/\/mauweb.tamnguyen.vn\/bds29\/san-pham\/cho-thue-can-ho-chung-cu-goldmark-city-full-do-80m2-12tr-1-thang\/\"]}]},{\"@type\":\"BreadcrumbList\",\"@id\":\"https:\/\/mauweb.tamnguyen.vn\/bds29\/san-pham\/cho-thue-can-ho-chung-cu-goldmark-city-full-do-80m2-12tr-1-thang\/#breadcrumb\",\"itemListElement\":[{\"@type\":\"ListItem\",\"position\":1,\"name\":\"Trang ch\u1ee7\",\"item\":\"https:\/\/mauweb.tamnguyen.vn\/bds29\/\"},{\"@type\":\"ListItem\",\"position\":2,\"name\":\"C\u1eeda h\u00e0ng\",\"item\":\"https:\/\/mauweb.tamnguyen.vn\/bds29\/cua-hang\/\"},{\"@type\":\"ListItem\",\"position\":3,\"name\":\"cho thu\u00ea c\u0103n h\u1ed9 chung c\u01b0 goldmark city full \u0111\u1ed3, 80m2.12tr\/1 th\u00e1ng\"}]},{\"@type\":\"WebSite\",\"@id\":\"https:\/\/mauweb.tamnguyen.vn\/bds29\/#website\",\"url\":\"https:\/\/mauweb.tamnguyen.vn\/bds29\/\",\"name\":\"Cho thu\u00ea chung c\u01b0 H\u00e0 N\u1ed9i\",\"description\":\"\",\"potentialAction\":[{\"@type\":\"SearchAction\",\"target\":{\"@type\":\"EntryPoint\",\"urlTemplate\":\"https:\/\/mauweb.tamnguyen.vn\/bds29\/?s={search_term_string}\"},\"query-input\":\"required name=search_term_string\"}],\"inLanguage\":\"vi\"}]}<\/script>\n<!-- \/ Yoast SEO plugin. -->","yoast_head_json":{"title":"cho thu\u00ea c\u0103n h\u1ed9 chung c\u01b0 goldmark city full \u0111\u1ed3, 80m2.12tr\/1 th\u00e1ng - Cho thu\u00ea chung c\u01b0 H\u00e0 N\u1ed9i","robots":{"index":"noindex","follow":"follow","max-snippet":"max-snippet:-1","max-image-preview":"max-image-preview:large","max-video-preview":"max-video-preview:-1"},"og_locale":"vi_VN","og_type":"article","og_title":"cho thu\u00ea c\u0103n h\u1ed9 chung c\u01b0 goldmark city full \u0111\u1ed3, 80m2.12tr\/1 th\u00e1ng - Cho thu\u00ea chung c\u01b0 H\u00e0 N\u1ed9i","og_description":"cho thu\u00ea c\u0103n chung c\u01b0 goldmark city 80m2, full \u0111\u1ed3","og_url":"https:\/\/mauweb.tamnguyen.vn\/bds29\/san-pham\/cho-thue-can-ho-chung-cu-goldmark-city-full-do-80m2-12tr-1-thang\/","og_site_name":"Cho thu\u00ea chung c\u01b0 H\u00e0 N\u1ed9i","article_modified_time":"2021-02-18T07:09:00+00:00","og_image":[{"width":960,"height":720,"url":"https:\/\/mauweb.tamnguyen.vn\/bds29\/wp-content\/uploads\/2021\/02\/z2320517856837_f38285c345680a1dd865baf556a49cce.jpg","type":"image\/jpeg"}],"twitter_card":"summary_large_image","twitter_misc":{"\u01af\u1edbc t\u00ednh th\u1eddi gian \u0111\u1ecdc":"1 ph\u00fat"},"schema":{"@context":"https:\/\/schema.org","@graph":[{"@type":"WebPage","@id":"https:\/\/mauweb.tamnguyen.vn\/bds29\/san-pham\/cho-thue-can-ho-chung-cu-goldmark-city-full-do-80m2-12tr-1-thang\/","url":"https:\/\/mauweb.tamnguyen.vn\/bds29\/san-pham\/cho-thue-can-ho-chung-cu-goldmark-city-full-do-80m2-12tr-1-thang\/","name":"cho thu\u00ea c\u0103n h\u1ed9 chung c\u01b0 goldmark city full \u0111\u1ed3, 80m2.12tr\/1 th\u00e1ng - Cho thu\u00ea chung c\u01b0 H\u00e0 N\u1ed9i","isPartOf":{"@id":"https:\/\/mauweb.tamnguyen.vn\/bds29\/#website"},"datePublished":"2021-02-18T03:38:03+00:00","dateModified":"2021-02-18T07:09:00+00:00","breadcrumb":{"@id":"https:\/\/mauweb.tamnguyen.vn\/bds29\/san-pham\/cho-thue-can-ho-chung-cu-goldmark-city-full-do-80m2-12tr-1-thang\/#breadcrumb"},"inLanguage":"vi","potentialAction":[{"@type":"ReadAction","target":["https:\/\/mauweb.tamnguyen.vn\/bds29\/san-pham\/cho-thue-can-ho-chung-cu-goldmark-city-full-do-80m2-12tr-1-thang\/"]}]},{"@type":"BreadcrumbList","@id":"https:\/\/mauweb.tamnguyen.vn\/bds29\/san-pham\/cho-thue-can-ho-chung-cu-goldmark-city-full-do-80m2-12tr-1-thang\/#breadcrumb","itemListElement":[{"@type":"ListItem","position":1,"name":"Trang ch\u1ee7","item":"https:\/\/mauweb.tamnguyen.vn\/bds29\/"},{"@type":"ListItem","position":2,"name":"C\u1eeda h\u00e0ng","item":"https:\/\/mauweb.tamnguyen.vn\/bds29\/cua-hang\/"},{"@type":"ListItem","position":3,"name":"cho thu\u00ea c\u0103n h\u1ed9 chung c\u01b0 goldmark city full \u0111\u1ed3, 80m2.12tr\/1 th\u00e1ng"}]},{"@type":"WebSite","@id":"https:\/\/mauweb.tamnguyen.vn\/bds29\/#website","url":"https:\/\/mauweb.tamnguyen.vn\/bds29\/","name":"Cho thu\u00ea chung c\u01b0 H\u00e0 N\u1ed9i","description":"","potentialAction":[{"@type":"SearchAction","target":{"@type":"EntryPoint","urlTemplate":"https:\/\/mauweb.tamnguyen.vn\/bds29\/?s={search_term_string}"},"query-input":"required name=search_term_string"}],"inLanguage":"vi"}]}},"_links":{"self":[{"href":"https:\/\/mauweb.tamnguyen.vn\/bds29\/wp-json\/wp\/v2\/product\/1844"}],"collection":[{"href":"https:\/\/mauweb.tamnguyen.vn\/bds29\/wp-json\/wp\/v2\/product"}],"about":[{"href":"https:\/\/mauweb.tamnguyen.vn\/bds29\/wp-json\/wp\/v2\/types\/product"}],"replies":[{"embeddable":true,"href":"https:\/\/mauweb.tamnguyen.vn\/bds29\/wp-json\/wp\/v2\/comments?post=1844"}],"wp:featuredmedia":[{"embeddable":true,"href":"https:\/\/mauweb.tamnguyen.vn\/bds29\/wp-json\/wp\/v2\/media\/1850"}],"wp:attachment":[{"href":"https:\/\/mauweb.tamnguyen.vn\/bds29\/wp-json\/wp\/v2\/media?parent=1844"}],"wp:term":[{"taxonomy":"product_cat","embeddable":true,"href":"https:\/\/mauweb.tamnguyen.vn\/bds29\/wp-json\/wp\/v2\/product_cat?post=1844"},{"taxonomy":"product_tag","embeddable":true,"href":"https:\/\/mauweb.tamnguyen.vn\/bds29\/wp-json\/wp\/v2\/product_tag?post=1844"},{"taxonomy":"loai_du_an","embeddable":true,"href":"https:\/\/mauweb.tamnguyen.vn\/bds29\/wp-json\/wp\/v2\/loai_du_an?post=1844"},{"taxonomy":"khoang_gia","embeddable":true,"href":"https:\/\/mauweb.tamnguyen.vn\/bds29\/wp-json\/wp\/v2\/khoang_gia?post=1844"},{"taxonomy":"dien_tich","embeddable":true,"href":"https:\/\/mauweb.tamnguyen.vn\/bds29\/wp-json\/wp\/v2\/dien_tich?post=1844"},{"taxonomy":"phong_ngu","embeddable":true,"href":"https:\/\/mauweb.tamnguyen.vn\/bds29\/wp-json\/wp\/v2\/phong_ngu?post=1844"},{"taxonomy":"location","embeddable":true,"href":"https:\/\/mauweb.tamnguyen.vn\/bds29\/wp-json\/wp\/v2\/location?post=1844"}],"curies":[{"name":"wp","href":"https:\/\/api.w.org\/{rel}","templated":true}]}}