{"id":534,"date":"2018-10-15T03:21:34","date_gmt":"2018-10-15T03:21:34","guid":{"rendered":"http:\/\/bds26.maugiaodien.com\/?page_id=534"},"modified":"2018-10-17T04:14:04","modified_gmt":"2018-10-17T04:14:04","slug":"tien-ich","status":"publish","type":"page","link":"https:\/\/mauweb.tamnguyen.vn\/bds26\/tien-ich\/","title":{"rendered":"Ti\u1ec7n \u00edch"},"content":{"rendered":"\t<section class=\"section\" id=\"section_2095948793\">\n\t\t<div class=\"bg section-bg fill bg-fill  bg-loaded\" >\n\n\t\t\t\n\t\t\t\n\t\t\t\n\n\t\t<\/div>\n\n\t\t<div class=\"section-content relative\">\n\t\t\t\n  <div id=\"page-header-1850287941\" class=\"page-header-wrapper\">\n  <div class=\"page-title dark featured-title\">\n\n        <div class=\"page-title-bg\">\n      <div class=\"title-bg fill bg-fill\"\n        data-parallax-container=\".page-title\"\n        data-parallax-background\n        data-parallax=\"-\">\n      <\/div>\n      <div class=\"title-overlay fill\"><\/div>\n    <\/div>\n    \n    <div class=\"page-title-inner container align-center text-center flex-row-col medium-flex-wrap\" >\n              <div class=\"title-wrapper uppercase is-xxlarge flex-col\">\n          <h1 class=\"entry-title mb-0\">\n            Ti\u1ec7n \u00edch          <\/h1>\n        <\/div>\n                    <div class=\"title-content flex-col\">\n        <div class=\"title-breadcrumbs pb-half pt-half\"><\/div>      <\/div>\n    <\/div>\n\n     \n<style>\n#page-header-1850287941 .page-title-inner {\n  min-height: 300px;\n}\n#page-header-1850287941 .title-bg {\n  background-image: url(https:\/\/mauweb.tamnguyen.vn\/bds26\/wp-content\/uploads\/2018\/10\/bdssaphirablockfa02920-5479.jpg);\n}\n#page-header-1850287941 .title-overlay {\n  background-color: rgba(247, 243, 243, 0.02);\n}\n<\/style>\n  <\/div>\n    <\/div>\n  \n\t\t<\/div>\n\n\t\t\n<style>\n#section_2095948793 {\n  padding-top: 0px;\n  padding-bottom: 0px;\n}\n<\/style>\n\t<\/section>\n\t\n\t<section class=\"section section-tien-ich-con\" id=\"section_930608730\">\n\t\t<div class=\"bg section-bg fill bg-fill  bg-loaded\" >\n\n\t\t\t\n\t\t\t\n\t\t\t\n\n\t\t<\/div>\n\n\t\t<div class=\"section-content relative\">\n\t\t\t\n<div class=\"row\"  id=\"row-1454072295\">\n\n\t<div id=\"col-894587723\" class=\"col small-12 large-12\"  >\n\t\t<div class=\"col-inner\"  >\n\t\t\t\n\t\t\t\n\t<div class=\"img has-hover x md-x lg-x y md-y lg-y\" id=\"image_87544174\">\n\t\t\t\t\t\t\t\t<div class=\"img-inner dark\" >\n\t\t\t<img loading=\"lazy\" decoding=\"async\" width=\"1200\" height=\"920\" src=\"https:\/\/mauweb.tamnguyen.vn\/bds26\/wp-content\/uploads\/2018\/10\/889945487510207-e1539749331595.png\" class=\"attachment-original size-original\" alt=\"\" \/>\t\t\t\t\t\t\n\t\t\t\t\t<\/div>\n\t\t\t\t\t\t\t\t\n<style>\n#image_87544174 {\n  width: 100%;\n}\n<\/style>\n\t<\/div>\n\t\n\t<div class=\"img has-hover x md-x lg-x y md-y lg-y\" id=\"image_1169717804\">\n\t\t\t\t\t\t\t\t<div class=\"img-inner dark\" >\n\t\t\t<img loading=\"lazy\" decoding=\"async\" width=\"3143\" height=\"2117\" src=\"https:\/\/mauweb.tamnguyen.vn\/bds26\/wp-content\/uploads\/2018\/10\/449314329888446.png\" class=\"attachment-original size-original\" alt=\"\" srcset=\"https:\/\/mauweb.tamnguyen.vn\/bds26\/wp-content\/uploads\/2018\/10\/449314329888446.png 3143w, https:\/\/mauweb.tamnguyen.vn\/bds26\/wp-content\/uploads\/2018\/10\/449314329888446-320x216.png 320w, https:\/\/mauweb.tamnguyen.vn\/bds26\/wp-content\/uploads\/2018\/10\/449314329888446-768x517.png 768w, https:\/\/mauweb.tamnguyen.vn\/bds26\/wp-content\/uploads\/2018\/10\/449314329888446-1188x800.png 1188w\" sizes=\"auto, (max-width: 3143px) 100vw, 3143px\" \/>\t\t\t\t\t\t\n\t\t\t\t\t<\/div>\n\t\t\t\t\t\t\t\t\n<style>\n#image_1169717804 {\n  width: 100%;\n}\n<\/style>\n\t<\/div>\n\t\n<div class=\"row row-small\"  id=\"row-1392354806\">\n\n\t<div id=\"col-2105412360\" class=\"col medium-3 small-6 large-3\"  >\n\t\t<div class=\"col-inner\"  >\n\t\t\t\n\t\t\t\n\t<div class=\"box has-hover   has-hover box-text-bottom\" >\n\n\t\t<div class=\"box-image\" >\n\t\t\t\t\t\t<div class=\"\" >\n\t\t\t\t<img loading=\"lazy\" decoding=\"async\" width=\"360\" height=\"220\" src=\"https:\/\/mauweb.tamnguyen.vn\/bds26\/wp-content\/uploads\/2018\/10\/hoboi.jpg\" class=\"attachment- size-\" alt=\"\" srcset=\"https:\/\/mauweb.tamnguyen.vn\/bds26\/wp-content\/uploads\/2018\/10\/hoboi.jpg 360w, https:\/\/mauweb.tamnguyen.vn\/bds26\/wp-content\/uploads\/2018\/10\/hoboi-320x196.jpg 320w\" sizes=\"auto, (max-width: 360px) 100vw, 360px\" \/>\t\t\t\t\t\t\t\t\t\t\t<\/div>\n\t\t\t\t\t<\/div>\n\n\t\t<div class=\"box-text text-center\" >\n\t\t\t<div class=\"box-text-inner\">\n\t\t\t\t\n<h4>H\u1ed2 B\u01a0I TR\u00c0N B\u1edc<\/h4>\n\t\t\t<\/div>\n\t\t<\/div>\n\t<\/div>\n\t\n\t\t<\/div>\n\t\t\t<\/div>\n\n\t\n\n\t<div id=\"col-1144150487\" class=\"col medium-3 small-6 large-3\"  >\n\t\t<div class=\"col-inner\"  >\n\t\t\t\n\t\t\t\n\t<div class=\"box has-hover   has-hover box-text-bottom\" >\n\n\t\t<div class=\"box-image\" >\n\t\t\t\t\t\t<div class=\"\" >\n\t\t\t\t<img loading=\"lazy\" decoding=\"async\" width=\"360\" height=\"220\" src=\"https:\/\/mauweb.tamnguyen.vn\/bds26\/wp-content\/uploads\/2018\/10\/vuichoi.jpg\" class=\"attachment- size-\" alt=\"\" srcset=\"https:\/\/mauweb.tamnguyen.vn\/bds26\/wp-content\/uploads\/2018\/10\/vuichoi.jpg 360w, https:\/\/mauweb.tamnguyen.vn\/bds26\/wp-content\/uploads\/2018\/10\/vuichoi-320x196.jpg 320w\" sizes=\"auto, (max-width: 360px) 100vw, 360px\" \/>\t\t\t\t\t\t\t\t\t\t\t<\/div>\n\t\t\t\t\t<\/div>\n\n\t\t<div class=\"box-text text-center\" >\n\t\t\t<div class=\"box-text-inner\">\n\t\t\t\t\n<h4>KHU VUI CH\u01a0I TR\u1eba EM<\/h4>\n\t\t\t<\/div>\n\t\t<\/div>\n\t<\/div>\n\t\n\t\t<\/div>\n\t\t\t<\/div>\n\n\t\n\n\t<div id=\"col-1089800155\" class=\"col medium-3 small-6 large-3\"  >\n\t\t<div class=\"col-inner\"  >\n\t\t\t\n\t\t\t\n\t<div class=\"box has-hover   has-hover box-text-bottom\" >\n\n\t\t<div class=\"box-image\" >\n\t\t\t\t\t\t<div class=\"\" >\n\t\t\t\t<img loading=\"lazy\" decoding=\"async\" width=\"360\" height=\"220\" src=\"https:\/\/mauweb.tamnguyen.vn\/bds26\/wp-content\/uploads\/2018\/10\/duongnoibo.png\" class=\"attachment- size-\" alt=\"\" srcset=\"https:\/\/mauweb.tamnguyen.vn\/bds26\/wp-content\/uploads\/2018\/10\/duongnoibo.png 360w, https:\/\/mauweb.tamnguyen.vn\/bds26\/wp-content\/uploads\/2018\/10\/duongnoibo-320x196.png 320w\" sizes=\"auto, (max-width: 360px) 100vw, 360px\" \/>\t\t\t\t\t\t\t\t\t\t\t<\/div>\n\t\t\t\t\t<\/div>\n\n\t\t<div class=\"box-text text-center\" >\n\t\t\t<div class=\"box-text-inner\">\n\t\t\t\t\n<h4>\u0110\u01af\u1edcNG N\u1ed8I B\u1ed8 V\u00c0 KHU TRUNG T\u00c2M TH\u01af\u01a0NG M\u1ea0I<\/h4>\n\t\t\t<\/div>\n\t\t<\/div>\n\t<\/div>\n\t\n\t\t<\/div>\n\t\t\t<\/div>\n\n\t\n\n\t<div id=\"col-1959785669\" class=\"col medium-3 small-6 large-3\"  >\n\t\t<div class=\"col-inner\"  >\n\t\t\t\n\t\t\t\n\t<div class=\"box has-hover   has-hover box-text-bottom\" >\n\n\t\t<div class=\"box-image\" >\n\t\t\t\t\t\t<div class=\"\" >\n\t\t\t\t<img loading=\"lazy\" decoding=\"async\" width=\"360\" height=\"220\" src=\"https:\/\/mauweb.tamnguyen.vn\/bds26\/wp-content\/uploads\/2018\/10\/tamnang.png\" class=\"attachment- size-\" alt=\"\" srcset=\"https:\/\/mauweb.tamnguyen.vn\/bds26\/wp-content\/uploads\/2018\/10\/tamnang.png 360w, https:\/\/mauweb.tamnguyen.vn\/bds26\/wp-content\/uploads\/2018\/10\/tamnang-320x196.png 320w\" sizes=\"auto, (max-width: 360px) 100vw, 360px\" \/>\t\t\t\t\t\t\t\t\t\t\t<\/div>\n\t\t\t\t\t<\/div>\n\n\t\t<div class=\"box-text text-center\" >\n\t\t\t<div class=\"box-text-inner\">\n\t\t\t\t\n<h4>KHU T\u1eaeM N\u1eaeNG V\u00c0 H\u1ed2 B\u01a0I<\/h4>\n\t\t\t<\/div>\n\t\t<\/div>\n\t<\/div>\n\t\n\t\t<\/div>\n\t\t\t<\/div>\n\n\t\n\n\t<div id=\"col-728018803\" class=\"col medium-3 small-6 large-3\"  >\n\t\t<div class=\"col-inner\"  >\n\t\t\t\n\t\t\t\n\t<div class=\"box has-hover   has-hover box-text-bottom\" >\n\n\t\t<div class=\"box-image\" >\n\t\t\t\t\t\t<div class=\"\" >\n\t\t\t\t<img loading=\"lazy\" decoding=\"async\" width=\"360\" height=\"220\" src=\"https:\/\/mauweb.tamnguyen.vn\/bds26\/wp-content\/uploads\/2018\/10\/cv.png\" class=\"attachment- size-\" alt=\"\" srcset=\"https:\/\/mauweb.tamnguyen.vn\/bds26\/wp-content\/uploads\/2018\/10\/cv.png 360w, https:\/\/mauweb.tamnguyen.vn\/bds26\/wp-content\/uploads\/2018\/10\/cv-320x196.png 320w\" sizes=\"auto, (max-width: 360px) 100vw, 360px\" \/>\t\t\t\t\t\t\t\t\t\t\t<\/div>\n\t\t\t\t\t<\/div>\n\n\t\t<div class=\"box-text text-center\" >\n\t\t\t<div class=\"box-text-inner\">\n\t\t\t\t\n<h4>C\u00d4NG VI\u00caN VEN S\u00d4NG<\/h4>\n\t\t\t<\/div>\n\t\t<\/div>\n\t<\/div>\n\t\n\t\t<\/div>\n\t\t\t<\/div>\n\n\t\n\n\t<div id=\"col-1229570142\" class=\"col medium-3 small-6 large-3\"  >\n\t\t<div class=\"col-inner\"  >\n\t\t\t\n\t\t\t\n\t<div class=\"box has-hover   has-hover box-text-bottom\" >\n\n\t\t<div class=\"box-image\" >\n\t\t\t\t\t\t<div class=\"\" >\n\t\t\t\t<img loading=\"lazy\" decoding=\"async\" width=\"360\" height=\"220\" src=\"https:\/\/mauweb.tamnguyen.vn\/bds26\/wp-content\/uploads\/2018\/10\/dv.png\" class=\"attachment- size-\" alt=\"\" srcset=\"https:\/\/mauweb.tamnguyen.vn\/bds26\/wp-content\/uploads\/2018\/10\/dv.png 360w, https:\/\/mauweb.tamnguyen.vn\/bds26\/wp-content\/uploads\/2018\/10\/dv-320x196.png 320w\" sizes=\"auto, (max-width: 360px) 100vw, 360px\" \/>\t\t\t\t\t\t\t\t\t\t\t<\/div>\n\t\t\t\t\t<\/div>\n\n\t\t<div class=\"box-text text-center\" >\n\t\t\t<div class=\"box-text-inner\">\n\t\t\t\t\n<h4>KHU TRUNG T\u00c2M D\u1ecaCH V\u1ee4 TH\u01af\u01a0NG M\u1ea0I<\/h4>\n\t\t\t<\/div>\n\t\t<\/div>\n\t<\/div>\n\t\n\t\t<\/div>\n\t\t\t<\/div>\n\n\t\n<\/div>\n\t\t<\/div>\n\t\t\t<\/div>\n\n\t\n<\/div>\n\t\t<\/div>\n\n\t\t\n<style>\n#section_930608730 {\n  padding-top: 30px;\n  padding-bottom: 30px;\n}\n<\/style>\n\t<\/section>\n\t\n","protected":false},"excerpt":{"rendered":"","protected":false},"author":1,"featured_media":0,"parent":0,"menu_order":0,"comment_status":"closed","ping_status":"closed","template":"page-blank.php","meta":{"footnotes":""},"class_list":["post-534","page","type-page","status-publish","hentry"],"_links":{"self":[{"href":"https:\/\/mauweb.tamnguyen.vn\/bds26\/wp-json\/wp\/v2\/pages\/534","targetHints":{"allow":["GET"]}}],"collection":[{"href":"https:\/\/mauweb.tamnguyen.vn\/bds26\/wp-json\/wp\/v2\/pages"}],"about":[{"href":"https:\/\/mauweb.tamnguyen.vn\/bds26\/wp-json\/wp\/v2\/types\/page"}],"author":[{"embeddable":true,"href":"https:\/\/mauweb.tamnguyen.vn\/bds26\/wp-json\/wp\/v2\/users\/1"}],"replies":[{"embeddable":true,"href":"https:\/\/mauweb.tamnguyen.vn\/bds26\/wp-json\/wp\/v2\/comments?post=534"}],"version-history":[{"count":3,"href":"https:\/\/mauweb.tamnguyen.vn\/bds26\/wp-json\/wp\/v2\/pages\/534\/revisions"}],"predecessor-version":[{"id":638,"href":"https:\/\/mauweb.tamnguyen.vn\/bds26\/wp-json\/wp\/v2\/pages\/534\/revisions\/638"}],"wp:attachment":[{"href":"https:\/\/mauweb.tamnguyen.vn\/bds26\/wp-json\/wp\/v2\/media?parent=534"}],"curies":[{"name":"wp","href":"https:\/\/api.w.org\/{rel}","templated":true}]}}