{"id":33,"date":"2019-07-29T09:04:22","date_gmt":"2019-07-29T02:04:22","guid":{"rendered":"http:\/\/bds20.maugiaodien.com\/?page_id=33"},"modified":"2019-07-29T15:13:26","modified_gmt":"2019-07-29T08:13:26","slug":"lien-he","status":"publish","type":"page","link":"https:\/\/mauweb.tamnguyen.vn\/bds20\/lien-he\/","title":{"rendered":"Li\u00ean h\u1ec7"},"content":{"rendered":"\t<section class=\"section\" id=\"section_800643416\">\n\t\t<div class=\"bg section-bg fill bg-fill  bg-loaded\" >\n\n\t\t\t\n\t\t\t\n\t\t\t\n\n\t\t<\/div>\n\n\t\t<div class=\"section-content relative\">\n\t\t\t\n<div class=\"row\"  id=\"row-805960535\">\n\n\t<div id=\"col-1474806652\" class=\"col small-12 large-12\"  >\n\t\t\t\t<div class=\"col-inner\"  >\n\t\t\t\n\t\t\t\n<div class=\"container section-title-container\" ><h2 class=\"section-title section-title-center\"><b><\/b><span class=\"section-title-main\" style=\"color:rgb(184, 0, 0);\">LI\u00caN H\u1ec6 NGAY V\u1edaI CH\u00daNG T\u00d4I \u0110\u1ec2 \u0110\u01af\u1ee2C T\u01af V\u1ea4N V\u00c0 H\u1ed6 TR\u1ee2 T\u1ed0T NH\u1ea4T<\/span><b><\/b><\/h2><\/div>\n\t\t<\/div>\n\t\t\t\t\t<\/div>\n\n\t\n\n\t<div id=\"col-393801320\" class=\"col medium-5 small-12 large-5\"  >\n\t\t\t\t<div class=\"col-inner\"  >\n\t\t\t\n\t\t\t\n<div role=\"form\" class=\"wpcf7\" id=\"wpcf7-f348-o1\" lang=\"vi\" dir=\"ltr\">\n<div class=\"screen-reader-response\"><p role=\"status\" aria-live=\"polite\" aria-atomic=\"true\"><\/p> <ul><\/ul><\/div>\n<form action=\"\/bds20\/wp-json\/wp\/v2\/pages\/33#wpcf7-f348-o1\" method=\"post\" class=\"wpcf7-form init\" novalidate=\"novalidate\" data-status=\"init\">\n<div style=\"display: none;\">\n<input type=\"hidden\" name=\"_wpcf7\" value=\"348\" \/>\n<input type=\"hidden\" name=\"_wpcf7_version\" value=\"5.4.2\" \/>\n<input type=\"hidden\" name=\"_wpcf7_locale\" value=\"vi\" \/>\n<input type=\"hidden\" name=\"_wpcf7_unit_tag\" value=\"wpcf7-f348-o1\" \/>\n<input type=\"hidden\" name=\"_wpcf7_container_post\" value=\"0\" \/>\n<input type=\"hidden\" name=\"_wpcf7_posted_data_hash\" value=\"\" \/>\n<\/div>\n<p><span class=\"wpcf7-form-control-wrap text-546\"><input type=\"text\" name=\"text-546\" value=\"\" size=\"40\" class=\"wpcf7-form-control wpcf7-text wpcf7-validates-as-required\" aria-required=\"true\" aria-invalid=\"false\" placeholder=\"T\u00ean c\u1ee7a b\u1ea1n...\" \/><\/span><br \/>\n<span class=\"wpcf7-form-control-wrap tel-853\"><input type=\"tel\" name=\"tel-853\" value=\"\" size=\"40\" class=\"wpcf7-form-control wpcf7-text wpcf7-tel wpcf7-validates-as-required wpcf7-validates-as-tel\" aria-required=\"true\" aria-invalid=\"false\" placeholder=\"S\u1ed1 \u0111i\u1ec7n tho\u1ea1i...\" \/><\/span><br \/>\n<span class=\"wpcf7-form-control-wrap email-611\"><input type=\"email\" name=\"email-611\" value=\"\" size=\"40\" class=\"wpcf7-form-control wpcf7-text wpcf7-email wpcf7-validates-as-email\" aria-invalid=\"false\" placeholder=\"\u0110\u1ecba ch\u1ec9 email...\" \/><\/span><br \/>\n<span class=\"wpcf7-form-control-wrap textarea-364\"><textarea name=\"textarea-364\" cols=\"40\" rows=\"10\" class=\"wpcf7-form-control wpcf7-textarea\" aria-invalid=\"false\" placeholder=\"N\u1ed9i dung...\"><\/textarea><\/span><br \/>\n<input type=\"submit\" value=\"G\u1eedi li\u00ean h\u1ec7\" class=\"wpcf7-form-control wpcf7-submit\" \/><\/p>\n<div class=\"wpcf7-response-output\" aria-hidden=\"true\"><\/div><\/form><\/div>\n<p><em><span style=\"font-size: 80%; color: #ff6600;\">* \u0110\u00f4ng T\u00e2y Land t\u00f4n tr\u1ecdng quy\u1ec1n ri\u00eang t\u01b0 c\u1ee7a kh\u00e1ch h\u00e0ng, ch\u00fang t\u00f4i KH\u00d4NG l\u01b0u tr\u1eef ho\u1eb7c chia s\u1ebb d\u1eef li\u1ec7u c\u1ee7a b\u1ea1n cho b\u1ea5t k\u00ec m\u1ee5c \u0111\u00edch n\u00e0o kh\u00e1c<\/span><\/em><\/p>\n\t\t<\/div>\n\t\t\t\t\t<\/div>\n\n\t\n\n\t<div id=\"col-1853009362\" class=\"col medium-7 small-12 large-7\"  >\n\t\t\t\t<div class=\"col-inner\"  >\n\t\t\t\n\t\t\t\n<ul>\n<li><b>Email:<\/b> info@dongtayland.vn<\/li>\n<li><b>Website:<\/b> www.dongtayland.vn<\/li>\n<li><strong>Web:<\/strong> https:\/\/sites.google.com\/view\/dongtaylandbds\/lien-he<\/li>\n<li><b>Hotline: <\/b><span style=\"color: #333333; font-size: 14.4px;\">0977 48 7777 (Kinh doanh)\/ <\/span><span style=\"color: #333333; font-size: 14.4px;\">093 112 99 88 (Tuy\u1ec3n d\u1ee5ng)<\/span><\/li>\n<\/ul>\n<p><b>Tr\u1ee5 S\u1edf:<\/b>\u00a0S\u1ed1 5 H\u00e0m Nghi, P. Nguy\u1ec5n Th\u00e1i B\u00ecnh, Qu\u1eadn 1, TP.HCM<br \/><b>Chi nh\u00e1nh:<\/b><\/p>\n<ul>\n<li>S\u1ed1 166, Tr\u1ea7n N\u00e3o, P B\u00ecnh An, Qu\u1eadn 2, TP. HCM<\/li>\n<li>136A Tr\u1ea7n H\u01b0ng \u0110\u1ea1o, th\u1ecb tr\u1ea5n D\u01b0\u01a1ng \u0110\u00f4ng, huy\u1ec7n Ph\u00fa Qu\u1ed1c, t\u1ec9nh Ki\u00ean Giang<\/li>\n<\/ul>\n<p><b>VP H\u00e0 N\u1ed9i:<\/b>\u00a0T\u1ea7ng 29, T\u00f2a \u0110\u00f4ng, TT. Lotte 54 Li\u1ec5u Giai, P. C\u1ed1ng V\u1ecb, Q. Ba \u0110\u00ecnh, TP.H\u00e0 N\u1ed9i<\/p>\n\t\t<\/div>\n\t\t\t\t\t<\/div>\n\n\t\n\n\t<div id=\"col-1276340632\" class=\"col small-12 large-12\"  >\n\t\t\t\t<div class=\"col-inner\"  >\n\t\t\t\n\t\t\t\n<p><iframe loading=\"lazy\" src=\"https:\/\/www.google.com\/maps\/embed?pb=!1m18!1m12!1m3!1d29927.394454525132!2d105.87279785079525!3d20.34474542785178!2m3!1f0!2f0!3f0!3m2!1i1024!2i768!4f13.1!3m3!1m2!1s0x313678a5221faa99%3A0xb53eb1eccaf57799!2zR2lhIEzhuq1wLCBHaWEgVmnhu4VuIERpc3RyaWN0LCBOaW5oIELDrG5oIFByb3ZpbmNlLCBWaWV0bmFt!5e0!3m2!1sen!2s!4v1564387980307!5m2!1sen!2s\" width=\"100%\" height=\"250\" frameborder=\"0\" style=\"border:0\" allowfullscreen><\/iframe><\/p>\n\t\t<\/div>\n\t\t\t\t\t<\/div>\n\n\t\n<\/div>\n\t\t<\/div>\n\n\t\t\n<style>\n#section_800643416 {\n  padding-top: 30px;\n  padding-bottom: 30px;\n}\n<\/style>\n\t<\/section>\n\t\n","protected":false},"excerpt":{"rendered":"","protected":false},"author":2,"featured_media":25,"parent":0,"menu_order":0,"comment_status":"closed","ping_status":"closed","template":"page-blank-featured.php","meta":{"footnotes":""},"class_list":["post-33","page","type-page","status-publish","has-post-thumbnail","hentry"],"_links":{"self":[{"href":"https:\/\/mauweb.tamnguyen.vn\/bds20\/wp-json\/wp\/v2\/pages\/33"}],"collection":[{"href":"https:\/\/mauweb.tamnguyen.vn\/bds20\/wp-json\/wp\/v2\/pages"}],"about":[{"href":"https:\/\/mauweb.tamnguyen.vn\/bds20\/wp-json\/wp\/v2\/types\/page"}],"author":[{"embeddable":true,"href":"https:\/\/mauweb.tamnguyen.vn\/bds20\/wp-json\/wp\/v2\/users\/2"}],"replies":[{"embeddable":true,"href":"https:\/\/mauweb.tamnguyen.vn\/bds20\/wp-json\/wp\/v2\/comments?post=33"}],"version-history":[{"count":0,"href":"https:\/\/mauweb.tamnguyen.vn\/bds20\/wp-json\/wp\/v2\/pages\/33\/revisions"}],"wp:featuredmedia":[{"embeddable":true,"href":"https:\/\/mauweb.tamnguyen.vn\/bds20\/wp-json\/wp\/v2\/media\/25"}],"wp:attachment":[{"href":"https:\/\/mauweb.tamnguyen.vn\/bds20\/wp-json\/wp\/v2\/media?parent=33"}],"curies":[{"name":"wp","href":"https:\/\/api.w.org\/{rel}","templated":true}]}}