{"id":391,"date":"2020-02-18T01:39:04","date_gmt":"2020-02-18T01:39:04","guid":{"rendered":"http:\/\/bds18.maugiaodien.com\/?post_type=product&#038;p=391"},"modified":"2020-02-18T01:40:22","modified_gmt":"2020-02-18T01:40:22","slug":"biet-thu-ha-do-charm-villas","status":"publish","type":"product","link":"https:\/\/mauweb.tamnguyen.vn\/bds18\/biet-thu-ha-do-charm-villas\/","title":{"rendered":"Bi\u1ec7t th\u1ef1 H\u00e0 \u0110\u00f4 Charm Villas"},"content":{"rendered":"<p><strong>T\u00ean d\u1ef1 \u00e1n:<\/strong>\u00a0Hado Charm Villas<br \/>\n<strong>Ch\u1ee7 \u0111\u1ea7u t\u01b0<\/strong>: C\u00f4ng ty c\u1ed5 ph\u1ea7n t\u1eadp \u0111o\u00e0n H\u00e0 \u0110\u00f4<br \/>\n<strong>Quy m\u00f4 d\u1ef1 \u00e1n:<\/strong>\u00a030 ha<br \/>\n<strong>M\u1eadt \u0111\u1ed9 x\u00e2y d\u1ef1ng:<\/strong>\u00a018,1 %<br \/>\n<strong>V\u1ecb tr\u00ed d\u1ef1 \u00e1n<\/strong>: Km 11 \u0110\u1ea1i L\u1ed9 Th\u0103ng Long, An Kh\u00e1nh, Ho\u00e0i \u0110\u1ee9c, TP H\u00e0 N\u1ed9i.<br \/>\n<strong>S\u1ea3n ph\u1ea9m:<\/strong>\u00a0Bi\u1ec7t th\u1ef1 \u0111\u01a1n l\u1eadp, bi\u1ec7t th\u1ef1 song l\u1eadp, Shophouse, nh\u00e0 ph\u1ed1 li\u1ec1n k\u1ec1.<br \/>\n<strong>Ti\u1ec7n \u00edch d\u1ef1 \u00e1n:<\/strong>\u00a0H\u1ec7 th\u1ed1ng tr\u01b0\u1eddng li\u00ean c\u1ea5p, c\u00f4ng vi\u00ean, qu\u1ea3ng tr\u01b0\u1eddng, v\u01b0\u1eddn hoa, S\u00e2n c\u1ea7u l\u00f4ng, tennis, b\u00f3ng r\u1ed5, Gym, spa, b\u1ec3 b\u01a1i; Trung t\u00e2m ch\u0103m s\u00f3c s\u1ee9c kh\u1ecfe, S\u00e2n ch\u01a1i tr\u1ebb em, An ninh 24\/24.<br \/>\n<strong>Ho\u00e0n thi\u1ec7n:<\/strong>\u00a0Nh\u00e0 x\u00e2y th\u00f4 ho\u00e0n thi\u1ec7n m\u1eb7t ngo\u00e0i.<br \/>\n<strong>B\u00e0n giao<\/strong>: D\u1ef1 ki\u1ebfn Qu\u00fd IV\/2020<br \/>\n<strong>H\u00ecnh th\u1ee9c s\u1edf h\u1eefu:<\/strong>\u00a0L\u00e2u d\u00e0i<\/p>\n<p>&nbsp;<\/p>\n<p>&nbsp;<\/p>\n<p>&nbsp;<\/p>\n<p>&nbsp;<\/p>\n","protected":false},"excerpt":{"rendered":"<p>T\u00ean d\u1ef1 \u00e1n:\u00a0Hado Charm Villas Ch\u1ee7 \u0111\u1ea7u t\u01b0: C\u00f4ng ty c\u1ed5 ph\u1ea7n t\u1eadp \u0111o\u00e0n H\u00e0 \u0110\u00f4 Quy m\u00f4 d\u1ef1 \u00e1n:\u00a030 ha M\u1eadt \u0111\u1ed9 x\u00e2y d\u1ef1ng:\u00a018,1 % V\u1ecb tr\u00ed d\u1ef1 \u00e1n: Km 11 \u0110\u1ea1i L\u1ed9 Th\u0103ng Long, An Kh\u00e1nh, Ho\u00e0i \u0110\u1ee9c, TP H\u00e0 N\u1ed9i. S\u1ea3n ph\u1ea9m:\u00a0Bi\u1ec7t th\u1ef1 \u0111\u01a1n l\u1eadp, bi\u1ec7t th\u1ef1 song l\u1eadp, Shophouse, nh\u00e0 ph\u1ed1&#8230;<\/p>\n","protected":false},"featured_media":393,"comment_status":"open","ping_status":"closed","template":"","meta":[],"product_cat":[24],"product_tag":[],"class_list":["post-391","product","type-product","status-publish","has-post-thumbnail","hentry","product_cat-can-ho-biet-thu"],"_links":{"self":[{"href":"https:\/\/mauweb.tamnguyen.vn\/bds18\/wp-json\/wp\/v2\/product\/391"}],"collection":[{"href":"https:\/\/mauweb.tamnguyen.vn\/bds18\/wp-json\/wp\/v2\/product"}],"about":[{"href":"https:\/\/mauweb.tamnguyen.vn\/bds18\/wp-json\/wp\/v2\/types\/product"}],"replies":[{"embeddable":true,"href":"https:\/\/mauweb.tamnguyen.vn\/bds18\/wp-json\/wp\/v2\/comments?post=391"}],"wp:featuredmedia":[{"embeddable":true,"href":"https:\/\/mauweb.tamnguyen.vn\/bds18\/wp-json\/wp\/v2\/media\/393"}],"wp:attachment":[{"href":"https:\/\/mauweb.tamnguyen.vn\/bds18\/wp-json\/wp\/v2\/media?parent=391"}],"wp:term":[{"taxonomy":"product_cat","embeddable":true,"href":"https:\/\/mauweb.tamnguyen.vn\/bds18\/wp-json\/wp\/v2\/product_cat?post=391"},{"taxonomy":"product_tag","embeddable":true,"href":"https:\/\/mauweb.tamnguyen.vn\/bds18\/wp-json\/wp\/v2\/product_tag?post=391"}],"curies":[{"name":"wp","href":"https:\/\/api.w.org\/{rel}","templated":true}]}}