{"id":347,"date":"2020-02-17T06:49:26","date_gmt":"2020-02-17T06:49:26","guid":{"rendered":"http:\/\/bds18.maugiaodien.com\/?post_type=product&#038;p=347"},"modified":"2020-02-18T01:41:25","modified_gmt":"2020-02-18T01:41:25","slug":"chung-cu-goldmark-city","status":"publish","type":"product","link":"https:\/\/mauweb.tamnguyen.vn\/bds18\/chung-cu-goldmark-city\/","title":{"rendered":"Chung c\u01b0 Goldmark City"},"content":{"rendered":"<h4><b>TH\u00d4NG TIN D\u1ef0 \u00c1N\u00a0GOLDMARK CITY<\/b><\/h4>\n<h4><b>H\u1ea2I PH\u00c1T LAND\u00a0\u0110\u1ed8C QUY\u1ec0N PH\u00c2N PH\u1ed0I T\u00d2A S3, S4<\/b><\/h4>\n<p><strong>\u272f Ch\u1ee7 \u0111\u1ea7u t\u01b0:<\/strong>\u00a0C\u00f4ng ty CP Th\u01b0\u01a1ng M\u1ea1i \u2013 Qu\u1ea3ng C\u00e1o \u2013 X\u00e2y D\u1ef1ng \u2013 \u0110\u1ecba \u1ed0c VI\u1ec6T H\u00c2N<\/p>\n<p><strong>\u272f \u0110\u01a1n v\u1ecb kinh doanh:\u00a0<\/strong>H\u1ea3i Ph\u00e1t Land<\/p>\n<p><strong>\u272f T\u1ed5ng di\u1ec7n t\u00edch:<\/strong>\u00a0~12Ha<\/p>\n<p><strong>\u272f T\u1ed5ng c\u0103n h\u1ed9:<\/strong>\u00a0~ 5000 c\u0103n h\u1ed9<\/p>\n<p><strong>\u272f M\u1eadt \u0111\u1ed9 x\u00e2y d\u1ef1ng:<\/strong>\u00a023% \u2013 9 T\u00f2a cao 40 t\u1ea7ng, 2 H\u1ea7m<\/p>\n<p><strong>\u272f Phong c\u00e1ch ki\u1ebfn tr\u00fac:<\/strong>\u00a0Phong c\u00e1ch Singapore<\/p>\n<p><strong>\u272f T\u1ed5ng th\u1ea7u thi c\u00f4ng:<\/strong>\u00a0DELTA &amp; Coteccons<\/p>\n<p><strong>\u272f\u00a0B\u00e0n giao s\u1ed5 \u0111\u1ecf:<\/strong>\u00a0Sau\u00a050 ng\u00e0y\u00a0t\u1eeb ng\u00e0y nh\u1eadn nh\u00e0<\/p>\n<h3>9 L\u00dd DO KH\u00c1CH H\u00c0NG CH\u1eccN GOLDMARK CITY<\/h3>\n<ol>\n<li><strong>V\u1ecb tr\u00ed v\u00e0ng \u0111\u1eafc \u0111\u1ecba:<\/strong>\u00a0\u0110\u01b0\u1ee3c s\u1ed1ng t\u1ea1i v\u1ecb tr\u00ed \u0111\u1eafc \u0111\u1ecba ch\u1ec9 c\u00e1ch h\u1ed3 Ho\u00e0n Ki\u1ebfm v\u1edbi 12 Ph\u00fat di chuy\u1ec3n<\/li>\n<li><strong>Hi\u1ec7n \u0111\u1ea1i \u2013 Ti\u1ec7n nghi:<\/strong>\u00a0S\u1ed1ng hi\u1ec7n \u0111\u1ea1i, ti\u1ec7n nghi c\u00f9ng 54+ ti\u1ec7n \u00edch \u0111\u1eb3ng c\u1ea5p<\/li>\n<li><strong>Gi\u00e1 c\u1ea3 h\u1ee3p l\u00fd:<\/strong>\u00a0C\u01a1 h\u1ed9i s\u1edf h\u1eefu s\u1ea3n ph\u1ea9m ch\u1ea5t l\u01b0\u1ee3ng v\u1edbi gi\u00e1 c\u1ea3 h\u1ee3p l\u00fd<\/li>\n<li><strong>Qu\u1ea7n th\u1ec3 sinh th\u00e1i:<\/strong>\u00a0\u0110\u01b0\u1ee3c s\u1ed1ng gi\u1eefa qu\u1ea7n th\u1ec3 sinh th\u00e1i tho\u00e1ng \u0111\u1ea1t v\u1ec1 kh\u00f4ng gian<\/li>\n<li><strong>N\u01a1i tr\u00ed tu\u1ec7 t\u1ecfa s\u00e1ng:<\/strong>\u00a0N\u01a1i tr\u00ed tu\u1ec7 \u0111\u01b0\u1ee3c t\u1ecfa s\u00e1ng v\u1edbi 10 tr\u01b0\u1eddng h\u1ecdc Li\u00ean c\u1ea5p trong n\u01b0\u1edbc v\u00e0 qu\u1ed1c t\u1ebf<\/li>\n<li><strong>Ch\u00ednh s\u00e1ch \u01b0u \u0111\u00e3i:<\/strong>\u00a0H\u1ed7 tr\u1ee3 0% l\u00e3i su\u1ea5t \u0111\u1ebfn 24 th\u00e1ng. Thanh to\u00e1n 50% nh\u1eadn nh\u00e0<\/li>\n<li><strong>B\u00e0n giao nh\u00e0:<\/strong>\u00a0S\u1ed5 h\u1ed3ng c\u0103n h\u1ed9 v\u00e0 khu \u0111\u1ea5t, ch\u1ee7 \u0111\u1ea7u t\u01b0 b\u00e0n giao nh\u00e0 v\u00e0o \u1edf ngay.<\/li>\n<li><strong>H\u1ec7 th\u1ed1ng an ninh 24\/24:<\/strong>\u00a0H\u1ec7 th\u1ed1ng an ninh 3 l\u1edbp lu\u00f4n lu\u00f4n \u0111\u1ea3m b\u1ea3o s\u1ef1 an to\u00e0n v\u00e0 ri\u00eang t\u01b0 cho c\u01b0 d\u00e2n t\u1ea1i Goldmark City<\/li>\n<li><strong>C\u00e1c \u0111\u01a1n v\u1ecb h\u00e0ng \u0111\u1ea7u:<\/strong>\u00a0\u0110\u01a1n v\u1ecb qu\u1ea3n l\u00fd: Savills; \u0110\u01a1n v\u1ecb thi c\u00f4ng: Delta &amp; Contecons,..<\/li>\n<\/ol>\n<p>&nbsp;<\/p>\n","protected":false},"excerpt":{"rendered":"<p>TH\u00d4NG TIN D\u1ef0 \u00c1N\u00a0GOLDMARK CITY H\u1ea2I PH\u00c1T LAND\u00a0\u0110\u1ed8C QUY\u1ec0N PH\u00c2N PH\u1ed0I T\u00d2A S3, S4 \u272f Ch\u1ee7 \u0111\u1ea7u t\u01b0:\u00a0C\u00f4ng ty CP Th\u01b0\u01a1ng M\u1ea1i \u2013 Qu\u1ea3ng C\u00e1o \u2013 X\u00e2y D\u1ef1ng \u2013 \u0110\u1ecba \u1ed0c VI\u1ec6T H\u00c2N \u272f \u0110\u01a1n v\u1ecb kinh doanh:\u00a0H\u1ea3i Ph\u00e1t Land \u272f T\u1ed5ng di\u1ec7n t\u00edch:\u00a0~12Ha \u272f T\u1ed5ng c\u0103n h\u1ed9:\u00a0~ 5000 c\u0103n h\u1ed9 \u272f M\u1eadt \u0111\u1ed9 x\u00e2y&#8230;<\/p>\n","protected":false},"featured_media":359,"comment_status":"open","ping_status":"closed","template":"","meta":[],"product_cat":[24],"product_tag":[],"class_list":["post-347","product","type-product","status-publish","has-post-thumbnail","hentry","product_cat-can-ho-biet-thu"],"_links":{"self":[{"href":"https:\/\/mauweb.tamnguyen.vn\/bds18\/wp-json\/wp\/v2\/product\/347"}],"collection":[{"href":"https:\/\/mauweb.tamnguyen.vn\/bds18\/wp-json\/wp\/v2\/product"}],"about":[{"href":"https:\/\/mauweb.tamnguyen.vn\/bds18\/wp-json\/wp\/v2\/types\/product"}],"replies":[{"embeddable":true,"href":"https:\/\/mauweb.tamnguyen.vn\/bds18\/wp-json\/wp\/v2\/comments?post=347"}],"wp:featuredmedia":[{"embeddable":true,"href":"https:\/\/mauweb.tamnguyen.vn\/bds18\/wp-json\/wp\/v2\/media\/359"}],"wp:attachment":[{"href":"https:\/\/mauweb.tamnguyen.vn\/bds18\/wp-json\/wp\/v2\/media?parent=347"}],"wp:term":[{"taxonomy":"product_cat","embeddable":true,"href":"https:\/\/mauweb.tamnguyen.vn\/bds18\/wp-json\/wp\/v2\/product_cat?post=347"},{"taxonomy":"product_tag","embeddable":true,"href":"https:\/\/mauweb.tamnguyen.vn\/bds18\/wp-json\/wp\/v2\/product_tag?post=347"}],"curies":[{"name":"wp","href":"https:\/\/api.w.org\/{rel}","templated":true}]}}